{"id":830,"date":"2024-07-05T14:40:58","date_gmt":"2024-07-05T12:40:58","guid":{"rendered":"https:\/\/blog.u-bourgogne.fr\/seriousgamesolutre\/?page_id=830"},"modified":"2024-07-31T16:30:58","modified_gmt":"2024-07-31T14:30:58","slug":"le-territoire","status":"publish","type":"page","link":"https:\/\/blog.ube.fr\/seriousgamesolutre\/le-territoire\/","title":{"rendered":"Le territoire"},"content":{"rendered":"<p><img loading=\"lazy\" decoding=\"async\" class=\"aligncenter size-large wp-image-323\" src=\"https:\/\/blog.ube.fr\/seriousgamesolutre\/wp-content\/uploads\/sites\/203\/2024\/05\/3-re-1024x683.jpg\" alt=\"\" width=\"752\" height=\"502\" srcset=\"https:\/\/blog.ube.fr\/seriousgamesolutre\/wp-content\/uploads\/sites\/203\/2024\/05\/3-re-1024x683.jpg 1024w, https:\/\/blog.ube.fr\/seriousgamesolutre\/wp-content\/uploads\/sites\/203\/2024\/05\/3-re-300x200.jpg 300w, https:\/\/blog.ube.fr\/seriousgamesolutre\/wp-content\/uploads\/sites\/203\/2024\/05\/3-re-768x512.jpg 768w, https:\/\/blog.ube.fr\/seriousgamesolutre\/wp-content\/uploads\/sites\/203\/2024\/05\/3-re-1536x1024.jpg 1536w\" sizes=\"auto, (max-width: 752px) 100vw, 752px\" \/><\/p>\n<p style=\"text-align: left;\"><span id=\"page48R_mcid1\" class=\"markedContent\"><span dir=\"ltr\" role=\"presentation\">Le jeu<\/span> <span dir=\"ltr\" role=\"presentation\">S<\/span><span dir=\"ltr\" role=\"presentation\">OLUTR<\/span><span dir=\"ltr\" role=\"presentation\">\u00c9<\/span> <span dir=\"ltr\" role=\"presentation\">est adoss\u00e9 \u00e0 un<\/span> <span dir=\"ltr\" role=\"presentation\">\u00ab<\/span> <span dir=\"ltr\" role=\"presentation\">vrai<\/span> <span dir=\"ltr\" role=\"presentation\">\u00bb territoire<\/span> <span dir=\"ltr\" role=\"presentation\">: r\u00e9aliste, il s\u2019inspire directement du fonctionnement<\/span> <span dir=\"ltr\" role=\"presentation\">du territoire du Grand Site de France Solutr\u00e9<\/span> <span dir=\"ltr\" role=\"presentation\">Pouilly<\/span> <span dir=\"ltr\" role=\"presentation\">Vergisson<\/span><span dir=\"ltr\" role=\"presentation\">, dit \u00ab<\/span> <span dir=\"ltr\" role=\"presentation\">territoire des Roches<\/span> <span dir=\"ltr\" role=\"presentation\">\u00bb<\/span><span dir=\"ltr\" role=\"presentation\">. Mais il en <\/span><span dir=\"ltr\" role=\"presentation\">constitue une mod\u00e9lisation et une extrapolation ludique<\/span> <span dir=\"ltr\" role=\"presentation\">: il<\/span> <span dir=\"ltr\" role=\"presentation\">ne repr\u00e9sente<\/span> <span dir=\"ltr\" role=\"presentation\">donc pas totalement la<\/span> <span dir=\"ltr\" role=\"presentation\">r\u00e9alit\u00e9 de ce territoire.<\/span><\/span><\/p>\n<p>Pour plus de d\u00e9tails, cliquez sur le logo de l&#8217;organisme pour acc\u00e9der \u00e0 son site internet officiel :<\/p>\n<p style=\"text-align: center;\"><a href=\"https:\/\/www.grandsitedefrance.com\/\" target=\"_blank\" rel=\"noopener\"><img loading=\"lazy\" decoding=\"async\" class=\"alignleft\" src=\"https:\/\/tourisme-durable.org\/images\/stories\/flexicontent\/item_684_field_90\/l_logo-rgsf-final.png\" alt=\"Nos membres - R\u00e9seau des Grands Sites de France | Tourisme durable\" width=\"261\" height=\"94\" aria-hidden=\"false\" \/><\/a><a href=\"https:\/\/rochedesolutre.com\/\" target=\"_blank\" rel=\"noopener\"><img loading=\"lazy\" decoding=\"async\" class=\"alignright\" src=\"https:\/\/rochedesolutre.com\/wp-content\/uploads\/2021\/11\/logo.jpg\" alt=\"Solutr\u00e9 Pouilly Vergisson\" width=\"111\" height=\"111\" \/><\/a><span style=\"color: #ffffff;\">.<\/span><\/p>\n<p><span style=\"color: #ffffff;\">.<\/span><\/p>\n<p><span style=\"color: #ffffff;\">.<\/span><\/p>\n<h4>Pourquoi un jeu sur ce territoire ?<\/h4>\n<p>L\u2019int\u00e9r\u00eat ancien des chercheurs de l\u2019\u00e9quipe pour ce lieu (Pech 2009, 2013) s\u2019est port\u00e9 d\u00e8s le d\u00e9part sur les probl\u00e9matiques de gouvernance territoriale et a suscit\u00e9 un diagnostic patrimonial au travers d\u2019une enqu\u00eate de terrain conduite en 2017 aupr\u00e8s des habitants et acteurs du territoire, des mairies aux caf\u00e9s de villages. Cette enqu\u00eate a alors montr\u00e9 l\u2019attachement local \u00e0 un paysage consid\u00e9r\u00e9 comme privil\u00e9gi\u00e9 mais un label Grand Site encore mal connu, consid\u00e9r\u00e9 comme uniquement touristique. C\u2019est un territoire dynamique gr\u00e2ce \u00e0 sa viticulture, reconnue comme un \u00e9l\u00e9ment structurant du paysage et de la culture, moteur de l\u2019\u00e9conomie locale, fa\u00e7onnant ainsi l\u2019identit\u00e9 territoriale.<\/p>\n<h6>Une pr\u00e9sentation d\u00e9taill\u00e9e de Solutr\u00e9 est disponible en<strong> <a title=\"Livret d\u2019accompagnement\" href=\"https:\/\/blog.ube.fr\/seriousgamesolutre\/2024\/06\/14\/livret-daccompagnement\/\" rel=\"\">introduction du livret d&#8217;accompagnement<\/a><\/strong>.<\/h6>\n<h4>Depuis la sortie du jeu<\/h4>\n<p>Le R\u00e9seau des Grands Sites de France a fait paraitre en mai 2024 un guide pratique &#8220;Gestion durable de la fr\u00e9quentation dans les Grands Sites de France&#8221; <a href=\"https:\/\/www.grandsitedefrance.com\/actus\/755-gestion-durable-frequentation-gsf\" target=\"_blank\" rel=\"noopener\">disponible ici<\/a>.<\/p>\n","protected":false},"excerpt":{"rendered":"<p>Le jeu SOLUTR\u00c9 est adoss\u00e9 \u00e0 un \u00ab vrai \u00bb territoire : r\u00e9aliste, il s\u2019inspire directement du fonctionnement du territoire du Grand Site de France Solutr\u00e9 Pouilly Vergisson, dit \u00ab territoire des Roches \u00bb. Mais il en constitue une mod\u00e9lisation et une extrapolation ludique : il ne repr\u00e9sente donc pas totalement la r\u00e9alit\u00e9 de ce&hellip;<\/p>\n<p class=\"more-link-p\"><a class=\"btn btn-primary\" href=\"https:\/\/blog.ube.fr\/seriousgamesolutre\/le-territoire\/\">Voir plus &rarr;<\/a><\/p>\n","protected":false},"author":6431,"featured_media":323,"parent":0,"menu_order":0,"comment_status":"closed","ping_status":"closed","template":"","meta":{"footnotes":""},"class_list":["post-830","page","type-page","status-publish","has-post-thumbnail","hentry"],"_links":{"self":[{"href":"https:\/\/blog.ube.fr\/seriousgamesolutre\/wp-json\/wp\/v2\/pages\/830","targetHints":{"allow":["GET"]}}],"collection":[{"href":"https:\/\/blog.ube.fr\/seriousgamesolutre\/wp-json\/wp\/v2\/pages"}],"about":[{"href":"https:\/\/blog.ube.fr\/seriousgamesolutre\/wp-json\/wp\/v2\/types\/page"}],"author":[{"embeddable":true,"href":"https:\/\/blog.ube.fr\/seriousgamesolutre\/wp-json\/wp\/v2\/users\/6431"}],"replies":[{"embeddable":true,"href":"https:\/\/blog.ube.fr\/seriousgamesolutre\/wp-json\/wp\/v2\/comments?post=830"}],"version-history":[{"count":23,"href":"https:\/\/blog.ube.fr\/seriousgamesolutre\/wp-json\/wp\/v2\/pages\/830\/revisions"}],"predecessor-version":[{"id":1008,"href":"https:\/\/blog.ube.fr\/seriousgamesolutre\/wp-json\/wp\/v2\/pages\/830\/revisions\/1008"}],"wp:featuredmedia":[{"embeddable":true,"href":"https:\/\/blog.ube.fr\/seriousgamesolutre\/wp-json\/wp\/v2\/media\/323"}],"wp:attachment":[{"href":"https:\/\/blog.ube.fr\/seriousgamesolutre\/wp-json\/wp\/v2\/media?parent=830"}],"curies":[{"name":"wp","href":"https:\/\/api.w.org\/{rel}","templated":true}]}}