{"id":68,"date":"2024-04-23T11:30:43","date_gmt":"2024-04-23T09:30:43","guid":{"rendered":"https:\/\/blog.u-bourgogne.fr\/seriousgamesolutre\/?page_id=68"},"modified":"2024-09-09T17:39:30","modified_gmt":"2024-09-09T15:39:30","slug":"qui-sommes-nous","status":"publish","type":"page","link":"https:\/\/blog.ube.fr\/seriousgamesolutre\/qui-sommes-nous\/","title":{"rendered":"Qui sommes-nous ?"},"content":{"rendered":"<h1><span style=\"font-size: 24pt;\"><strong>\u00c9QUIPE<\/strong><\/span><\/h1>\n<h3><span style=\"font-size: 18pt;\">Auteurs<\/span><\/h3>\n<h4>G\u00e9ographes<\/h4>\n<p><strong>Anne JEGOU,\u00a0 <a href=\"https:\/\/thema.univ-fcomte.fr\/page_personnelle\/ajegou\">Th\u00e9MA <\/a>(<a href=\"https:\/\/www.u-bourgogne.fr\/\">Universit\u00e9 de Bourgogne<\/a>)<\/strong><\/p>\n<p>Anne J\u00e9gou est ma\u00eetresse de conf\u00e9rences en G\u00e9ographie et Am\u00e9nagement de l&#8217;espace, Urbanisme. Ses travaux de recherche portent, en g\u00e9ographie environnementale, sur la gouvernance de la durabilit\u00e9 des territoires, dans la vari\u00e9t\u00e9 des dispositifs de politiques publiques (espaces naturels prot\u00e9g\u00e9s, Plans Climat-Energie Territoriaux, \u00e9coquartiers, etc\u2026), en cherchant \u00e0 articuler les points de vue diff\u00e9renci\u00e9s des collectivit\u00e9s locales et des citoyen.nes. Elle s&#8217;inscrit d\u00e9sormais dans un renouvellement \u00e9pist\u00e9mologique concernant les relations aux collectifs du vivant, en s\u2019inspirant des mouvements \u00e9cof\u00e9ministes et des g\u00e9ographes f\u00e9ministes.<\/p>\n<p><strong>Damien MARAGE &#8211; <a href=\"https:\/\/thema.univ-fcomte.fr\/page_personnelle\/dmarage\">Th\u00e9MA <\/a>(<a href=\"https:\/\/www.univ-fcomte.fr\/\">Universit\u00e9 de Franche-Comt\u00e9<\/a>)<\/strong><\/p>\n<div>\n<div class=\"page\" title=\"Page 4\">\n<div class=\"layoutArea\">\n<div class=\"column\">\n<p>Forestier de formation et docteur en sciences de l\u2019environnement, Damien Marage est professeur en G\u00e9ographie a\u0300 l\u2019universite\u0301 de Franche-Comte\u0301.<br \/>\nIl conduit ses recherches sur la prise en charge du vivant dans les territoires au sein du laboratoire The\u0301MA a\u0300 Besanc\u0327on, avec une attention toute particuli\u00e8re aux espaces arbor\u00e9s et forestiers. Il est membre du Comite\u0301 franc\u0327ais de l\u2019UICN (Union internationale pour la conservation de la nature) et du CNPN (Conseil national pour la protection de la nature). Il est l\u2019auteur d\u2019une cinquantaine de publications scientifiques dans des revues nationales et internationales et de plusieurs ouvrages.<\/p>\n<\/div>\n<\/div>\n<\/div>\n<\/div>\n<p><strong>Nicolas BECU &#8211; <a href=\"https:\/\/lienss.univ-larochelle.fr\/Becu-Nicolas\" target=\"_blank\" rel=\"noopener\">LIENS<\/a><a href=\"https:\/\/lienss.univ-larochelle.fr\/Becu-Nicolas\" target=\"_blank\" rel=\"noopener\">s <\/a>(<a href=\"https:\/\/www.univ-larochelle.fr\/\">La Rochelle Universit\u00e9<\/a>)<\/strong><\/p>\n<p>Nicolas Becu est directeur de recherche au CNRS, sp\u00e9cialis\u00e9 en g\u00e9ographie sociale et membre du laboratoire Littoral, Environnement et Soci\u00e9t\u00e9s (LIENSs) \u00e0 La Rochelle. Ses recherches se concentrent sur la pratique, le design et l\u2019\u00e9valuation des simulations participatives, des jeux s\u00e9rieux multi-joueurs qui favorisent le dialogue sur les enjeux socio-environnementaux. Il \u00e9tudie comment ces dispositifs participatifs peuvent accompagner les citoyens dans la red\u00e9finition de leurs relations avec leur territoire et avec les autres (humains et non-humains), ainsi que dans l\u2019\u00e9laboration d&#8217;actions collectives, dans les territoires en transition.<\/p>\n<p><strong>Catherine CARR\u00c9 &#8211; <a href=\"https:\/\/www.ladyss.com\/membres\/carre-catherine\/\">LADYSS <\/a><a href=\"https:\/\/www.pantheonsorbonne.fr\/\">(Universit\u00e9 Paris 1)<\/a><\/strong><\/p>\n<p>Catherine Carr\u00e9 est g\u00e9ographe, professeure \u00e9m\u00e9rite \u00e0 l\u2019universit\u00e9 Paris 1 Panth\u00e9on Sorbonne, et membre du laboratoire Ladyss. Elle travaille sur les politiques publiques de gestion de l\u2019eau et des milieux aquatiques et sur les syst\u00e8mes socio-techniques mis en place dans les territoires pour accompagner les usages de la ressource en eau et sa pr\u00e9servation. Codirectrice du master Bioterre de 2017 \u00e0 2022, elle a accompagn\u00e9 la promotion d\u2019\u00e9tudiants qui ont aid\u00e9 \u00e0 pr\u00e9figurer le <span id=\"OBJ_PREFIX_DWT71_com_zimbra_date\" class=\"Object\" role=\"link\">jeu<\/span> (plateau, acteurs, r\u00e8gles du <span id=\"OBJ_PREFIX_DWT72_com_zimbra_date\" class=\"Object\" role=\"link\">jeu<\/span>).<\/p>\n<p><strong>Brice ANSELME &#8211; <a href=\"https:\/\/www.prodig.cnrs.fr\/brice-anselme\/\">PRODIG <\/a><a href=\"https:\/\/www.pantheonsorbonne.fr\/\">(Universit\u00e9 Paris 1)<\/a><\/strong><\/p>\n<p>Brice Anselme est ma\u00eetre de conf\u00e9rences en g\u00e9ographie \u00e0 l\u2019Universit\u00e9 Paris 1 Panth\u00e9on-Sorbonne. Sp\u00e9cialiste de la t\u00e9l\u00e9d\u00e9tection, de la g\u00e9omatique et de la gestion des risques environnementaux, il est membre de l&#8217;UMR 8586 PRODIG. Ses recherches se concentrent sur les impacts du changement climatique, les risques littoraux, et la gestion des syst\u00e8mes socio-\u00e9cologiques. Responsable d\u2019une licence professionnelle et d\u2019un master, il enseigne notamment la t\u00e9l\u00e9d\u00e9tection et les syst\u00e8mes d&#8217;information g\u00e9ographique appliqu\u00e9es \u00e0 l\u2019environnement et \u00e0 la gestion des risques.<\/p>\n<p><strong>Laurent SIMON &#8211; <a href=\"https:\/\/www.ladyss.com\/membres\/simon-laurent\/\">LADYSS<\/a> <a href=\"https:\/\/www.pantheonsorbonne.fr\/\">(Universit\u00e9 Paris 1)<\/a><\/strong><br \/>\n<strong>Marion LAMIRAL<\/strong><\/p>\n<h4>Conception ludique<\/h4>\n<p>David SIMIAND &#8211; Acad\u00e9mie de Bourgogne<\/p>\n<p><strong>D\u00e9veloppement ludique<\/strong><br \/>\nMiguel ROTENBERG &#8211;\u00a0<a href=\"https:\/\/www.play-time.fr\/\">PLAYtime<\/a><\/p>\n<p><strong>Conception graphique<\/strong><br \/>\nTristan FELLMANN &#8211; <a href=\"https:\/\/msh-dijon.u-bourgogne.fr\/\">MSH Dijon<\/a>, Benjamin PELLEGRIN &#8211; <a href=\"https:\/\/www.play-time.fr\/\">PLAYtime<\/a><\/p>\n<h4>Conception cartographique<\/h4>\n<p>Patrick MILLE &#8211; <a href=\"https:\/\/thema.univ-fcomte.fr\/\">Th\u00e9MA<\/a><\/p>\n<h4>Traduction en anglais<\/h4>\n<p>B\u00e9n\u00e9dicte REYSSAT &#8211; universit\u00e9 de Franche-Comt\u00e9<\/p>\n<h2><span style=\"font-size: 18pt;\">Financeurs<\/span><\/h2>\n<p>Ce travail a b\u00e9n\u00e9fici\u00e9 du soutien du <span style=\"font-size: 12pt;\"><strong>projet NCU <a href=\"https:\/\/www.ubfc.fr\/excellence\/ritm-bfc\/\">RITM-BFC<\/a><\/strong> <\/span>portant la r\u00e9f\u00e9rence ANR-17- NCUN-0003<br \/>\n<a href=\"https:\/\/www.bourgogne-franche-comte.developpement-durable.gouv.fr\/\">DREAL<\/a> Bourgogne-Franche-Comt\u00e9<br \/>\n<a href=\"https:\/\/msh-dijon.u-bourgogne.fr\/\">MSH<\/a> de Dijon<\/p>\n<h2><span style=\"font-size: 18pt;\">Fabrication<\/span><\/h2>\n<p>Freddy JONCHERAY &#8211; <a href=\"https:\/\/www.eredejeux.com\/\">Ere de jeux<\/a><\/p>\n<h2><span style=\"font-size: 18pt;\">Diffusion<\/span><\/h2>\n<p><strong>Edition<\/strong><br \/>\nFrance MARCHAL-NINOSQUE, Renald CUZACQ, Catherine HAMELIN et Thierry DAUD\u00c9 &#8211; <a href=\"https:\/\/pufc.univ-fcomte.fr\/\">PUFC<\/a><\/p>\n<p><strong>Promotion et r\u00e9daction du site<br \/>\n<\/strong>Katell SOLLIEC et Cl\u00e9ment NICOLAS ROQUES<strong><br \/>\n<\/strong><\/p>\n<p><span style=\"color: #000000;\"><strong>Cr\u00e9ation et contenus vid\u00e9os<\/strong><\/span><br \/>\nEric PAUL, Elodie PERRET, Gr\u00e9goire GENEVOIS &#8211; Service PNR, Universit\u00e9 de Bourgogne<\/p>\n<p>&nbsp;<\/p>\n<h1><strong><span style=\"font-size: 24pt;\">PARTENAIRES<\/span><\/strong><\/h1>\n<p>Grand Site de France <a href=\"https:\/\/rochedesolutre.com\/\">Solutr\u00e9 Pouilly Vergisson<\/a><\/p>\n<p>R\u00e9seau des <a href=\"http:\/\/www.grandsitedefrance.com\">Grands Sites de France<\/a><\/p>\n<p>&nbsp;<\/p>\n<h1><strong><span style=\"font-size: 24pt;\">REMERCIEMENTS<\/span><\/strong><\/h1>\n<p>Nous remercions les <em>reviewers<\/em> du livret d&#8217;accompagnement, ainsi que Sol\u00e8ne ROTHMANN, pour leurs remarques sur le guide d\u2019accompagnement. De plus, nous sommes reconnaissants envers Gwena\u00eblle RICHARD et Sol\u00e8ne ROTHMANN pour leurs photos. Merci \u00e9galement aux \u00e9tudiants qui ont particip\u00e9 : Master 2 BIOTERRE 2017-2018, Ana\u00efs BERRY, Marion JEANNEROD, Cl\u00e9ment NICOLAS ROQUES et Katell SOLLIEC.<\/p>\n<p>&nbsp;<\/p>\n<h1>Contactez-nous !<\/h1>\n<h1><strong>Contenu<\/strong><\/h1>\n<p>thema.seriousgamesolutre [at] u-bourgogne.fr<\/p>\n<p>Anne JEGOU : anne.jegou [at] u-bourgogne.fr<br \/>\nDamien MARAGE : damien.marage [at] univ-fcomte.fr<\/p>\n<hr \/>\n<h1><strong>Game Design<\/strong><\/h1>\n<p>David SIMIAND : simiand.david [at] gmail.com<br \/>\nMiguel ROTENBERG : miguel [at] play-time.fr<\/p>\n<hr \/>\n<h1><strong>Conception graphique<\/strong><\/h1>\n<p>Benjamin PELLEGRIN : benjamin [at] play-time.fr<\/p>\n<hr \/>\n<h1><strong>Fabrication<\/strong><\/h1>\n<p>Freddy JONCHERAY : freddy [at] eredejeux.com<\/p>\n<p>&nbsp;<\/p>\n","protected":false},"excerpt":{"rendered":"<p>\u00c9QUIPE Auteurs G\u00e9ographes Anne JEGOU,\u00a0 Th\u00e9MA (Universit\u00e9 de Bourgogne) Anne J\u00e9gou est ma\u00eetresse de conf\u00e9rences en G\u00e9ographie et Am\u00e9nagement de l&#8217;espace, Urbanisme. Ses travaux de recherche portent, en g\u00e9ographie environnementale, sur la gouvernance de la durabilit\u00e9 des territoires, dans la vari\u00e9t\u00e9 des dispositifs de politiques publiques (espaces naturels prot\u00e9g\u00e9s, Plans Climat-Energie Territoriaux, \u00e9coquartiers, etc\u2026), en&hellip;<\/p>\n<p class=\"more-link-p\"><a class=\"btn btn-primary\" href=\"https:\/\/blog.ube.fr\/seriousgamesolutre\/qui-sommes-nous\/\">Voir plus &rarr;<\/a><\/p>\n","protected":false},"author":6431,"featured_media":0,"parent":0,"menu_order":0,"comment_status":"closed","ping_status":"closed","template":"","meta":{"footnotes":""},"class_list":["post-68","page","type-page","status-publish","hentry"],"_links":{"self":[{"href":"https:\/\/blog.ube.fr\/seriousgamesolutre\/wp-json\/wp\/v2\/pages\/68","targetHints":{"allow":["GET"]}}],"collection":[{"href":"https:\/\/blog.ube.fr\/seriousgamesolutre\/wp-json\/wp\/v2\/pages"}],"about":[{"href":"https:\/\/blog.ube.fr\/seriousgamesolutre\/wp-json\/wp\/v2\/types\/page"}],"author":[{"embeddable":true,"href":"https:\/\/blog.ube.fr\/seriousgamesolutre\/wp-json\/wp\/v2\/users\/6431"}],"replies":[{"embeddable":true,"href":"https:\/\/blog.ube.fr\/seriousgamesolutre\/wp-json\/wp\/v2\/comments?post=68"}],"version-history":[{"count":51,"href":"https:\/\/blog.ube.fr\/seriousgamesolutre\/wp-json\/wp\/v2\/pages\/68\/revisions"}],"predecessor-version":[{"id":1040,"href":"https:\/\/blog.ube.fr\/seriousgamesolutre\/wp-json\/wp\/v2\/pages\/68\/revisions\/1040"}],"wp:attachment":[{"href":"https:\/\/blog.ube.fr\/seriousgamesolutre\/wp-json\/wp\/v2\/media?parent=68"}],"curies":[{"name":"wp","href":"https:\/\/api.w.org\/{rel}","templated":true}]}}