{"id":74,"date":"2024-04-10T08:32:34","date_gmt":"2024-04-10T06:32:34","guid":{"rendered":"https:\/\/blog.u-bourgogne.fr\/sciencesduvegetal\/?page_id=74"},"modified":"2025-10-11T14:25:19","modified_gmt":"2025-10-11T12:25:19","slug":"les-debouches","status":"publish","type":"page","link":"https:\/\/blog.ube.fr\/sciencesduvegetal\/les-debouches\/","title":{"rendered":"D\u00e9bouch\u00e9s"},"content":{"rendered":"<p><span style=\"font-size: 24pt;\"><b>La Licence Science du V\u00e9g\u00e9tal ouvre vers de nombreux domaines\u00a0<\/b><\/span><\/p>\n<p><img loading=\"lazy\" decoding=\"async\" class=\"alignnone size-full wp-image-328\" src=\"https:\/\/blog.ube.fr\/sciencesduvegetal\/wp-content\/uploads\/sites\/202\/2025\/10\/Recherche-Innovation-et-Biotechnologie_pour-site.png\" alt=\"\" width=\"840\" height=\"877\" srcset=\"https:\/\/blog.ube.fr\/sciencesduvegetal\/wp-content\/uploads\/sites\/202\/2025\/10\/Recherche-Innovation-et-Biotechnologie_pour-site.png 840w, https:\/\/blog.ube.fr\/sciencesduvegetal\/wp-content\/uploads\/sites\/202\/2025\/10\/Recherche-Innovation-et-Biotechnologie_pour-site-287x300.png 287w, https:\/\/blog.ube.fr\/sciencesduvegetal\/wp-content\/uploads\/sites\/202\/2025\/10\/Recherche-Innovation-et-Biotechnologie_pour-site-768x802.png 768w\" sizes=\"auto, (max-width: 840px) 100vw, 840px\" \/><\/p>\n<p>&nbsp;<\/p>\n<p><b>Poursuite d\u2019\u00e9tude :<\/b><\/p>\n<p>A l&#8217;UBE, la Licence Science du V\u00e9g\u00e9tal pr\u00e9pare naturellement au Master <span style=\"color: #4d8a23;\"><a style=\"color: #4d8a23;\" href=\"https:\/\/blog.ube.fr\/b2ipme\/\"><strong>B2IPME<\/strong><\/a><\/span> de la mention Biologie Agrosciences. Ce Master offre de nombreuse possibilit\u00e9s proffessionelles ou vous ouvre la voie vers un Doctorat. Vous pouvez retrouv\u00e9 <a href=\"https:\/\/blog.ube.fr\/b2ipme\/nos-anciens\/\"><span style=\"color: #4d8a23;\"><strong>ici<\/strong><\/span><\/a> le devenir de des anciens \u00e9tudiants du B2IPME.<\/p>\n<p>Le parcours de la Licence Science du V\u00e9g\u00e9tal donne \u00e9galement la possibilit\u00e9 de candidater \u00e0 diff\u00e9rents Masters de Biologie V\u00e9g\u00e9tale et d\u2019Agrosciences de grandes Universit\u00e9s ou de poursuivre vos \u00e9tudes vers des \u00e9coles d\u2019ing\u00e9nieur d\u2019Agrosciences (admissions parall\u00e8les sur dossier et\/ou entretien).<\/p>\n<p>&nbsp;<\/p>\n<p><b>Insertion professionnelle :<\/b><\/p>\n<p>Cette formation permet de candidater \u00e0 des concours administratifs sur des postes de technicien dans les laboratoires de recherche publics ou de travailler dans le priv\u00e9s dans les stations d\u2019exp\u00e9rimentation v\u00e9g\u00e9tale ou les laboratoires de recherche dans de nombreux dommaines tel que la sant\u00e9 des plantes ou la\u00a0 production v\u00e9g\u00e9tales.<\/p>\n<p>&nbsp;<\/p>\n<p>&nbsp;<\/p>\n<p>&nbsp;<\/p>\n<p>&nbsp;<\/p>\n<p style=\"text-align: right;\"><span style=\"color: #808080;\"><em><span style=\"font-family: arial, helvetica, sans-serif;\">R\u00e9daction : M.Gayral<\/span><\/em><\/span><\/p>\n","protected":false},"excerpt":{"rendered":"<p>La Licence Science du V\u00e9g\u00e9tal ouvre vers de nombreux domaines\u00a0 &nbsp; Poursuite d\u2019\u00e9tude : A l&#8217;UBE, la Licence Science du V\u00e9g\u00e9tal pr\u00e9pare naturellement au Master B2IPME de la mention Biologie Agrosciences. Ce Master offre de nombreuse possibilit\u00e9s proffessionelles ou vous ouvre la voie vers un Doctorat. Vous pouvez retrouv\u00e9 ici le devenir de des anciens&hellip;<\/p>\n<p class=\"more-link-p\"><a class=\"btn btn-primary\" href=\"https:\/\/blog.ube.fr\/sciencesduvegetal\/les-debouches\/\">Voir plus &rarr;<\/a><\/p>\n","protected":false},"author":4787,"featured_media":0,"parent":0,"menu_order":0,"comment_status":"closed","ping_status":"closed","template":"","meta":{"_exactmetrics_skip_tracking":false,"_exactmetrics_sitenote_active":false,"_exactmetrics_sitenote_note":"","_exactmetrics_sitenote_category":0,"footnotes":""},"class_list":["post-74","page","type-page","status-publish","hentry"],"_links":{"self":[{"href":"https:\/\/blog.ube.fr\/sciencesduvegetal\/wp-json\/wp\/v2\/pages\/74","targetHints":{"allow":["GET"]}}],"collection":[{"href":"https:\/\/blog.ube.fr\/sciencesduvegetal\/wp-json\/wp\/v2\/pages"}],"about":[{"href":"https:\/\/blog.ube.fr\/sciencesduvegetal\/wp-json\/wp\/v2\/types\/page"}],"author":[{"embeddable":true,"href":"https:\/\/blog.ube.fr\/sciencesduvegetal\/wp-json\/wp\/v2\/users\/4787"}],"replies":[{"embeddable":true,"href":"https:\/\/blog.ube.fr\/sciencesduvegetal\/wp-json\/wp\/v2\/comments?post=74"}],"version-history":[{"count":17,"href":"https:\/\/blog.ube.fr\/sciencesduvegetal\/wp-json\/wp\/v2\/pages\/74\/revisions"}],"predecessor-version":[{"id":329,"href":"https:\/\/blog.ube.fr\/sciencesduvegetal\/wp-json\/wp\/v2\/pages\/74\/revisions\/329"}],"wp:attachment":[{"href":"https:\/\/blog.ube.fr\/sciencesduvegetal\/wp-json\/wp\/v2\/media?parent=74"}],"curies":[{"name":"wp","href":"https:\/\/api.w.org\/{rel}","templated":true}]}}