{"id":217,"date":"2024-04-25T17:29:43","date_gmt":"2024-04-25T15:29:43","guid":{"rendered":"https:\/\/blog.u-bourgogne.fr\/sciencesduvegetal\/?page_id=217"},"modified":"2024-05-13T16:45:58","modified_gmt":"2024-05-13T14:45:58","slug":"exemples-de-parcours-svg","status":"publish","type":"page","link":"https:\/\/blog.ube.fr\/sciencesduvegetal\/exemples-de-parcours-svg\/","title":{"rendered":"Exemples de Parcours"},"content":{"rendered":"<p><strong><span style=\"color: #4d8a23; font-size: 18pt;\">Nous vous pr\u00e9sentons ici des exemples de parcours de Licence en Science du V\u00e9g\u00e9tal. Ces parcours fictifs ne sont donn\u00e9s qu&#8217;\u00e0 titre d&#8217;exemple et ne sont en rien des choix obligatoires. Ces exemples vous montrent l&#8217;\u00e9tendue des possibilit\u00e9s et peuvent servir de base \u00e0 l&#8217;\u00e9laboration de votre parcours personnalis\u00e9.<\/span><\/strong><\/p>\n<p><strong><span style=\"color: #4d8a23; font-size: 18pt;\">Par exemple, si vous souhaitez r\u00e9aliser un parcours en Science du V\u00e9g\u00e9tal orient\u00e9 vers des aspects de Biologie Cellulaire et Mol\u00e9culaire avec une dominante en Biochimie:<\/span><\/strong><\/p>\n<p><img loading=\"lazy\" decoding=\"async\" class=\"wp-image-285 size-large aligncenter\" src=\"https:\/\/blog.ube.fr\/sciencesduvegetal\/wp-content\/uploads\/sites\/202\/2024\/05\/Parcours-SVg_BCM-1024x729.png\" alt=\"\" width=\"1024\" height=\"729\" srcset=\"https:\/\/blog.ube.fr\/sciencesduvegetal\/wp-content\/uploads\/sites\/202\/2024\/05\/Parcours-SVg_BCM-1024x729.png 1024w, https:\/\/blog.ube.fr\/sciencesduvegetal\/wp-content\/uploads\/sites\/202\/2024\/05\/Parcours-SVg_BCM-300x214.png 300w, https:\/\/blog.ube.fr\/sciencesduvegetal\/wp-content\/uploads\/sites\/202\/2024\/05\/Parcours-SVg_BCM-768x547.png 768w, https:\/\/blog.ube.fr\/sciencesduvegetal\/wp-content\/uploads\/sites\/202\/2024\/05\/Parcours-SVg_BCM-1536x1094.png 1536w, https:\/\/blog.ube.fr\/sciencesduvegetal\/wp-content\/uploads\/sites\/202\/2024\/05\/Parcours-SVg_BCM-2048x1459.png 2048w\" sizes=\"auto, (max-width: 1024px) 100vw, 1024px\" \/><\/p>\n<p>&nbsp;<\/p>\n<p><span style=\"font-size: 18pt;\"><strong><span style=\"color: #4d8a23;\">Par exemple, si vous souhaitez r\u00e9aliser un parcours en Science du V\u00e9g\u00e9tal orient\u00e9 vers des aspects Agro-Environement avec une dominante en Biologie des sols :<\/span><\/strong><\/span><\/p>\n<p><img loading=\"lazy\" decoding=\"async\" class=\"wp-image-284 size-large aligncenter\" src=\"https:\/\/blog.ube.fr\/sciencesduvegetal\/wp-content\/uploads\/sites\/202\/2024\/05\/Parcours-SVg_AE-1024x729.png\" alt=\"\" width=\"1024\" height=\"729\" srcset=\"https:\/\/blog.ube.fr\/sciencesduvegetal\/wp-content\/uploads\/sites\/202\/2024\/05\/Parcours-SVg_AE-1024x729.png 1024w, https:\/\/blog.ube.fr\/sciencesduvegetal\/wp-content\/uploads\/sites\/202\/2024\/05\/Parcours-SVg_AE-300x214.png 300w, https:\/\/blog.ube.fr\/sciencesduvegetal\/wp-content\/uploads\/sites\/202\/2024\/05\/Parcours-SVg_AE-768x547.png 768w, https:\/\/blog.ube.fr\/sciencesduvegetal\/wp-content\/uploads\/sites\/202\/2024\/05\/Parcours-SVg_AE-1536x1093.png 1536w, https:\/\/blog.ube.fr\/sciencesduvegetal\/wp-content\/uploads\/sites\/202\/2024\/05\/Parcours-SVg_AE-2048x1458.png 2048w\" sizes=\"auto, (max-width: 1024px) 100vw, 1024px\" \/><\/p>\n<p style=\"text-align: right;\"><span style=\"font-size: 18pt;\"><strong><span style=\"color: #4d8a23;\">\u00a0 \u00a0<img loading=\"lazy\" decoding=\"async\" class=\"wp-image-237 size-medium aligncenter\" src=\"https:\/\/blog.ube.fr\/sciencesduvegetal\/wp-content\/uploads\/sites\/202\/2024\/04\/legende-parcours-257x300.png\" alt=\"\" width=\"257\" height=\"300\" srcset=\"https:\/\/blog.ube.fr\/sciencesduvegetal\/wp-content\/uploads\/sites\/202\/2024\/04\/legende-parcours-257x300.png 257w, https:\/\/blog.ube.fr\/sciencesduvegetal\/wp-content\/uploads\/sites\/202\/2024\/04\/legende-parcours-879x1024.png 879w, https:\/\/blog.ube.fr\/sciencesduvegetal\/wp-content\/uploads\/sites\/202\/2024\/04\/legende-parcours-768x895.png 768w, https:\/\/blog.ube.fr\/sciencesduvegetal\/wp-content\/uploads\/sites\/202\/2024\/04\/legende-parcours.png 949w\" sizes=\"auto, (max-width: 257px) 100vw, 257px\" \/> <span style=\"color: #808080; font-size: 10pt;\"><em><span style=\"font-family: arial, helvetica, sans-serif;\">R\u00e9daction : M.Gayral<\/span><\/em><\/span><\/span><\/strong><\/span><\/p>\n","protected":false},"excerpt":{"rendered":"<p>Nous vous pr\u00e9sentons ici des exemples de parcours de Licence en Science du V\u00e9g\u00e9tal. Ces parcours fictifs ne sont donn\u00e9s qu&#8217;\u00e0 titre d&#8217;exemple et ne sont en rien des choix obligatoires. Ces exemples vous montrent l&#8217;\u00e9tendue des possibilit\u00e9s et peuvent servir de base \u00e0 l&#8217;\u00e9laboration de votre parcours personnalis\u00e9. Par exemple, si vous souhaitez r\u00e9aliser&hellip;<\/p>\n<p class=\"more-link-p\"><a class=\"btn btn-primary\" href=\"https:\/\/blog.ube.fr\/sciencesduvegetal\/exemples-de-parcours-svg\/\">Voir plus &rarr;<\/a><\/p>\n","protected":false},"author":4787,"featured_media":0,"parent":0,"menu_order":0,"comment_status":"closed","ping_status":"closed","template":"","meta":{"_exactmetrics_skip_tracking":false,"_exactmetrics_sitenote_active":false,"_exactmetrics_sitenote_note":"","_exactmetrics_sitenote_category":0,"footnotes":""},"class_list":["post-217","page","type-page","status-publish","hentry"],"_links":{"self":[{"href":"https:\/\/blog.ube.fr\/sciencesduvegetal\/wp-json\/wp\/v2\/pages\/217","targetHints":{"allow":["GET"]}}],"collection":[{"href":"https:\/\/blog.ube.fr\/sciencesduvegetal\/wp-json\/wp\/v2\/pages"}],"about":[{"href":"https:\/\/blog.ube.fr\/sciencesduvegetal\/wp-json\/wp\/v2\/types\/page"}],"author":[{"embeddable":true,"href":"https:\/\/blog.ube.fr\/sciencesduvegetal\/wp-json\/wp\/v2\/users\/4787"}],"replies":[{"embeddable":true,"href":"https:\/\/blog.ube.fr\/sciencesduvegetal\/wp-json\/wp\/v2\/comments?post=217"}],"version-history":[{"count":17,"href":"https:\/\/blog.ube.fr\/sciencesduvegetal\/wp-json\/wp\/v2\/pages\/217\/revisions"}],"predecessor-version":[{"id":305,"href":"https:\/\/blog.ube.fr\/sciencesduvegetal\/wp-json\/wp\/v2\/pages\/217\/revisions\/305"}],"wp:attachment":[{"href":"https:\/\/blog.ube.fr\/sciencesduvegetal\/wp-json\/wp\/v2\/media?parent=217"}],"curies":[{"name":"wp","href":"https:\/\/api.w.org\/{rel}","templated":true}]}}