{"id":2,"date":"2024-04-09T08:28:45","date_gmt":"2024-04-09T06:28:45","guid":{"rendered":"https:\/\/blog.u-bourgogne.fr\/sciencesduvegetal\/?page_id=2"},"modified":"2024-10-02T21:05:29","modified_gmt":"2024-10-02T19:05:29","slug":"page-d-exemple","status":"publish","type":"page","link":"https:\/\/blog.ube.fr\/sciencesduvegetal\/","title":{"rendered":"Pr\u00e9sentation"},"content":{"rendered":"<p style=\"text-align: center;\"><strong><span style=\"font-size: 18pt; color: #4d8a23;\">Le parcours Sciences du V\u00e9g\u00e9tal (SVg) dispense une formation initiale pluridisciplinaire dans les domaines de la biologie cellulaire et mol\u00e9culaire, de la biochimie, de la g\u00e9n\u00e9tique, de la physiologie, de l\u2019\u00e9cologie et l\u2019\u00e9volution avec une sp\u00e9cialisation dans les domaines du v\u00e9g\u00e9tal.<\/span><\/strong><\/p>\n<p style=\"text-align: center;\"><strong><span style=\"font-size: 18pt; color: #4d8a23;\">Cette formation permet de former des biologistes des plantes ma\u00eetrisant les bases de la biologie et ayant un attrait pour des approches mol\u00e9culaires, cellulaires ou \u00e9cologiques selon les options choisies.<\/span><\/strong><\/p>\n<p><img loading=\"lazy\" decoding=\"async\" class=\"size-full wp-image-19 aligncenter\" src=\"https:\/\/blog.ube.fr\/sciencesduvegetal\/wp-content\/uploads\/sites\/202\/2024\/04\/sciencesduvegetalDijon.png\" alt=\"\" width=\"724\" height=\"295\" srcset=\"https:\/\/blog.ube.fr\/sciencesduvegetal\/wp-content\/uploads\/sites\/202\/2024\/04\/sciencesduvegetalDijon.png 724w, https:\/\/blog.ube.fr\/sciencesduvegetal\/wp-content\/uploads\/sites\/202\/2024\/04\/sciencesduvegetalDijon-300x122.png 300w\" sizes=\"auto, (max-width: 724px) 100vw, 724px\" \/><\/p>\n<p style=\"text-align: right;\"><span style=\"color: #808080;\"><em><span style=\"font-family: arial, helvetica, sans-serif;\">R\u00e9daction : M.Gayral<\/span><\/em><\/span><\/p>\n","protected":false},"excerpt":{"rendered":"<p>Le parcours Sciences du V\u00e9g\u00e9tal (SVg) dispense une formation initiale pluridisciplinaire dans les domaines de la biologie cellulaire et mol\u00e9culaire, de la biochimie, de la g\u00e9n\u00e9tique, de la physiologie, de l\u2019\u00e9cologie et l\u2019\u00e9volution avec une sp\u00e9cialisation dans les domaines du v\u00e9g\u00e9tal. Cette formation permet de former des biologistes des plantes ma\u00eetrisant les bases de la&hellip;<\/p>\n<p class=\"more-link-p\"><a class=\"btn btn-primary\" href=\"https:\/\/blog.ube.fr\/sciencesduvegetal\/\">Voir plus &rarr;<\/a><\/p>\n","protected":false},"author":4787,"featured_media":0,"parent":0,"menu_order":0,"comment_status":"closed","ping_status":"open","template":"","meta":{"_exactmetrics_skip_tracking":false,"_exactmetrics_sitenote_active":false,"_exactmetrics_sitenote_note":"","_exactmetrics_sitenote_category":0,"footnotes":""},"class_list":["post-2","page","type-page","status-publish","hentry"],"_links":{"self":[{"href":"https:\/\/blog.ube.fr\/sciencesduvegetal\/wp-json\/wp\/v2\/pages\/2","targetHints":{"allow":["GET"]}}],"collection":[{"href":"https:\/\/blog.ube.fr\/sciencesduvegetal\/wp-json\/wp\/v2\/pages"}],"about":[{"href":"https:\/\/blog.ube.fr\/sciencesduvegetal\/wp-json\/wp\/v2\/types\/page"}],"author":[{"embeddable":true,"href":"https:\/\/blog.ube.fr\/sciencesduvegetal\/wp-json\/wp\/v2\/users\/4787"}],"replies":[{"embeddable":true,"href":"https:\/\/blog.ube.fr\/sciencesduvegetal\/wp-json\/wp\/v2\/comments?post=2"}],"version-history":[{"count":7,"href":"https:\/\/blog.ube.fr\/sciencesduvegetal\/wp-json\/wp\/v2\/pages\/2\/revisions"}],"predecessor-version":[{"id":311,"href":"https:\/\/blog.ube.fr\/sciencesduvegetal\/wp-json\/wp\/v2\/pages\/2\/revisions\/311"}],"wp:attachment":[{"href":"https:\/\/blog.ube.fr\/sciencesduvegetal\/wp-json\/wp\/v2\/media?parent=2"}],"curies":[{"name":"wp","href":"https:\/\/api.w.org\/{rel}","templated":true}]}}