{"id":8,"date":"2025-03-06T09:39:20","date_gmt":"2025-03-06T08:39:20","guid":{"rendered":"https:\/\/blog.u-bourgogne.fr\/reglementation-des-medicaments-de-therapie-innovante\/?page_id=8"},"modified":"2025-07-03T14:55:04","modified_gmt":"2025-07-03T12:55:04","slug":"nos-partenaires","status":"publish","type":"page","link":"https:\/\/blog.ube.fr\/reglementation-des-medicaments-de-therapie-innovante\/nos-partenaires\/","title":{"rendered":"Nos partenaires"},"content":{"rendered":"<p><section class=\"kc-elm kc-css-96598 kc_row\"><div class=\"kc-row-container  kc-container\"><div class=\"kc-wrap-columns\"><div class=\"kc-elm kc-css-197343 kc_col-sm-12 kc_column kc_col-sm-12\"><div class=\"kc-col-container\"><div class=\"kc-elm kc-css-780112\" style=\"height: 50px; clear: both; width:100%;\"><\/div><\/div><\/div><\/div><\/div><\/section><section class=\"kc-elm kc-css-722132 kc_row\"><div class=\"kc-row-container  kc-container\"><div class=\"kc-wrap-columns\"><div class=\"kc-elm kc-css-492431 kc_col-sm-3 kc_column kc_col-sm-3\"><div class=\"kc-col-container\"><div class=\"kc-elm kc-css-247241 kc_shortcode kc_single_image\">\n\n        <a  href=\"https:\/\/www.ube.fr\/\" title=\"\" target=\"_blank\">\n        <img decoding=\"async\" src=\"https:\/\/blog.ube.fr\/reglementation-des-medicaments-de-therapie-innovante\/wp-content\/uploads\/sites\/213\/2025\/04\/logo-UBE-drapeau-quadri-300x210.png\" class=\"\" alt=\"\" \/><div class=\"kc-image-overlay\"><i class=\"et-global\"><\/i><\/div>    <\/a>\n    <\/div>\n<\/div><\/div><div class=\"kc-elm kc-css-127660 kc_col-sm-9 kc_column kc_col-sm-9\"><div class=\"kc-col-container\"><div class=\"kc-elm kc-css-543273 kc_text_block\"><\/p>\n<p data-start=\"267\" data-end=\"634\"><strong data-start=\"267\" data-end=\"298\">Universit\u00e9 Bourgogne Europe<\/strong> est une universit\u00e9 publique pluridisciplinaire, fond\u00e9e en 1722, qui accueille aujourd\u2019hui plus de 40 000 \u00e9tudiants, dont un nombre croissant d\u2019\u00e9tudiants internationaux. Elle d\u00e9veloppe une recherche de haut niveau dans des champs vari\u00e9s : droit, sant\u00e9, technologies, sciences humaines et sociales, \u00e9conomie, environnement. Ancr\u00e9e au c\u0153ur de l\u2019Europe, l\u2019Universit\u00e9 privil\u00e9gie une approche ouverte et interdisciplinaire des grands enjeux contemporains.<\/p>\n<p>\n<\/div><\/div><\/div><\/div><\/div><\/section><section class=\"kc-elm kc-css-886974 kc_row\"><div class=\"kc-row-container  kc-container\"><div class=\"kc-wrap-columns\"><div class=\"kc-elm kc-css-156879 kc_col-sm-12 kc_column kc_col-sm-12\"><div class=\"kc-col-container\"><div class=\"kc-elm kc-css-20639\" style=\"height: 50px; clear: both; width:100%;\"><\/div><\/div><\/div><\/div><\/div><\/section><section class=\"kc-elm kc-css-531134 kc_row\"><div class=\"kc-row-container  kc-container\"><div class=\"kc-wrap-columns\"><div class=\"kc-elm kc-css-31171 kc_col-sm-3 kc_column kc_col-sm-3\"><div class=\"kc-col-container\"><div class=\"kc-elm kc-css-546104\" style=\"height: 20px; clear: both; width:100%;\"><\/div><div class=\"kc-elm kc-css-924787 kc_shortcode kc_single_image\">\n\n        <a  href=\"https:\/\/credimi.ube.fr\/\" title=\"\" target=\"_blank\">\n        <img decoding=\"async\" src=\"https:\/\/blog.ube.fr\/reglementation-des-medicaments-de-therapie-innovante\/wp-content\/uploads\/sites\/213\/2025\/04\/logo-credimi.png\" class=\"\" alt=\"\" \/><div class=\"kc-image-overlay\"><i class=\"et-global\"><\/i><\/div>    <\/a>\n    <\/div>\n<\/div><\/div><div class=\"kc-elm kc-css-803368 kc_col-sm-9 kc_column kc_col-sm-9\"><div class=\"kc-col-container\"><div class=\"kc-elm kc-css-882979 kc_text_block\"><\/p>\n<p data-start=\"107\" data-end=\"454\">Le <strong data-start=\"110\" data-end=\"215\">Centre de Recherche sur le Droit des March\u00e9s et des Investissements Internationaux (CREDIMI, EA 7532)<\/strong> est l\u2019une des principales \u00e9quipes de recherche en droit de l\u2019Universit\u00e9 Bourgogne Europe. Il r\u00e9unit des juristes sp\u00e9cialis\u00e9s en <strong data-start=\"344\" data-end=\"451\">droit des affaires, droit pharmaceutique, droit de la sant\u00e9, r\u00e9gulations internationales et europ\u00e9ennes<\/strong>. Le CREDIMI d\u00e9veloppe une expertise reconnue sur les enjeux juridiques li\u00e9s aux march\u00e9s du m\u00e9dicament, \u00e0 la protection de l\u2019innovation et \u00e0 la r\u00e9gulation des produits de sant\u00e9. Il porte le pr\u00e9sent colloque en f\u00e9d\u00e9rant des approches crois\u00e9es entre recherche acad\u00e9mique et dialogue avec les acteurs institutionnels et industriels.<\/p>\n<p data-start=\"267\" data-end=\"634\">\n<\/div><\/div><\/div><\/div><\/div><\/section><section class=\"kc-elm kc-css-526636 kc_row\"><div class=\"kc-row-container  kc-container\"><div class=\"kc-wrap-columns\"><div class=\"kc-elm kc-css-34937 kc_col-sm-12 kc_column kc_col-sm-12\"><div class=\"kc-col-container\"><div class=\"kc-elm kc-css-288707\" style=\"height: 50px; clear: both; width:100%;\"><\/div><\/div><\/div><\/div><\/div><\/section><section class=\"kc-elm kc-css-214301 kc_row\"><div class=\"kc-row-container  kc-container\"><div class=\"kc-wrap-columns\"><div class=\"kc-elm kc-css-619452 kc_col-sm-3 kc_column kc_col-sm-3\"><div class=\"kc-col-container\"><div class=\"kc-elm kc-css-271327 kc_shortcode kc_single_image\">\n\n        <a  href=\"https:\/\/www.labex-lipstic.fr\/\" title=\"\" target=\"_blank\">\n        <img decoding=\"async\" src=\"https:\/\/blog.ube.fr\/reglementation-des-medicaments-de-therapie-innovante\/wp-content\/uploads\/sites\/213\/2025\/04\/logo-labex-lipstic-300x219.png\" class=\"\" alt=\"\" \/><div class=\"kc-image-overlay\"><i class=\"et-global\"><\/i><\/div>    <\/a>\n    <\/div>\n<\/div><\/div><div class=\"kc-elm kc-css-478458 kc_col-sm-9 kc_column kc_col-sm-9\"><div class=\"kc-col-container\"><div class=\"kc-elm kc-css-746761 kc_text_block\"><\/p>\n<p>Le <strong data-start=\"1753\" data-end=\"1834\">Laboratoire d\u2019Excellence Lipstic (Lipides, Sant\u00e9 et Innovation Th\u00e9rapeutique)<\/strong> est un projet financ\u00e9 par l\u2019Agence Nationale de la Recherche (ANR), r\u00e9unissant des \u00e9quipes pluridisciplinaires autour des <strong data-start=\"1957\" data-end=\"2008\">lipides comme cibles ou vecteurs th\u00e9rapeutiques<\/strong>. Implant\u00e9 en r\u00e9gion Bourgogne Franche-Comt\u00e9, le LabEx Lipstic d\u00e9veloppe une recherche de pointe en biologie, m\u00e9decine, chimie et droit de l\u2019innovation. Sa participation au colloque refl\u00e8te la volont\u00e9 d\u2019int\u00e9grer les approches scientifiques et juridiques autour des th\u00e9rapies innovantes.<\/p>\n<p>\n<\/div><\/div><\/div><\/div><\/div><\/section><section class=\"kc-elm kc-css-849179 kc_row\"><div class=\"kc-row-container  kc-container\"><div class=\"kc-wrap-columns\"><div class=\"kc-elm kc-css-844166 kc_col-sm-12 kc_column kc_col-sm-12\"><div class=\"kc-col-container\"><div class=\"kc-elm kc-css-936904\" style=\"height: 20px; clear: both; width:100%;\"><\/div><\/div><\/div><\/div><\/div><\/section><section class=\"kc-elm kc-css-604806 kc_row\"><div class=\"kc-row-container  kc-container\"><div class=\"kc-wrap-columns\"><div class=\"kc-elm kc-css-303439 kc_col-sm-3 kc_column kc_col-sm-3\"><div class=\"kc-col-container\"><div class=\"kc-elm kc-css-534147\" style=\"height: 20px; clear: both; width:100%;\"><\/div><div class=\"kc-elm kc-css-456549 kc_shortcode kc_single_image\">\n\n        <a  href=\"https:\/\/www.santenov.com\/\" title=\"\" target=\"_blank\">\n        <img decoding=\"async\" src=\"https:\/\/blog.ube.fr\/reglementation-des-medicaments-de-therapie-innovante\/wp-content\/uploads\/sites\/213\/2025\/05\/SANTENOV-Logo-300x78.png\" class=\"\" alt=\"\" \/><div class=\"kc-image-overlay\"><i class=\"et-global\"><\/i><\/div>    <\/a>\n    <\/div>\n<\/div><\/div><div class=\"kc-elm kc-css-203285 kc_col-sm-9 kc_column kc_col-sm-9\"><div class=\"kc-col-container\"><div class=\"kc-elm kc-css-50487 kc_text_block\"><\/p>\n<p><strong data-start=\"233\" data-end=\"245\">Santenov<\/strong>, le p\u00f4le d&#039;innovation en sant\u00e9 \u00e0 Dijon et en Bourgogne, f\u00e9d\u00e8re les acteurs publics et priv\u00e9s engag\u00e9s dans le d\u00e9veloppement de solutions innovantes en sant\u00e9. Il accompagne les projets collaboratifs entre chercheurs, industriels, start-ups, professionnels de sant\u00e9 et institutions.<br data-start=\"538\" data-end=\"541\">Partenaire du colloque, Santenov contribue \u00e0 renforcer le dialogue entre les universit\u00e9s, les entreprises et les autorit\u00e9s de r\u00e9gulation, au service d\u2019une innovation th\u00e9rapeutique responsable et accessible.<\/p>\n<p>\n<\/div><\/div><\/div><\/div><\/div><\/section><section class=\"kc-elm kc-css-929432 kc_row\"><div class=\"kc-row-container  kc-container\"><div class=\"kc-wrap-columns\"><div class=\"kc-elm kc-css-711239 kc_col-sm-12 kc_column kc_col-sm-12\"><div class=\"kc-col-container\"><div class=\"kc-elm kc-css-735477\" style=\"height: 20px; clear: both; width:100%;\"><\/div><\/div><\/div><\/div><\/div><\/section><section class=\"kc-elm kc-css-586643 kc_row\"><div class=\"kc-row-container  kc-container\"><div class=\"kc-wrap-columns\"><div class=\"kc-elm kc-css-117125 kc_col-sm-3 kc_column kc_col-sm-3\"><div class=\"kc-col-container\"><div class=\"kc-elm kc-css-83837 kc_shortcode kc_single_image\">\n\n        <a  href=\"https:\/\/aer-bfc.com\/biotherapies-bioproduction-en-bourgogne-franche-comte\/\" title=\"\" target=\"_blank\">\n        <img decoding=\"async\" src=\"https:\/\/blog.ube.fr\/reglementation-des-medicaments-de-therapie-innovante\/wp-content\/uploads\/sites\/213\/2025\/06\/LOGO-BIOVALIANCE-JAUNE-ET-NOIR_Plan-de-travail-1-300x77.png\" class=\"\" alt=\"\" \/><div class=\"kc-image-overlay\"><i class=\"et-global\"><\/i><\/div>    <\/a>\n    <\/div>\n<\/div><\/div><div class=\"kc-elm kc-css-146681 kc_col-sm-9 kc_column kc_col-sm-9\"><div class=\"kc-col-container\"><div class=\"kc-elm kc-css-340294 kc_text_block\"><\/p>\n<p><strong data-start=\"368\" data-end=\"384\">Biovalliance<\/strong> est le p\u00f4le de comp\u00e9titivit\u00e9 sant\u00e9 de la r\u00e9gion <strong data-start=\"433\" data-end=\"460\">Bourgogne-Franche-Comt\u00e9<\/strong>, port\u00e9 par l\u2019<strong data-start=\"474\" data-end=\"542\">Agence \u00c9conomique R\u00e9gionale de Bourgogne-Franche-Comt\u00e9 (AER BFC)<\/strong>. Il accompagne l\u2019innovation dans les domaines du m\u00e9dicament, des dispositifs m\u00e9dicaux, des biotechnologies et de la sant\u00e9 num\u00e9rique.<br data-start=\"675\" data-end=\"678\">Biovalliance facilite le d\u00e9veloppement de projets collaboratifs entre laboratoires de recherche, start-ups, entreprises et institutions. Partenaire du colloque, il contribue \u00e0 renforcer les synergies entre la recherche juridique et scientifique, l\u2019industrie et les acteurs du territoire, au service de l\u2019\u00e9mergence de nouvelles approches en mati\u00e8re de <strong data-start=\"1029\" data-end=\"1053\">th\u00e9rapies innovantes<\/strong>.<\/p>\n<p>\n<\/div><\/div><\/div><\/div><\/div><\/section><section class=\"kc-elm kc-css-413201 kc_row\"><div class=\"kc-row-container  kc-container\"><div class=\"kc-wrap-columns\"><div class=\"kc-elm kc-css-380857 kc_col-sm-12 kc_column kc_col-sm-12\"><div class=\"kc-col-container\"><div class=\"kc-elm kc-css-700064\" style=\"height: 20px; clear: both; width:100%;\"><\/div><\/div><\/div><\/div><\/div><\/section><section class=\"kc-elm kc-css-204947 kc_row\"><div class=\"kc-row-container  kc-container\"><div class=\"kc-wrap-columns\"><div class=\"kc-elm kc-css-77794 kc_col-sm-3 kc_column kc_col-sm-3\"><div class=\"kc-col-container\"><div class=\"kc-elm kc-css-935042\" style=\"height: 10px; clear: both; width:100%;\"><\/div><div class=\"kc-elm kc-css-746936 kc_shortcode kc_single_image\">\n\n        <a  href=\"https:\/\/www.afds.fr\/\" title=\"\" target=\"_blank\">\n        <img decoding=\"async\" src=\"https:\/\/blog.ube.fr\/reglementation-des-medicaments-de-therapie-innovante\/wp-content\/uploads\/sites\/213\/2025\/06\/afds_fond_bleu.jpg\" class=\"\" alt=\"\" \/><div class=\"kc-image-overlay\"><i class=\"et-global\"><\/i><\/div>    <\/a>\n    <\/div>\n<\/div><\/div><div class=\"kc-elm kc-css-453107 kc_col-sm-9 kc_column kc_col-sm-9\"><div class=\"kc-col-container\"><div class=\"kc-elm kc-css-527536 kc_text_block\"><\/p>\n<p>L\u2019<strong data-start=\"749\" data-end=\"802\">Association Fran\u00e7aise de Droit de la Sant\u00e9 (AFDS)<\/strong> f\u00e9d\u00e8re les chercheurs, praticiens et professionnels engag\u00e9s dans l\u2019\u00e9tude et l\u2019\u00e9volution du <strong data-start=\"894\" data-end=\"938\">droit de la sant\u00e9 en France et en Europe<\/strong>.<br data-start=\"939\" data-end=\"942\">Lieu de dialogue interdisciplinaire, l\u2019AFDS soutient activement les initiatives visant \u00e0 anticiper les mutations du droit face aux avanc\u00e9es technologiques, m\u00e9dicales et soci\u00e9tales. Son soutien au colloque t\u00e9moigne de l\u2019importance des MTI comme terrain d\u2019innovation juridique.<\/p>\n<p>\n<\/div><\/div><\/div><\/div><\/div><\/section><section class=\"kc-elm kc-css-818732 kc_row\"><div class=\"kc-row-container  kc-container\"><div class=\"kc-wrap-columns\"><div class=\"kc-elm kc-css-633159 kc_col-sm-12 kc_column kc_col-sm-12\"><div class=\"kc-col-container\"><div class=\"kc-elm kc-css-273756\" style=\"height: 20px; clear: both; width:100%;\"><\/div><\/div><\/div><\/div><\/div><\/section><section class=\"kc-elm kc-css-403359 kc_row\"><div class=\"kc-row-container  kc-container\"><div class=\"kc-wrap-columns\"><div class=\"kc-elm kc-css-671584 kc_col-sm-3 kc_column kc_col-sm-3\"><div class=\"kc-col-container\"><div class=\"kc-elm kc-css-425276\" style=\"height: 20px; clear: both; width:100%;\"><\/div><div class=\"kc-elm kc-css-206126 kc_shortcode kc_single_image\">\n\n        <a  href=\"https:\/\/aedep.fr\/\" title=\"\" target=\"_blank\">\n        <img decoding=\"async\" src=\"https:\/\/blog.ube.fr\/reglementation-des-medicaments-de-therapie-innovante\/wp-content\/uploads\/sites\/213\/2025\/04\/Fichier-5@4x-300x124.png\" class=\"\" alt=\"\" \/><div class=\"kc-image-overlay\"><i class=\"et-global\"><\/i><\/div>    <\/a>\n    <\/div>\n<\/div><\/div><div class=\"kc-elm kc-css-817060 kc_col-sm-9 kc_column kc_col-sm-9\"><div class=\"kc-col-container\"><div class=\"kc-elm kc-css-626829 kc_text_block\"><\/p>\n<p>L\u2019<strong data-start=\"1237\" data-end=\"1315\">Association des Enseignants de Droit et d\u2019\u00c9conomie Pharmaceutiques (AEDEP)<\/strong> est une soci\u00e9t\u00e9 savante qui rassemble les universitaires\u00a0 sp\u00e9cialis\u00e9s en <strong data-start=\"1374\" data-end=\"1434\">droit et \u00e9conomie du m\u00e9dicament et des produits de sant\u00e9<\/strong>.<br data-start=\"1435\" data-end=\"1438\">Elle contribue \u00e0 enrichir la r\u00e9flexion sur les cadres juridiques applicables aux innovations pharmaceutiques, au croisement du droit, de l\u2019\u00e9conomie et de la r\u00e9gulation internationale. L\u2019AEDEP apporte au colloque son expertise sur les interactions entre innovation, march\u00e9 et r\u00e9gulation.<\/p>\n<p>\n<\/div><\/div><\/div><\/div><\/div><\/section><section class=\"kc-elm kc-css-994266 kc_row\"><div class=\"kc-row-container  kc-container\"><div class=\"kc-wrap-columns\"><div class=\"kc-elm kc-css-400116 kc_col-sm-12 kc_column kc_col-sm-12\"><div class=\"kc-col-container\"><div class=\"kc-elm kc-css-547051\" style=\"height: 20px; clear: both; width:100%;\"><\/div><\/div><\/div><\/div><\/div><\/section><section class=\"kc-elm kc-css-700321 kc_row\"><div class=\"kc-row-container  kc-container\"><div class=\"kc-wrap-columns\"><div class=\"kc-elm kc-css-387338 kc_col-sm-3 kc_column kc_col-sm-3\"><div class=\"kc-col-container\"><div class=\"kc-elm kc-css-451488 kc_shortcode kc_single_image\">\n\n        <a  href=\"https:\/\/facdedroit.univ-lyon3.fr\/crdms\" title=\"\" target=\"_blank\">\n        <img decoding=\"async\" src=\"https:\/\/blog.ube.fr\/reglementation-des-medicaments-de-therapie-innovante\/wp-content\/uploads\/sites\/213\/2025\/06\/Logo-CRDMS-002-300x125.png\" class=\"\" alt=\"\" \/><div class=\"kc-image-overlay\"><i class=\"et-global\"><\/i><\/div>    <\/a>\n    <\/div>\n<\/div><\/div><div class=\"kc-elm kc-css-709361 kc_col-sm-9 kc_column kc_col-sm-9\"><div class=\"kc-col-container\"><div class=\"kc-elm kc-css-305188 kc_text_block\"><\/p>\n<p>Le <strong data-start=\"143\" data-end=\"219\">Centre de Recherche en Droit et Management des Services de Sant\u00e9 (CRDMS)<\/strong>, rattach\u00e9 \u00e0 l\u2019Universit\u00e9 Jean Moulin Lyon 3, est un p\u00f4le d\u2019excellence en <strong data-start=\"293\" data-end=\"374\">droit de la sant\u00e9, droit hospitalier et management des organisations de sant\u00e9<\/strong>.<br data-start=\"375\" data-end=\"378\">Il r\u00e9unit juristes, \u00e9conomistes et gestionnaires autour des probl\u00e9matiques d\u2019\u00e9volution du syst\u00e8me de sant\u00e9, d\u2019acc\u00e8s aux soins, de r\u00e9gulation des innovations th\u00e9rapeutiques et de gouvernance hospitali\u00e8re. Partenaire du colloque, le CRDMS apporte un \u00e9clairage pr\u00e9cieux sur les enjeux de pilotage et de financement des innovations dans le domaine des MTI.<\/p>\n<p>\n<\/div><\/div><\/div><\/div><\/div><\/section><section class=\"kc-elm kc-css-136114 kc_row\"><div class=\"kc-row-container  kc-container\"><div class=\"kc-wrap-columns\"><div class=\"kc-elm kc-css-405206 kc_col-sm-12 kc_column kc_col-sm-12\"><div class=\"kc-col-container\"><div class=\"kc-elm kc-css-187062\" style=\"height: 20px; clear: both; width:100%;\"><\/div><\/div><\/div><\/div><\/div><\/section><section class=\"kc-elm kc-css-92451 kc_row\"><div class=\"kc-row-container  kc-container\"><div class=\"kc-wrap-columns\"><div class=\"kc-elm kc-css-7413 kc_col-sm-3 kc_column kc_col-sm-3\"><div class=\"kc-col-container\"><div class=\"kc-elm kc-css-167974 kc_shortcode kc_single_image\">\n\n        <a  href=\"https:\/\/www.forthem-alliance.eu\/\" title=\"\" target=\"_blank\">\n        <img decoding=\"async\" src=\"https:\/\/blog.ube.fr\/reglementation-des-medicaments-de-therapie-innovante\/wp-content\/uploads\/sites\/213\/2025\/06\/No-Background-forthem_Logo-with-text_RZ-1-300x136.png\" class=\"\" alt=\"\" \/><div class=\"kc-image-overlay\"><i class=\"et-global\"><\/i><\/div>    <\/a>\n    <\/div>\n<\/div><\/div><div class=\"kc-elm kc-css-297590 kc_col-sm-9 kc_column kc_col-sm-9\"><div class=\"kc-col-container\"><div class=\"kc-elm kc-css-346282 kc_text_block\"><\/p>\n<p>L\u2019<strong data-start=\"178\" data-end=\"198\">Alliance FORTHEM<\/strong> est un consortium d\u2019universit\u00e9s europ\u00e9ennes r\u00e9unies dans le cadre de l\u2019initiative \u00ab\u202fUniversit\u00e9s europ\u00e9ennes\u202f\u00bb de la Commission europ\u00e9enne. Elle vise \u00e0 cr\u00e9er un campus transnational favorisant la <strong data-start=\"394\" data-end=\"416\">mobilit\u00e9 \u00e9tudiante<\/strong>, la <strong data-start=\"421\" data-end=\"449\">coop\u00e9ration scientifique<\/strong> et le d\u00e9veloppement de projets p\u00e9dagogiques et citoyens communs.<br data-start=\"514\" data-end=\"517\">En tant que membre actif de cette alliance, <strong data-start=\"561\" data-end=\"594\" data-is-only-node=\"\">l\u2019Universit\u00e9 Bourgogne Europe<\/strong> s\u2019inscrit dans une dynamique d\u2019ouverture et de construction d\u2019un espace acad\u00e9mique europ\u00e9en, fond\u00e9e sur la <strong data-start=\"702\" data-end=\"725\">pluridisciplinarit\u00e9<\/strong>, l\u2019<strong data-start=\"729\" data-end=\"755\">innovation p\u00e9dagogique<\/strong> et la <strong data-start=\"762\" data-end=\"789\">recherche collaborative<\/strong>. Le soutien de FORTHEM au colloque refl\u00e8te cet engagement en faveur de la circulation des savoirs et des expertises, notamment dans le domaine des innovations th\u00e9rapeutiques.<\/p>\n<p>\n<\/div><\/div><\/div><\/div><\/div><\/section><\/p>\n","protected":false},"excerpt":{"rendered":"<p class=\"more-link-p\"><a class=\"btn btn-primary\" href=\"https:\/\/blog.ube.fr\/reglementation-des-medicaments-de-therapie-innovante\/nos-partenaires\/\">Voir plus &rarr;<\/a><\/p>\n","protected":false},"author":5570,"featured_media":0,"parent":0,"menu_order":0,"comment_status":"closed","ping_status":"closed","template":"","meta":{"footnotes":""},"class_list":["post-8","page","type-page","status-publish","hentry"],"_links":{"self":[{"href":"https:\/\/blog.ube.fr\/reglementation-des-medicaments-de-therapie-innovante\/wp-json\/wp\/v2\/pages\/8","targetHints":{"allow":["GET"]}}],"collection":[{"href":"https:\/\/blog.ube.fr\/reglementation-des-medicaments-de-therapie-innovante\/wp-json\/wp\/v2\/pages"}],"about":[{"href":"https:\/\/blog.ube.fr\/reglementation-des-medicaments-de-therapie-innovante\/wp-json\/wp\/v2\/types\/page"}],"author":[{"embeddable":true,"href":"https:\/\/blog.ube.fr\/reglementation-des-medicaments-de-therapie-innovante\/wp-json\/wp\/v2\/users\/5570"}],"replies":[{"embeddable":true,"href":"https:\/\/blog.ube.fr\/reglementation-des-medicaments-de-therapie-innovante\/wp-json\/wp\/v2\/comments?post=8"}],"version-history":[{"count":11,"href":"https:\/\/blog.ube.fr\/reglementation-des-medicaments-de-therapie-innovante\/wp-json\/wp\/v2\/pages\/8\/revisions"}],"predecessor-version":[{"id":261,"href":"https:\/\/blog.ube.fr\/reglementation-des-medicaments-de-therapie-innovante\/wp-json\/wp\/v2\/pages\/8\/revisions\/261"}],"wp:attachment":[{"href":"https:\/\/blog.ube.fr\/reglementation-des-medicaments-de-therapie-innovante\/wp-json\/wp\/v2\/media?parent=8"}],"curies":[{"name":"wp","href":"https:\/\/api.w.org\/{rel}","templated":true}]}}