{"id":7,"date":"2025-03-06T09:39:16","date_gmt":"2025-03-06T08:39:16","guid":{"rendered":"https:\/\/blog.u-bourgogne.fr\/reglementation-des-medicaments-de-therapie-innovante\/?page_id=7"},"modified":"2025-06-11T13:16:24","modified_gmt":"2025-06-11T11:16:24","slug":"venir-sejourner-a-dijon-en-pratique","status":"publish","type":"page","link":"https:\/\/blog.ube.fr\/reglementation-des-medicaments-de-therapie-innovante\/venir-sejourner-a-dijon-en-pratique\/","title":{"rendered":"Venir \/ s\u00e9journer \u00e0 Dijon en pratique"},"content":{"rendered":"<p><section class=\"kc-elm kc-css-678756 kc_row\"><div class=\"kc-row-container  kc-container\"><div class=\"kc-wrap-columns\"><div class=\"kc-elm kc-css-577839 kc_col-sm-12 kc_column kc_col-sm-12\"><div class=\"kc-col-container\"><div data-kc-equalheight=\"true\" data-kc-row-action=\"true\" data-kc-equalheight-align=\"middle\" class=\"kc-elm kc-css-634305 kc_row kc_row_inner\"><div class=\"kc-elm kc-css-941996 kc_col-sm-3 kc_column_inner kc_col-sm-3\"><div class=\"kc_wrapper kc-col-inner-container\"><\/div><\/div><div class=\"kc-elm kc-css-861067 kc_col-sm-5 kc_column_inner kc_col-sm-5\"><div class=\"kc_wrapper kc-col-inner-container\"><\/div><\/div><div class=\"kc-elm kc-css-363840 kc_col-sm-4 kc_column_inner kc_col-sm-4\"><div class=\"kc_wrapper kc-col-inner-container\"><div class=\"kc-elm kc-css-266583\" style=\"height: 36px; clear: both; width:100%;\"><\/div><div class=\"kc-elm kc-css-647345 kc-raw-code\"><style>\r\n.english-button {\r\n  background-color: white;\r\n  color: #012169; \/* Bleu fonc\u00e9 du drapeau UK *\/\r\n  border: 2px solid #012169;\r\n  border-radius: 6px;\r\n  padding: 10px 15px;\r\n  font-weight: bold;\r\n  font-size: 16px;\r\n  cursor: pointer;\r\n  display: inline-flex;\r\n  align-items: center;\r\n  gap: 10px;\r\n}\r\n.english-button img {\r\n  width: 24px;\r\n  height: auto;\r\n}\r\n.english-button:hover {\r\n  background-color: #012169;\r\n  color: white;\r\n}\r\n<\/style>\r\n\r\n<a href=\"https:\/\/blog.u-bourgogne.fr\/reglementation-des-medicaments-de-therapie-innovante\/practical-guide-visiting-and-staying-in-dijon\/\">\r\n  <div class=\"english-button\">\r\n    <img decoding=\"async\" src=\"https:\/\/upload.wikimedia.org\/wikipedia\/en\/a\/ae\/Flag_of_the_United_Kingdom.svg\" alt=\"UK flag\">\r\n    Access to the English version\r\n  <\/div>\r\n<\/a><\/div><\/div><\/div><\/div><\/div><\/div><\/div><\/div><\/section><section class=\"kc-elm kc-css-227926 kc_row\"><div class=\"kc-row-container  kc-container\"><div class=\"kc-wrap-columns\"><div class=\"kc-elm kc-css-818466 kc_col-sm-12 kc_column kc_col-sm-12\"><div class=\"kc-col-container\"><div class=\"kc-elm kc-css-268350\" style=\"height: 30px; clear: both; width:100%;\"><\/div><div class=\"kc-elm kc-css-344938 kc_shortcode kc_single_image\">\n\n        <img decoding=\"async\" src=\"https:\/\/blog.ube.fr\/reglementation-des-medicaments-de-therapie-innovante\/wp-content\/uploads\/sites\/213\/2025\/06\/AdobeStock_1493839608.png\" class=\"\" alt=\"\" \/>    <\/div>\n<div class=\"kc-elm kc-css-842411\" style=\"height: 0px; clear: both; width:100%;\"><\/div><\/div><\/div><\/div><\/div><\/section><section class=\"kc-elm kc-css-923012 kc_row\"><div class=\"kc-row-container  kc-container\"><div class=\"kc-wrap-columns\"><div class=\"kc-elm kc-css-896070 kc_col-sm-12 kc_column kc_col-sm-12\"><div class=\"kc-col-container\">\n<div class=\"kc-elm kc-css-656416 kc-title-wrap \">\n\n\t<h1 class=\"kc_title\">VENIR A DIJON<\/h1>\n<\/div>\n<\/div><\/div><\/div><\/div><\/section><section class=\"kc-elm kc-css-704403 kc_row\"><div class=\"kc-row-container  kc-container\"><div class=\"kc-wrap-columns\"><div class=\"kc-elm kc-css-412699 kc_col-sm-12 kc_column kc_col-sm-12\"><div class=\"kc-col-container\"><div class=\"kc-elm kc-css-769065\" style=\"height: 50px; clear: both; width:100%;\"><\/div><\/div><\/div><\/div><\/div><\/section><section class=\"kc-elm kc-css-551352 kc_row\"><div class=\"kc-row-container  kc-container\"><div class=\"kc-wrap-columns\"><div class=\"kc-elm kc-css-381146 kc_col-sm-6 kc_column kc_col-sm-6\"><div class=\"kc-col-container\"><div class=\"kc-elm kc-css-817259 kc_google_maps kc_shortcode\"><div style=\"height: 350px\" class=\"kc-google-maps\"><iframe src=\"https:\/\/www.google.com\/maps\/embed?pb=!1m18!1m12!1m3!1d1129.6203728240678!2d5.064291497561007!3d47.31288149228587!2m3!1f0!2f0!3f0!3m2!1i1024!2i768!4f13.1!3m3!1m2!1s0x47f29e71f777cf17%3A0x78e50fcf3ebd0d41!2sMaison%20des%20sciences%20de%20l&#39;Homme!5e1!3m2!1sfr!2sfr!4v1743186639702!5m2!1sfr!2sfr\" width=\"100%\" height=\"350\" style=\"border:0;\" allowfullscreen=\"\" loading=\"lazy\" referrerpolicy=\"no-referrer-when-downgrade\"><\/iframe><\/div><\/div><\/div><\/div><div class=\"kc-elm kc-css-974464 kc_col-sm-6 kc_column kc_col-sm-6\"><div class=\"kc-col-container\"><div class=\"kc-elm kc-css-687991 kc_text_block\"><\/p>\n<p>Le colloque se d\u00e9roule \u00e0 la Maison de Sciences de l&#039;Homme (MSH), en plein c\u0153ur du campus de l&#039;Universit\u00e9 Bourgogne Europe. Un lieu facilement accessible, quelque soit votre moyen de transport. <\/p>\n<p>\n<\/div><\/div><\/div><\/div><\/div><\/section><section class=\"kc-elm kc-css-187211 kc_row\"><div class=\"kc-row-container  kc-container\"><div class=\"kc-wrap-columns\"><div class=\"kc-elm kc-css-79838 kc_col-sm-12 kc_column kc_col-sm-12\"><div class=\"kc-col-container\"><div class=\"kc-elm kc-css-170981\" style=\"height: 50px; clear: both; width:100%;\"><\/div><\/div><\/div><\/div><\/div><\/section><section class=\"kc-elm kc-css-994672 kc_row\"><div class=\"kc-row-container  kc-container\"><div class=\"kc-wrap-columns\"><div class=\"kc-elm kc-css-634639 kc_col-sm-4 kc_column kc_col-sm-4\"><div class=\"kc-col-container\"><div class=\"kc-elm kc-css-92577 kc-feature-boxes kc-fb-layout-3\">\n\n\t<div class=\"content-icon\"><i class=\"fa-train\"><\/i><\/div><div class=\"box-right\"><div class=\"content-title\">Vous venez en train ?<\/div><div class=\"content-desc\">C'est tr\u00e8s simple, la gare est desservie par le tram T1.\r\nPrenez le tram T1 direction Quetigny et descendez \u00e0 l'arr\u00eat \u00c9rasme.\r\nVous devrez ensuite marcher quelques centaines de m\u00e8tres avant de rejoindre la MSH.<\/div><\/div>\n<\/div>\n<\/div><\/div><div class=\"kc-elm kc-css-496354 kc_col-sm-4 kc_column kc_col-sm-4\"><div class=\"kc-col-container\"><div class=\"kc-elm kc-css-32509 kc-feature-boxes kc-fb-layout-3\">\n\n\t<div class=\"content-icon\"><i class=\"fa-car\"><\/i><\/div><div class=\"box-right\"><div class=\"content-title\">Vous venez en voiture ?<\/div><div class=\"content-desc\">Si vous venez en voiture, rejoignez l'universit\u00e9 par la rocade Est de Dijon. \r\nSortez \u00e0 la sortie \"Universit\u00e9\" et rejoignez le campus. <\/div><\/div>\n<\/div>\n<\/div><\/div><div class=\"kc-elm kc-css-135836 kc_col-sm-4 kc_column kc_col-sm-4\"><div class=\"kc-col-container\"><div class=\"kc-elm kc-css-566361 kc-feature-boxes kc-fb-layout-3\">\n\n\t<div class=\"content-icon\"><i class=\"fa-plane\"><\/i><\/div><div class=\"box-right\"><div class=\"content-title\">Vous venez en avion ?<\/div><div class=\"content-desc\">Si vous atterrissez \u00e0 Paris, le plus simple est de prendre le TGV \u00e0 la gare de Lyon, qui vous am\u00e8nera directement \u00e0 la gare de Dijon en 1h40. <\/div><\/div>\n<\/div>\n<\/div><\/div><\/div><\/div><\/section><\/p>\n","protected":false},"excerpt":{"rendered":"<p class=\"more-link-p\"><a class=\"btn btn-primary\" href=\"https:\/\/blog.ube.fr\/reglementation-des-medicaments-de-therapie-innovante\/venir-sejourner-a-dijon-en-pratique\/\">Voir plus &rarr;<\/a><\/p>\n","protected":false},"author":5570,"featured_media":0,"parent":0,"menu_order":0,"comment_status":"closed","ping_status":"closed","template":"","meta":{"footnotes":""},"class_list":["post-7","page","type-page","status-publish","hentry"],"_links":{"self":[{"href":"https:\/\/blog.ube.fr\/reglementation-des-medicaments-de-therapie-innovante\/wp-json\/wp\/v2\/pages\/7","targetHints":{"allow":["GET"]}}],"collection":[{"href":"https:\/\/blog.ube.fr\/reglementation-des-medicaments-de-therapie-innovante\/wp-json\/wp\/v2\/pages"}],"about":[{"href":"https:\/\/blog.ube.fr\/reglementation-des-medicaments-de-therapie-innovante\/wp-json\/wp\/v2\/types\/page"}],"author":[{"embeddable":true,"href":"https:\/\/blog.ube.fr\/reglementation-des-medicaments-de-therapie-innovante\/wp-json\/wp\/v2\/users\/5570"}],"replies":[{"embeddable":true,"href":"https:\/\/blog.ube.fr\/reglementation-des-medicaments-de-therapie-innovante\/wp-json\/wp\/v2\/comments?post=7"}],"version-history":[{"count":12,"href":"https:\/\/blog.ube.fr\/reglementation-des-medicaments-de-therapie-innovante\/wp-json\/wp\/v2\/pages\/7\/revisions"}],"predecessor-version":[{"id":215,"href":"https:\/\/blog.ube.fr\/reglementation-des-medicaments-de-therapie-innovante\/wp-json\/wp\/v2\/pages\/7\/revisions\/215"}],"wp:attachment":[{"href":"https:\/\/blog.ube.fr\/reglementation-des-medicaments-de-therapie-innovante\/wp-json\/wp\/v2\/media?parent=7"}],"curies":[{"name":"wp","href":"https:\/\/api.w.org\/{rel}","templated":true}]}}