{"id":2199,"date":"2022-06-24T14:14:22","date_gmt":"2022-06-24T13:14:22","guid":{"rendered":"https:\/\/blog.u-bourgogne.fr\/recherches-shs-proches-aidants-handicaps\/?page_id=2199"},"modified":"2023-01-13T18:28:53","modified_gmt":"2023-01-13T17:28:53","slug":"equipe","status":"publish","type":"page","link":"https:\/\/blog.ube.fr\/recherches-shs-proches-aidants-handicaps\/equipe\/","title":{"rendered":"Equipe"},"content":{"rendered":"<h4><strong>Une \u00e9quipe dynamique et investie, constitu\u00e9e pour mener des recherches pluridisciplinaires et participatives !<\/strong><\/h4>\n<p>Nos recherches associent plusieurs disciplines et plusieurs types d&#8217;acteurs. Au c\u0153ur des projets, il y a <strong>une \u00e9quipe de chercheurs acad\u00e9miques en SHS<\/strong> compos\u00e9e d&#8217;\u00e9conomistes et de sociologues (<a href=\"https:\/\/blog.ube.fr\/recherches-shs-proches-aidants-handicaps\/2022\/06\/23\/equipe-shs\/\" target=\"_blank\" rel=\"noopener\">plus d&#8217;informations ici<\/a>). Cette association va bien au-del\u00e0 de la pluridisciplinarit\u00e9 car nous nous effor\u00e7ons d&#8217;aller vers plus d&#8217;interdisciplinarit\u00e9 dans nos projets.<\/p>\n<p>A c\u00f4t\u00e9 de cette \u00e9quipe SHS, d&#8217;autres partenaires sont fortement impliqu\u00e9s dans les projets dans une <strong>approche participative effective<\/strong>. Participent ainsi \u00e0 nos projets <strong>deux fili\u00e8res de sant\u00e9 maladies rares<\/strong> (AnDDI-Rares et D\u00e9fiScience), <strong>une \u00e9quipe relais handicap rare<\/strong> (ERHR Nord Est antenne Bourgogne Franche-Comt\u00e9), et <strong>deux associations<\/strong> (Unapei et r\u00e9seau eNorme). Nos projets s&#8217;inscrivent aussi dans l&#8217;<strong>axe SHS de la FHU Translad<\/strong>. Ceux donc aussi des professionnels de sant\u00e9, des charg\u00e9s de mission au sein des fili\u00e8res ou ERHR, des b\u00e9n\u00e9voles ou repr\u00e9sentants au sein d&#8217;associations qui participent \u00e0 nos projets. Plus d&#8217;informations sur nos partenaires en cliquant <a href=\"https:\/\/blog.ube.fr\/recherches-shs-proches-aidants-handicaps\/2022\/06\/23\/equipes-partenaires\/\" target=\"_blank\" rel=\"noopener\">ici<\/a>.<\/p>\n<h4><strong>Recherche acad\u00e9mique et r\u00e9alit\u00e9s du terrain nous semblent indissociables !<\/strong><\/h4>\n","protected":false},"excerpt":{"rendered":"<p>Une \u00e9quipe dynamique et investie, constitu\u00e9e pour mener des recherches pluridisciplinaires et participatives ! Nos recherches associent plusieurs disciplines et plusieurs types d&#8217;acteurs. Au c\u0153ur des projets, il y a une \u00e9quipe de chercheurs acad\u00e9miques en SHS compos\u00e9e d&#8217;\u00e9conomistes et de sociologues (plus d&#8217;informations ici). Cette association va bien au-del\u00e0 de la pluridisciplinarit\u00e9 car nous&hellip;<\/p>\n<p class=\"more-link-p\"><a class=\"btn btn-primary\" href=\"https:\/\/blog.ube.fr\/recherches-shs-proches-aidants-handicaps\/equipe\/\">Voir plus &rarr;<\/a><\/p>\n","protected":false},"author":4332,"featured_media":0,"parent":0,"menu_order":0,"comment_status":"closed","ping_status":"closed","template":"","meta":{"_exactmetrics_skip_tracking":false,"_exactmetrics_sitenote_active":false,"_exactmetrics_sitenote_note":"","_exactmetrics_sitenote_category":0,"footnotes":""},"class_list":["post-2199","page","type-page","status-publish","hentry"],"yoast_head":"<!-- This site is optimized with the Yoast SEO plugin v21.6 - https:\/\/yoast.com\/wordpress\/plugins\/seo\/ -->\n<title>Equipe - Programme de recherche proches aidants handicaps<\/title>\n<meta name=\"robots\" content=\"index, follow, max-snippet:-1, max-image-preview:large, max-video-preview:-1\" \/>\n<link rel=\"canonical\" href=\"https:\/\/blog.u-bourgogne.fr\/recherches-shs-proches-aidants-handicaps\/equipe\/\" \/>\n<meta property=\"og:locale\" content=\"fr_FR\" \/>\n<meta property=\"og:type\" content=\"article\" \/>\n<meta property=\"og:title\" content=\"Equipe - Programme de recherche proches aidants handicaps\" \/>\n<meta property=\"og:description\" content=\"Une \u00e9quipe dynamique et investie, constitu\u00e9e pour mener des recherches pluridisciplinaires et participatives ! Nos recherches associent plusieurs disciplines et plusieurs types d&#8217;acteurs. Au c\u0153ur des projets, il y a une \u00e9quipe de chercheurs acad\u00e9miques en SHS compos\u00e9e d&#8217;\u00e9conomistes et de sociologues (plus d&#8217;informations ici). Cette association va bien au-del\u00e0 de la pluridisciplinarit\u00e9 car nous&hellip;Voir plus &rarr;\" \/>\n<meta property=\"og:url\" content=\"https:\/\/blog.u-bourgogne.fr\/recherches-shs-proches-aidants-handicaps\/equipe\/\" \/>\n<meta property=\"og:site_name\" content=\"Programme de recherche proches aidants handicaps\" \/>\n<meta property=\"article:modified_time\" content=\"2023-01-13T17:28:53+00:00\" \/>\n<meta name=\"twitter:card\" content=\"summary_large_image\" \/>\n<meta name=\"twitter:label1\" content=\"Dur\u00e9e de lecture estim\u00e9e\" \/>\n\t<meta name=\"twitter:data1\" content=\"1 minute\" \/>\n<script type=\"application\/ld+json\" class=\"yoast-schema-graph\">{\"@context\":\"https:\/\/schema.org\",\"@graph\":[{\"@type\":\"WebPage\",\"@id\":\"https:\/\/blog.u-bourgogne.fr\/recherches-shs-proches-aidants-handicaps\/equipe\/\",\"url\":\"https:\/\/blog.u-bourgogne.fr\/recherches-shs-proches-aidants-handicaps\/equipe\/\",\"name\":\"Equipe - Programme de recherche proches aidants handicaps\",\"isPartOf\":{\"@id\":\"https:\/\/blog.u-bourgogne.fr\/recherches-shs-proches-aidants-handicaps\/#website\"},\"datePublished\":\"2022-06-24T13:14:22+00:00\",\"dateModified\":\"2023-01-13T17:28:53+00:00\",\"breadcrumb\":{\"@id\":\"https:\/\/blog.u-bourgogne.fr\/recherches-shs-proches-aidants-handicaps\/equipe\/#breadcrumb\"},\"inLanguage\":\"fr-FR\",\"potentialAction\":[{\"@type\":\"ReadAction\",\"target\":[\"https:\/\/blog.u-bourgogne.fr\/recherches-shs-proches-aidants-handicaps\/equipe\/\"]}]},{\"@type\":\"BreadcrumbList\",\"@id\":\"https:\/\/blog.u-bourgogne.fr\/recherches-shs-proches-aidants-handicaps\/equipe\/#breadcrumb\",\"itemListElement\":[{\"@type\":\"ListItem\",\"position\":1,\"name\":\"Accueil\",\"item\":\"https:\/\/blog.u-bourgogne.fr\/recherches-shs-proches-aidants-handicaps\/\"},{\"@type\":\"ListItem\",\"position\":2,\"name\":\"Equipe\"}]},{\"@type\":\"WebSite\",\"@id\":\"https:\/\/blog.u-bourgogne.fr\/recherches-shs-proches-aidants-handicaps\/#website\",\"url\":\"https:\/\/blog.u-bourgogne.fr\/recherches-shs-proches-aidants-handicaps\/\",\"name\":\"Programme de recherche proches aidants handicaps\",\"description\":\"Un site utilisant Reseau blog-ub\",\"potentialAction\":[{\"@type\":\"SearchAction\",\"target\":{\"@type\":\"EntryPoint\",\"urlTemplate\":\"https:\/\/blog.u-bourgogne.fr\/recherches-shs-proches-aidants-handicaps\/?s={search_term_string}\"},\"query-input\":\"required name=search_term_string\"}],\"inLanguage\":\"fr-FR\"}]}<\/script>\n<!-- \/ Yoast SEO plugin. -->","yoast_head_json":{"title":"Equipe - Programme de recherche proches aidants handicaps","robots":{"index":"index","follow":"follow","max-snippet":"max-snippet:-1","max-image-preview":"max-image-preview:large","max-video-preview":"max-video-preview:-1"},"canonical":"https:\/\/blog.u-bourgogne.fr\/recherches-shs-proches-aidants-handicaps\/equipe\/","og_locale":"fr_FR","og_type":"article","og_title":"Equipe - Programme de recherche proches aidants handicaps","og_description":"Une \u00e9quipe dynamique et investie, constitu\u00e9e pour mener des recherches pluridisciplinaires et participatives ! Nos recherches associent plusieurs disciplines et plusieurs types d&#8217;acteurs. Au c\u0153ur des projets, il y a une \u00e9quipe de chercheurs acad\u00e9miques en SHS compos\u00e9e d&#8217;\u00e9conomistes et de sociologues (plus d&#8217;informations ici). Cette association va bien au-del\u00e0 de la pluridisciplinarit\u00e9 car nous&hellip;Voir plus &rarr;","og_url":"https:\/\/blog.u-bourgogne.fr\/recherches-shs-proches-aidants-handicaps\/equipe\/","og_site_name":"Programme de recherche proches aidants handicaps","article_modified_time":"2023-01-13T17:28:53+00:00","twitter_card":"summary_large_image","twitter_misc":{"Dur\u00e9e de lecture estim\u00e9e":"1 minute"},"schema":{"@context":"https:\/\/schema.org","@graph":[{"@type":"WebPage","@id":"https:\/\/blog.u-bourgogne.fr\/recherches-shs-proches-aidants-handicaps\/equipe\/","url":"https:\/\/blog.u-bourgogne.fr\/recherches-shs-proches-aidants-handicaps\/equipe\/","name":"Equipe - Programme de recherche proches aidants handicaps","isPartOf":{"@id":"https:\/\/blog.u-bourgogne.fr\/recherches-shs-proches-aidants-handicaps\/#website"},"datePublished":"2022-06-24T13:14:22+00:00","dateModified":"2023-01-13T17:28:53+00:00","breadcrumb":{"@id":"https:\/\/blog.u-bourgogne.fr\/recherches-shs-proches-aidants-handicaps\/equipe\/#breadcrumb"},"inLanguage":"fr-FR","potentialAction":[{"@type":"ReadAction","target":["https:\/\/blog.u-bourgogne.fr\/recherches-shs-proches-aidants-handicaps\/equipe\/"]}]},{"@type":"BreadcrumbList","@id":"https:\/\/blog.u-bourgogne.fr\/recherches-shs-proches-aidants-handicaps\/equipe\/#breadcrumb","itemListElement":[{"@type":"ListItem","position":1,"name":"Accueil","item":"https:\/\/blog.u-bourgogne.fr\/recherches-shs-proches-aidants-handicaps\/"},{"@type":"ListItem","position":2,"name":"Equipe"}]},{"@type":"WebSite","@id":"https:\/\/blog.u-bourgogne.fr\/recherches-shs-proches-aidants-handicaps\/#website","url":"https:\/\/blog.u-bourgogne.fr\/recherches-shs-proches-aidants-handicaps\/","name":"Programme de recherche proches aidants handicaps","description":"Un site utilisant Reseau blog-ub","potentialAction":[{"@type":"SearchAction","target":{"@type":"EntryPoint","urlTemplate":"https:\/\/blog.u-bourgogne.fr\/recherches-shs-proches-aidants-handicaps\/?s={search_term_string}"},"query-input":"required name=search_term_string"}],"inLanguage":"fr-FR"}]}},"_links":{"self":[{"href":"https:\/\/blog.ube.fr\/recherches-shs-proches-aidants-handicaps\/wp-json\/wp\/v2\/pages\/2199","targetHints":{"allow":["GET"]}}],"collection":[{"href":"https:\/\/blog.ube.fr\/recherches-shs-proches-aidants-handicaps\/wp-json\/wp\/v2\/pages"}],"about":[{"href":"https:\/\/blog.ube.fr\/recherches-shs-proches-aidants-handicaps\/wp-json\/wp\/v2\/types\/page"}],"author":[{"embeddable":true,"href":"https:\/\/blog.ube.fr\/recherches-shs-proches-aidants-handicaps\/wp-json\/wp\/v2\/users\/4332"}],"replies":[{"embeddable":true,"href":"https:\/\/blog.ube.fr\/recherches-shs-proches-aidants-handicaps\/wp-json\/wp\/v2\/comments?post=2199"}],"version-history":[{"count":6,"href":"https:\/\/blog.ube.fr\/recherches-shs-proches-aidants-handicaps\/wp-json\/wp\/v2\/pages\/2199\/revisions"}],"predecessor-version":[{"id":2458,"href":"https:\/\/blog.ube.fr\/recherches-shs-proches-aidants-handicaps\/wp-json\/wp\/v2\/pages\/2199\/revisions\/2458"}],"wp:attachment":[{"href":"https:\/\/blog.ube.fr\/recherches-shs-proches-aidants-handicaps\/wp-json\/wp\/v2\/media?parent=2199"}],"curies":[{"name":"wp","href":"https:\/\/api.w.org\/{rel}","templated":true}]}}