{"id":7,"date":"2016-11-14T16:56:18","date_gmt":"2016-11-14T15:56:18","guid":{"rendered":"http:\/\/blog.u-bourgogne.fr\/recherche-translationnelle-cancerologie\/?page_id=7"},"modified":"2020-01-30T16:18:45","modified_gmt":"2020-01-30T15:18:45","slug":"presentation","status":"publish","type":"page","link":"https:\/\/blog.ube.fr\/recherche-translationnelle-cancerologie\/","title":{"rendered":"Pr\u00e9sentation"},"content":{"rendered":"<p><strong>La recherche translationnelle en canc\u00e9rologie (RTC)<\/strong> a pour objectif d&#8217;am\u00e9liorer les traitements des patients et leur qualit\u00e9 de vie et de pr\u00e9venir la maladie.<\/p>\n<p>Les approches de la RTC rel\u00e8vent de disciplines diff\u00e9rentes comme la physiologie, la pathologie, la biologie, la chimie, la pharmacologie. D&#8217;autres approches concernent le patient dans son environnement, ou s&#8217;adressent \u00e0 la mise en \u0153uvre des traitements, du d\u00e9pistage ou de la pr\u00e9vention. Ces derni\u00e8res sont le fait d&#8217;autres disciplines telles que l&#8217;\u00e9pid\u00e9miologie, la psychologie, la sociologie, l&#8217;\u00e9conomie, le droit. Toutes ces approches sont indispensables au succ\u00e8s de la RTC et visent le m\u00eame objectif : <strong>le patient<\/strong>.<\/p>\n<p>Les performances de la RTC seraient notablement am\u00e9lior\u00e9es si tous les acteurs coordonnaient leurs efforts, si les d\u00e9marches, les m\u00e9thodes et les pratiques de chacun \u00e9taient connues de tous.<\/p>\n<p style=\"text-align: center\"><a href=\"http:\/\/blog.ube.fr\/recherche-translationnelle-cancerologie\/wp-content\/uploads\/sites\/66\/2020\/01\/plaquetteRTC.pdf\" target=\"_blank\" rel=\"noopener noreferrer\"><img loading=\"lazy\" decoding=\"async\" class=\"transparent aligncenter\" src=\"http:\/\/blog.ube.fr\/recherche-translationnelle-cancerologie\/wp-content\/uploads\/sites\/66\/2020\/01\/pdf.png\" alt=\"png\" width=\"50\" height=\"50\" \/><\/a><\/p>\n<table border=\"0\" cellspacing=\"20\" cellpadding=\"0\" align=\"center\">\n<tbody>\n<tr>\n<td valign=\"middle\"><img loading=\"lazy\" decoding=\"async\" class=\"aligncenter\" src=\"http:\/\/blog.ube.fr\/recherche-translationnelle-cancerologie\/wp-content\/uploads\/sites\/66\/2016\/12\/ubfc.png\" width=\"155\" height=\"82\" \/><\/td>\n<td valign=\"middle\" width=\"50\"><\/td>\n<td valign=\"middle\">\u00a0<img loading=\"lazy\" decoding=\"async\" src=\"http:\/\/blog.ube.fr\/recherche-translationnelle-cancerologie\/wp-content\/uploads\/sites\/66\/2016\/12\/logo-psl.png\" width=\"155\" height=\"83\" \/><\/td>\n<td valign=\"middle\" width=\"50\"><\/td>\n<td valign=\"middle\"><img loading=\"lazy\" decoding=\"async\" class=\"aligncenter\" src=\"http:\/\/blog.ube.fr\/recherche-translationnelle-cancerologie\/wp-content\/uploads\/sites\/66\/2017\/12\/canceropole.png\" width=\"160\" height=\"47\" \/><span id=\"transmark\" style=\"width: 0px;height: 0px\"><\/span><\/td>\n<\/tr>\n<\/tbody>\n<\/table>\n<p>&nbsp;<\/p>\n","protected":false},"excerpt":{"rendered":"<p>La recherche translationnelle en canc\u00e9rologie (RTC) a pour objectif d&#8217;am\u00e9liorer les traitements des patients et leur qualit\u00e9 de vie et de pr\u00e9venir la maladie. Les approches de la RTC rel\u00e8vent de disciplines diff\u00e9rentes comme la physiologie, la pathologie, la biologie, la chimie, la pharmacologie. D&#8217;autres approches concernent le patient dans son environnement, ou s&#8217;adressent \u00e0<\/p>\n<p><a class=\"button\" href=\"https:\/\/blog.ube.fr\/recherche-translationnelle-cancerologie\/\" title=\"More\">  Voir plus \u2192<\/a><\/p>\n","protected":false},"author":261,"featured_media":0,"parent":0,"menu_order":0,"comment_status":"closed","ping_status":"closed","template":"","meta":{"footnotes":""},"class_list":["post-7","page","type-page","status-publish","hentry"],"_links":{"self":[{"href":"https:\/\/blog.ube.fr\/recherche-translationnelle-cancerologie\/wp-json\/wp\/v2\/pages\/7","targetHints":{"allow":["GET"]}}],"collection":[{"href":"https:\/\/blog.ube.fr\/recherche-translationnelle-cancerologie\/wp-json\/wp\/v2\/pages"}],"about":[{"href":"https:\/\/blog.ube.fr\/recherche-translationnelle-cancerologie\/wp-json\/wp\/v2\/types\/page"}],"author":[{"embeddable":true,"href":"https:\/\/blog.ube.fr\/recherche-translationnelle-cancerologie\/wp-json\/wp\/v2\/users\/261"}],"replies":[{"embeddable":true,"href":"https:\/\/blog.ube.fr\/recherche-translationnelle-cancerologie\/wp-json\/wp\/v2\/comments?post=7"}],"version-history":[{"count":22,"href":"https:\/\/blog.ube.fr\/recherche-translationnelle-cancerologie\/wp-json\/wp\/v2\/pages\/7\/revisions"}],"predecessor-version":[{"id":237,"href":"https:\/\/blog.ube.fr\/recherche-translationnelle-cancerologie\/wp-json\/wp\/v2\/pages\/7\/revisions\/237"}],"wp:attachment":[{"href":"https:\/\/blog.ube.fr\/recherche-translationnelle-cancerologie\/wp-json\/wp\/v2\/media?parent=7"}],"curies":[{"name":"wp","href":"https:\/\/api.w.org\/{rel}","templated":true}]}}