{"id":56,"date":"2024-10-14T11:03:13","date_gmt":"2024-10-14T09:03:13","guid":{"rendered":"https:\/\/blog.u-bourgogne.fr\/projet-beelzebot\/?page_id=56"},"modified":"2024-10-14T18:11:25","modified_gmt":"2024-10-14T16:11:25","slug":"consortium","status":"publish","type":"page","link":"https:\/\/blog.ube.fr\/projet-beelzebot\/consortium\/","title":{"rendered":"Consortium"},"content":{"rendered":"<p style=\"text-align: justify;\">Ce projet est le fruit d&#8217;un partenariat public\/priv\u00e9 entre des laboratoires de l&#8217;Universit\u00e9 de Bourgogne et de l&#8217;Universit\u00e9 de Normandie ainsi que de la soci\u00e9t\u00e9 Webdrone, sp\u00e9cialis\u00e9e dans la cybercriminalit\u00e9. L&#8217;approche est pluridisciplinaire est regroupe des laboratoires en Sciences de l&#8217;Information et de la Communication, Sciences du langage, G\u00e9ographe et Sciences de donn\u00e9es<\/p>\n<p>Les laboratoires impliqu\u00e9s sont :<\/p>\n<p><a href=\"https:\/\/cimeos.u-bourgogne.fr\"><img loading=\"lazy\" decoding=\"async\" class=\"alignnone wp-image-72\" src=\"https:\/\/blog.ube.fr\/projet-beelzebot\/wp-content\/uploads\/sites\/201\/2024\/10\/cimeos-300x68.png\" alt=\"\" width=\"181\" height=\"41\" srcset=\"https:\/\/blog.ube.fr\/projet-beelzebot\/wp-content\/uploads\/sites\/201\/2024\/10\/cimeos-300x68.png 300w, https:\/\/blog.ube.fr\/projet-beelzebot\/wp-content\/uploads\/sites\/201\/2024\/10\/cimeos.png 427w\" sizes=\"auto, (max-width: 181px) 100vw, 181px\" \/><\/a><\/p>\n<p><a href=\"https:\/\/til.u-bourgogne.fr\"><img loading=\"lazy\" decoding=\"async\" class=\"alignnone wp-image-75\" src=\"https:\/\/blog.ube.fr\/projet-beelzebot\/wp-content\/uploads\/sites\/201\/2024\/10\/til.jpg\" alt=\"\" width=\"90\" height=\"94\" \/><\/a><\/p>\n<p><a href=\"https:\/\/lib.u-bourgogne.fr\"><img loading=\"lazy\" decoding=\"async\" class=\"alignnone wp-image-74\" style=\"font-size: 16px;\" src=\"https:\/\/blog.ube.fr\/projet-beelzebot\/wp-content\/uploads\/sites\/201\/2024\/10\/lib-300x77.png\" alt=\"\" width=\"206\" height=\"53\" srcset=\"https:\/\/blog.ube.fr\/projet-beelzebot\/wp-content\/uploads\/sites\/201\/2024\/10\/lib-300x77.png 300w, https:\/\/blog.ube.fr\/projet-beelzebot\/wp-content\/uploads\/sites\/201\/2024\/10\/lib.png 404w\" sizes=\"auto, (max-width: 206px) 100vw, 206px\" \/><\/a><\/p>\n<p><a href=\"https:\/\/umr-idees.fr\"><img loading=\"lazy\" decoding=\"async\" class=\"alignnone wp-image-73\" src=\"https:\/\/blog.ube.fr\/projet-beelzebot\/wp-content\/uploads\/sites\/201\/2024\/10\/idees.png\" alt=\"\" width=\"179\" height=\"93\" \/><\/a><\/p>\n<hr \/>\n<p><a href=\"https:\/\/www.webdrone.fr\/fr\/\"><img loading=\"lazy\" decoding=\"async\" class=\"alignnone size-medium wp-image-77\" src=\"https:\/\/blog.ube.fr\/projet-beelzebot\/wp-content\/uploads\/sites\/201\/2024\/10\/webdrone-300x104.png\" alt=\"\" width=\"300\" height=\"104\" srcset=\"https:\/\/blog.ube.fr\/projet-beelzebot\/wp-content\/uploads\/sites\/201\/2024\/10\/webdrone-300x104.png 300w, https:\/\/blog.ube.fr\/projet-beelzebot\/wp-content\/uploads\/sites\/201\/2024\/10\/webdrone.png 432w\" sizes=\"auto, (max-width: 300px) 100vw, 300px\" \/><\/a><\/p>\n<p>&nbsp;<\/p>\n","protected":false},"excerpt":{"rendered":"<p>Ce projet est le fruit d&#8217;un partenariat public\/priv\u00e9 entre des laboratoires de l&#8217;Universit\u00e9 de Bourgogne et de l&#8217;Universit\u00e9 de Normandie ainsi que de la soci\u00e9t\u00e9 Webdrone, sp\u00e9cialis\u00e9e dans la cybercriminalit\u00e9. L&#8217;approche est pluridisciplinaire est regroupe des laboratoires en Sciences de l&#8217;Information et de la Communication, Sciences du langage, G\u00e9ographe et Sciences de donn\u00e9es Les laboratoires&hellip;<\/p>\n<p class=\"more-link-p\"><a class=\"btn btn-primary\" href=\"https:\/\/blog.ube.fr\/projet-beelzebot\/consortium\/\">Voir plus &rarr;<\/a><\/p>\n","protected":false},"author":6296,"featured_media":0,"parent":0,"menu_order":0,"comment_status":"closed","ping_status":"closed","template":"","meta":{"footnotes":""},"class_list":["post-56","page","type-page","status-publish","hentry"],"_links":{"self":[{"href":"https:\/\/blog.ube.fr\/projet-beelzebot\/wp-json\/wp\/v2\/pages\/56","targetHints":{"allow":["GET"]}}],"collection":[{"href":"https:\/\/blog.ube.fr\/projet-beelzebot\/wp-json\/wp\/v2\/pages"}],"about":[{"href":"https:\/\/blog.ube.fr\/projet-beelzebot\/wp-json\/wp\/v2\/types\/page"}],"author":[{"embeddable":true,"href":"https:\/\/blog.ube.fr\/projet-beelzebot\/wp-json\/wp\/v2\/users\/6296"}],"replies":[{"embeddable":true,"href":"https:\/\/blog.ube.fr\/projet-beelzebot\/wp-json\/wp\/v2\/comments?post=56"}],"version-history":[{"count":5,"href":"https:\/\/blog.ube.fr\/projet-beelzebot\/wp-json\/wp\/v2\/pages\/56\/revisions"}],"predecessor-version":[{"id":107,"href":"https:\/\/blog.ube.fr\/projet-beelzebot\/wp-json\/wp\/v2\/pages\/56\/revisions\/107"}],"wp:attachment":[{"href":"https:\/\/blog.ube.fr\/projet-beelzebot\/wp-json\/wp\/v2\/media?parent=56"}],"curies":[{"name":"wp","href":"https:\/\/api.w.org\/{rel}","templated":true}]}}