{"id":920,"date":"2021-06-15T17:26:37","date_gmt":"2021-06-15T15:26:37","guid":{"rendered":"http:\/\/blog.u-bourgogne.fr\/nuit-des-chercheurs\/wp-content\/uploads\/sites\/74\/2021\/06\/cropped-ampoule-bleu.png"},"modified":"2021-06-15T17:26:37","modified_gmt":"2021-06-15T15:26:37","slug":"cropped-ampoule-bleu-png","status":"inherit","type":"attachment","link":"https:\/\/blog.ube.fr\/nuit-des-chercheurs\/cropped-ampoule-bleu-png\/","title":{"rendered":"cropped-ampoule-bleu.png"},"author":3759,"featured_media":0,"comment_status":"closed","ping_status":"closed","template":"","meta":{"_exactmetrics_skip_tracking":false,"_exactmetrics_sitenote_active":false,"_exactmetrics_sitenote_note":"","_exactmetrics_sitenote_category":0},"class_list":["post-920","attachment","type-attachment","status-inherit","hentry"],"yoast_head":"<!-- This site is optimized with the Yoast SEO plugin v21.6 - https:\/\/yoast.com\/wordpress\/plugins\/seo\/ -->\n<title>cropped-ampoule-bleu.png - Nuit europ\u00e9enne des chercheurs \u00e0 Dijon<\/title>\n<meta name=\"robots\" content=\"index, follow, max-snippet:-1, max-image-preview:large, max-video-preview:-1\" \/>\n<link rel=\"canonical\" href=\"https:\/\/blog.u-bourgogne.fr\/nuit-des-chercheurs\/wp-content\/uploads\/sites\/74\/2021\/06\/cropped-ampoule-bleu.png\" \/>\n<meta property=\"og:locale\" content=\"fr_FR\" \/>\n<meta property=\"og:type\" content=\"article\" \/>\n<meta property=\"og:title\" content=\"cropped-ampoule-bleu.png - Nuit europ\u00e9enne des chercheurs \u00e0 Dijon\" \/>\n<meta property=\"og:description\" content=\"http:\/\/blog.ube.fr\/nuit-des-chercheurs\/wp-content\/uploads\/sites\/74\/2021\/06\/cropped-ampoule-bleu.pngVoir plus &rarr;\" \/>\n<meta property=\"og:url\" content=\"https:\/\/blog.u-bourgogne.fr\/nuit-des-chercheurs\/wp-content\/uploads\/sites\/74\/2021\/06\/cropped-ampoule-bleu.png\" \/>\n<meta property=\"og:site_name\" content=\"Nuit europ\u00e9enne des chercheurs \u00e0 Dijon\" \/>\n<meta property=\"og:image\" content=\"https:\/\/blog.u-bourgogne.fr\/nuit-des-chercheurs\/wp-content\/uploads\/sites\/74\/2021\/06\/cropped-ampoule-bleu.png\" \/>\n\t<meta property=\"og:image:width\" content=\"512\" \/>\n\t<meta property=\"og:image:height\" content=\"512\" \/>\n\t<meta property=\"og:image:type\" content=\"image\/png\" \/>\n<meta name=\"twitter:card\" content=\"summary_large_image\" \/>\n<script type=\"application\/ld+json\" class=\"yoast-schema-graph\">{\"@context\":\"https:\/\/schema.org\",\"@graph\":[{\"@type\":\"WebPage\",\"@id\":\"https:\/\/blog.u-bourgogne.fr\/nuit-des-chercheurs\/wp-content\/uploads\/sites\/74\/2021\/06\/cropped-ampoule-bleu.png\",\"url\":\"https:\/\/blog.u-bourgogne.fr\/nuit-des-chercheurs\/wp-content\/uploads\/sites\/74\/2021\/06\/cropped-ampoule-bleu.png\",\"name\":\"cropped-ampoule-bleu.png - Nuit europ\u00e9enne des chercheurs \u00e0 Dijon\",\"isPartOf\":{\"@id\":\"https:\/\/blog.u-bourgogne.fr\/nuit-des-chercheurs\/#website\"},\"datePublished\":\"2021-06-15T15:26:37+00:00\",\"dateModified\":\"2021-06-15T15:26:37+00:00\",\"breadcrumb\":{\"@id\":\"https:\/\/blog.u-bourgogne.fr\/nuit-des-chercheurs\/wp-content\/uploads\/sites\/74\/2021\/06\/cropped-ampoule-bleu.png#breadcrumb\"},\"inLanguage\":\"fr-FR\",\"potentialAction\":[{\"@type\":\"ReadAction\",\"target\":[\"https:\/\/blog.u-bourgogne.fr\/nuit-des-chercheurs\/wp-content\/uploads\/sites\/74\/2021\/06\/cropped-ampoule-bleu.png\"]}]},{\"@type\":\"BreadcrumbList\",\"@id\":\"https:\/\/blog.u-bourgogne.fr\/nuit-des-chercheurs\/wp-content\/uploads\/sites\/74\/2021\/06\/cropped-ampoule-bleu.png#breadcrumb\",\"itemListElement\":[{\"@type\":\"ListItem\",\"position\":1,\"name\":\"Accueil\",\"item\":\"https:\/\/blog.u-bourgogne.fr\/nuit-des-chercheurs\/\"},{\"@type\":\"ListItem\",\"position\":2,\"name\":\"cropped-ampoule-bleu.png\"}]},{\"@type\":\"WebSite\",\"@id\":\"https:\/\/blog.u-bourgogne.fr\/nuit-des-chercheurs\/#website\",\"url\":\"https:\/\/blog.u-bourgogne.fr\/nuit-des-chercheurs\/\",\"name\":\"Nuit europ\u00e9enne des chercheurs \u00e0 Dijon\",\"description\":\"Nuit europ\u00e9enne des chercheurs \u00e0 Dijon\",\"potentialAction\":[{\"@type\":\"SearchAction\",\"target\":{\"@type\":\"EntryPoint\",\"urlTemplate\":\"https:\/\/blog.u-bourgogne.fr\/nuit-des-chercheurs\/?s={search_term_string}\"},\"query-input\":\"required name=search_term_string\"}],\"inLanguage\":\"fr-FR\"}]}<\/script>\n<!-- \/ Yoast SEO plugin. -->","yoast_head_json":{"title":"cropped-ampoule-bleu.png - Nuit europ\u00e9enne des chercheurs \u00e0 Dijon","robots":{"index":"index","follow":"follow","max-snippet":"max-snippet:-1","max-image-preview":"max-image-preview:large","max-video-preview":"max-video-preview:-1"},"canonical":"https:\/\/blog.u-bourgogne.fr\/nuit-des-chercheurs\/wp-content\/uploads\/sites\/74\/2021\/06\/cropped-ampoule-bleu.png","og_locale":"fr_FR","og_type":"article","og_title":"cropped-ampoule-bleu.png - Nuit europ\u00e9enne des chercheurs \u00e0 Dijon","og_description":"http:\/\/blog.ube.fr\/nuit-des-chercheurs\/wp-content\/uploads\/sites\/74\/2021\/06\/cropped-ampoule-bleu.pngVoir plus &rarr;","og_url":"https:\/\/blog.u-bourgogne.fr\/nuit-des-chercheurs\/wp-content\/uploads\/sites\/74\/2021\/06\/cropped-ampoule-bleu.png","og_site_name":"Nuit europ\u00e9enne des chercheurs \u00e0 Dijon","og_image":[{"width":512,"height":512,"url":"https:\/\/blog.u-bourgogne.fr\/nuit-des-chercheurs\/wp-content\/uploads\/sites\/74\/2021\/06\/cropped-ampoule-bleu.png","type":"image\/png"}],"twitter_card":"summary_large_image","schema":{"@context":"https:\/\/schema.org","@graph":[{"@type":"WebPage","@id":"https:\/\/blog.u-bourgogne.fr\/nuit-des-chercheurs\/wp-content\/uploads\/sites\/74\/2021\/06\/cropped-ampoule-bleu.png","url":"https:\/\/blog.u-bourgogne.fr\/nuit-des-chercheurs\/wp-content\/uploads\/sites\/74\/2021\/06\/cropped-ampoule-bleu.png","name":"cropped-ampoule-bleu.png - Nuit europ\u00e9enne des chercheurs \u00e0 Dijon","isPartOf":{"@id":"https:\/\/blog.u-bourgogne.fr\/nuit-des-chercheurs\/#website"},"datePublished":"2021-06-15T15:26:37+00:00","dateModified":"2021-06-15T15:26:37+00:00","breadcrumb":{"@id":"https:\/\/blog.u-bourgogne.fr\/nuit-des-chercheurs\/wp-content\/uploads\/sites\/74\/2021\/06\/cropped-ampoule-bleu.png#breadcrumb"},"inLanguage":"fr-FR","potentialAction":[{"@type":"ReadAction","target":["https:\/\/blog.u-bourgogne.fr\/nuit-des-chercheurs\/wp-content\/uploads\/sites\/74\/2021\/06\/cropped-ampoule-bleu.png"]}]},{"@type":"BreadcrumbList","@id":"https:\/\/blog.u-bourgogne.fr\/nuit-des-chercheurs\/wp-content\/uploads\/sites\/74\/2021\/06\/cropped-ampoule-bleu.png#breadcrumb","itemListElement":[{"@type":"ListItem","position":1,"name":"Accueil","item":"https:\/\/blog.u-bourgogne.fr\/nuit-des-chercheurs\/"},{"@type":"ListItem","position":2,"name":"cropped-ampoule-bleu.png"}]},{"@type":"WebSite","@id":"https:\/\/blog.u-bourgogne.fr\/nuit-des-chercheurs\/#website","url":"https:\/\/blog.u-bourgogne.fr\/nuit-des-chercheurs\/","name":"Nuit europ\u00e9enne des chercheurs \u00e0 Dijon","description":"Nuit europ\u00e9enne des chercheurs \u00e0 Dijon","potentialAction":[{"@type":"SearchAction","target":{"@type":"EntryPoint","urlTemplate":"https:\/\/blog.u-bourgogne.fr\/nuit-des-chercheurs\/?s={search_term_string}"},"query-input":"required name=search_term_string"}],"inLanguage":"fr-FR"}]}},"description":{"rendered":"<p class=\"attachment\"><a href='https:\/\/blog.ube.fr\/nuit-des-chercheurs\/wp-content\/uploads\/sites\/74\/2021\/06\/cropped-ampoule-bleu.png'><img loading=\"lazy\" decoding=\"async\" width=\"300\" height=\"300\" src=\"https:\/\/blog.ube.fr\/nuit-des-chercheurs\/wp-content\/uploads\/sites\/74\/2021\/06\/cropped-ampoule-bleu-300x300.png\" class=\"attachment-medium size-medium\" alt=\"\" srcset=\"https:\/\/blog.ube.fr\/nuit-des-chercheurs\/wp-content\/uploads\/sites\/74\/2021\/06\/cropped-ampoule-bleu-300x300.png 300w, https:\/\/blog.ube.fr\/nuit-des-chercheurs\/wp-content\/uploads\/sites\/74\/2021\/06\/cropped-ampoule-bleu-150x150.png 150w, https:\/\/blog.ube.fr\/nuit-des-chercheurs\/wp-content\/uploads\/sites\/74\/2021\/06\/cropped-ampoule-bleu-50x50.png 50w, https:\/\/blog.ube.fr\/nuit-des-chercheurs\/wp-content\/uploads\/sites\/74\/2021\/06\/cropped-ampoule-bleu-270x270.png 270w, https:\/\/blog.ube.fr\/nuit-des-chercheurs\/wp-content\/uploads\/sites\/74\/2021\/06\/cropped-ampoule-bleu-192x192.png 192w, https:\/\/blog.ube.fr\/nuit-des-chercheurs\/wp-content\/uploads\/sites\/74\/2021\/06\/cropped-ampoule-bleu-180x180.png 180w, https:\/\/blog.ube.fr\/nuit-des-chercheurs\/wp-content\/uploads\/sites\/74\/2021\/06\/cropped-ampoule-bleu-32x32.png 32w, https:\/\/blog.ube.fr\/nuit-des-chercheurs\/wp-content\/uploads\/sites\/74\/2021\/06\/cropped-ampoule-bleu.png 512w\" sizes=\"auto, (max-width: 300px) 100vw, 300px\" \/><\/a><\/p>\n<p>http:\/\/blog.ube.fr\/nuit-des-chercheurs\/wp-content\/uploads\/sites\/74\/2021\/06\/cropped-ampoule-bleu.png<\/p>\n"},"caption":{"rendered":"<p>http:\/\/blog.ube.fr\/nuit-des-chercheurs\/wp-content\/uploads\/sites\/74\/2021\/06\/cropped-ampoule-bleu.png<\/p>\n<p class=\"more-link-p\"><a class=\"btn btn-primary\" href=\"https:\/\/blog.ube.fr\/nuit-des-chercheurs\/cropped-ampoule-bleu-png\/\">Voir plus &rarr;<\/a><\/p>\n"},"alt_text":"","media_type":"image","mime_type":"image\/png","media_details":{"width":512,"height":512,"file":"2021\/06\/cropped-ampoule-bleu.png","sizes":{"medium":{"file":"cropped-ampoule-bleu-300x300.png","width":300,"height":300,"mime_type":"image\/png","source_url":"https:\/\/blog.ube.fr\/nuit-des-chercheurs\/wp-content\/uploads\/sites\/74\/2021\/06\/cropped-ampoule-bleu-300x300.png"},"thumbnail":{"file":"cropped-ampoule-bleu-150x150.png","width":150,"height":150,"mime_type":"image\/png","source_url":"https:\/\/blog.ube.fr\/nuit-des-chercheurs\/wp-content\/uploads\/sites\/74\/2021\/06\/cropped-ampoule-bleu-150x150.png"},"w4p_aboutme_photo":{"file":"cropped-ampoule-bleu-50x50.png","width":50,"height":50,"mime_type":"image\/png","source_url":"https:\/\/blog.ube.fr\/nuit-des-chercheurs\/wp-content\/uploads\/sites\/74\/2021\/06\/cropped-ampoule-bleu-50x50.png"},"shareaholic-thumbnail":{"file":"cropped-ampoule-bleu-300x300.png","width":300,"height":300,"mime_type":"image\/png","source_url":"https:\/\/blog.ube.fr\/nuit-des-chercheurs\/wp-content\/uploads\/sites\/74\/2021\/06\/cropped-ampoule-bleu-300x300.png"},"site_icon-270":{"file":"cropped-ampoule-bleu-270x270.png","width":270,"height":270,"mime_type":"image\/png","source_url":"https:\/\/blog.ube.fr\/nuit-des-chercheurs\/wp-content\/uploads\/sites\/74\/2021\/06\/cropped-ampoule-bleu-270x270.png"},"site_icon-192":{"file":"cropped-ampoule-bleu-192x192.png","width":192,"height":192,"mime_type":"image\/png","source_url":"https:\/\/blog.ube.fr\/nuit-des-chercheurs\/wp-content\/uploads\/sites\/74\/2021\/06\/cropped-ampoule-bleu-192x192.png"},"site_icon-180":{"file":"cropped-ampoule-bleu-180x180.png","width":180,"height":180,"mime_type":"image\/png","source_url":"https:\/\/blog.ube.fr\/nuit-des-chercheurs\/wp-content\/uploads\/sites\/74\/2021\/06\/cropped-ampoule-bleu-180x180.png"},"site_icon-32":{"file":"cropped-ampoule-bleu-32x32.png","width":32,"height":32,"mime_type":"image\/png","source_url":"https:\/\/blog.ube.fr\/nuit-des-chercheurs\/wp-content\/uploads\/sites\/74\/2021\/06\/cropped-ampoule-bleu-32x32.png"},"full":{"file":"cropped-ampoule-bleu.png","width":512,"height":512,"mime_type":"image\/png","source_url":"https:\/\/blog.ube.fr\/nuit-des-chercheurs\/wp-content\/uploads\/sites\/74\/2021\/06\/cropped-ampoule-bleu.png"}},"image_meta":{"aperture":"0","credit":"","camera":"","caption":"","created_timestamp":"0","copyright":"","focal_length":"0","iso":"0","shutter_speed":"0","title":"","orientation":"0","keywords":[]}},"post":null,"source_url":"https:\/\/blog.ube.fr\/nuit-des-chercheurs\/wp-content\/uploads\/sites\/74\/2021\/06\/cropped-ampoule-bleu.png","_links":{"self":[{"href":"https:\/\/blog.ube.fr\/nuit-des-chercheurs\/wp-json\/wp\/v2\/media\/920","targetHints":{"allow":["GET"]}}],"collection":[{"href":"https:\/\/blog.ube.fr\/nuit-des-chercheurs\/wp-json\/wp\/v2\/media"}],"about":[{"href":"https:\/\/blog.ube.fr\/nuit-des-chercheurs\/wp-json\/wp\/v2\/types\/attachment"}],"author":[{"embeddable":true,"href":"https:\/\/blog.ube.fr\/nuit-des-chercheurs\/wp-json\/wp\/v2\/users\/3759"}],"replies":[{"embeddable":true,"href":"https:\/\/blog.ube.fr\/nuit-des-chercheurs\/wp-json\/wp\/v2\/comments?post=920"}]}}

<!-- This site is optimized with the Yoast SEO plugin v21.6 - https://yoast.com/wordpress/plugins/seo/ -->
<title>cropped-ampoule-bleu.png - Nuit européenne des chercheurs à Dijon</title>
<meta name="robots" content="index, follow, max-snippet:-1, max-image-preview:large, max-video-preview:-1" />
<link rel="canonical" href="https://blog.u-bourgogne.fr/nuit-des-chercheurs/wp-content/uploads/sites/74/2021/06/cropped-ampoule-bleu.png" />
<meta property="og:locale" content="fr_FR" />
<meta property="og:type" content="article" />
<meta property="og:title" content="cropped-ampoule-bleu.png - Nuit européenne des chercheurs à Dijon" />
<meta property="og:description" content="http://blog.ube.fr/nuit-des-chercheurs/wp-content/uploads/sites/74/2021/06/cropped-ampoule-bleu.pngVoir plus &rarr;" />
<meta property="og:url" content="https://blog.u-bourgogne.fr/nuit-des-chercheurs/wp-content/uploads/sites/74/2021/06/cropped-ampoule-bleu.png" />
<meta property="og:site_name" content="Nuit européenne des chercheurs à Dijon" />
<meta property="og:image" content="https://blog.u-bourgogne.fr/nuit-des-chercheurs/wp-content/uploads/sites/74/2021/06/cropped-ampoule-bleu.png" />
	<meta property="og:image:width" content="512" />
	<meta property="og:image:height" content="512" />
	<meta property="og:image:type" content="image/png" />
<meta name="twitter:card" content="summary_large_image" />
<script type="application/ld+json" class="yoast-schema-graph">{"@context":"https://schema.org","@graph":[{"@type":"WebPage","@id":"https://blog.u-bourgogne.fr/nuit-des-chercheurs/wp-content/uploads/sites/74/2021/06/cropped-ampoule-bleu.png","url":"https://blog.u-bourgogne.fr/nuit-des-chercheurs/wp-content/uploads/sites/74/2021/06/cropped-ampoule-bleu.png","name":"cropped-ampoule-bleu.png - Nuit européenne des chercheurs à Dijon","isPartOf":{"@id":"https://blog.u-bourgogne.fr/nuit-des-chercheurs/#website"},"datePublished":"2021-06-15T15:26:37+00:00","dateModified":"2021-06-15T15:26:37+00:00","breadcrumb":{"@id":"https://blog.u-bourgogne.fr/nuit-des-chercheurs/wp-content/uploads/sites/74/2021/06/cropped-ampoule-bleu.png#breadcrumb"},"inLanguage":"fr-FR","potentialAction":[{"@type":"ReadAction","target":["https://blog.u-bourgogne.fr/nuit-des-chercheurs/wp-content/uploads/sites/74/2021/06/cropped-ampoule-bleu.png"]}]},{"@type":"BreadcrumbList","@id":"https://blog.u-bourgogne.fr/nuit-des-chercheurs/wp-content/uploads/sites/74/2021/06/cropped-ampoule-bleu.png#breadcrumb","itemListElement":[{"@type":"ListItem","position":1,"name":"Accueil","item":"https://blog.u-bourgogne.fr/nuit-des-chercheurs/"},{"@type":"ListItem","position":2,"name":"cropped-ampoule-bleu.png"}]},{"@type":"WebSite","@id":"https://blog.u-bourgogne.fr/nuit-des-chercheurs/#website","url":"https://blog.u-bourgogne.fr/nuit-des-chercheurs/","name":"Nuit européenne des chercheurs à Dijon","description":"Nuit européenne des chercheurs à Dijon","potentialAction":[{"@type":"SearchAction","target":{"@type":"EntryPoint","urlTemplate":"https://blog.u-bourgogne.fr/nuit-des-chercheurs/?s={search_term_string}"},"query-input":"required name=search_term_string"}],"inLanguage":"fr-FR"}]}</script>
<!-- / Yoast SEO plugin. -->

cropped-ampoule-bleu.png - Nuit européenne des chercheurs à Dijon

Nuit européenne des chercheurs à Dijon
