{"id":745,"date":"2021-05-19T08:55:31","date_gmt":"2021-05-19T06:55:31","guid":{"rendered":"https:\/\/blog.u-bourgogne.fr\/mrac-macon\/?page_id=745"},"modified":"2021-09-27T09:11:20","modified_gmt":"2021-09-27T07:11:20","slug":"exposition-jean-pierre-collinet-ou-la-fontaine-en-bourgogne","status":"publish","type":"page","link":"https:\/\/blog.ube.fr\/mrac-macon\/exposition-jean-pierre-collinet-ou-la-fontaine-en-bourgogne\/","title":{"rendered":"Exposition \u00ab Jean-Pierre Collinet ou La Fontaine en Bourgogne \u00bb"},"content":{"rendered":"<p><strong><img loading=\"lazy\" decoding=\"async\" class=\"wp-image-769 alignright\" src=\"https:\/\/blog.ube.fr\/mrac-macon\/wp-content\/uploads\/sites\/142\/2021\/05\/afficheBlog4.jpg\" alt=\"\" width=\"222\" height=\"327\" \/>Professeur \u00e0 l\u2019universit\u00e9 de Bourgogne, Jean-Pierre Collinet (1930-2011) a \u00e9t\u00e9 le commentateur \u00e9rudit de La Fontaine, dont l&#8217;\u0153uvre s&#8217;inscrit dans la culture populaire et les programmes scolaires.<\/strong><\/p>\n<p>L\u2019exposition est compl\u00e9t\u00e9e par une s\u00e9lection d&#8217;\u00e9ditions vari\u00e9es des<em> Fables<\/em>, c\u00e9l\u00e9brant le 400\u00e8me anniversaire de La Fontaine en 2021, et par trois &#8220;Pauses Culture&#8221;:<\/p>\n<ul style=\"list-style-type: circle;\">\n<li>\u00ab<em> La Fontaine auteur pour la jeunesse ?<\/em> \u00bb\u00a0 par Martine Jacques, ma\u00eetresse de conf\u00e9rences en litt\u00e9rature fran\u00e7aise (Universit\u00e9 de Bourgogne), jeudi 23 septembre \u00e0 12h45.<\/li>\n<li>\u00ab <em>Des Fables en images ?<\/em> \u00bb par Philippe Dubois, professeur agr\u00e9g\u00e9 formateur en arts visuels (Universit\u00e9 de Bourgogne), jeudi 30 septembre \u00e0 12h45.<\/li>\n<li>\u00ab <em>Les animaux pensent-ils ? La Fontaine versus Descartes<\/em> \u00bb par Lo\u00efc Bollache, professeur d&#8217;\u00e9cologie (Universit\u00e9 de Bourgogne), report\u00e9e \u00e0 une date ult\u00e9rieure (pr\u00e9vue initialement le vendredi 1er octobre).<\/li>\n<\/ul>\n<p>Dans le cadre de la manifestation Patrimoines \u00e9crits du 5 juillet au 29 octobre 2021.<\/p>\n<p>&nbsp;<\/p>\n<p>.<br \/>\n<iframe loading=\"lazy\" title=\"YouTube video player\" frameborder=\"0\" height=\"315\" src=\"https:\/\/www.youtube.com\/embed\/G9_Cq3VnVo8\" width=\"560\"><\/iframe><\/p>\n<p>&nbsp;<\/p>\n","protected":false},"excerpt":{"rendered":"<p>Professeur \u00e0 l\u2019universit\u00e9 de Bourgogne, Jean-Pierre Collinet (1930-2011) a \u00e9t\u00e9 le commentateur \u00e9rudit de La Fontaine, dont l&#8217;\u0153uvre s&#8217;inscrit dans la culture populaire et les programmes scolaires. L\u2019exposition est compl\u00e9t\u00e9e par une s\u00e9lection d&#8217;\u00e9ditions vari\u00e9es des Fables, c\u00e9l\u00e9brant le 400\u00e8me anniversaire de La Fontaine en 2021, et par trois &#8220;Pauses Culture&#8221;: \u00ab La Fontaine auteur&hellip;<\/p>\n<p class=\"more-link-p\"><a class=\"btn btn-primary\" href=\"https:\/\/blog.ube.fr\/mrac-macon\/exposition-jean-pierre-collinet-ou-la-fontaine-en-bourgogne\/\">Voir plus &rarr;<\/a><\/p>\n","protected":false},"author":2077,"featured_media":0,"parent":0,"menu_order":0,"comment_status":"closed","ping_status":"closed","template":"","meta":{"_exactmetrics_skip_tracking":false,"_exactmetrics_sitenote_active":false,"_exactmetrics_sitenote_note":"","_exactmetrics_sitenote_category":0,"footnotes":""},"class_list":["post-745","page","type-page","status-publish","hentry"],"_links":{"self":[{"href":"https:\/\/blog.ube.fr\/mrac-macon\/wp-json\/wp\/v2\/pages\/745","targetHints":{"allow":["GET"]}}],"collection":[{"href":"https:\/\/blog.ube.fr\/mrac-macon\/wp-json\/wp\/v2\/pages"}],"about":[{"href":"https:\/\/blog.ube.fr\/mrac-macon\/wp-json\/wp\/v2\/types\/page"}],"author":[{"embeddable":true,"href":"https:\/\/blog.ube.fr\/mrac-macon\/wp-json\/wp\/v2\/users\/2077"}],"replies":[{"embeddable":true,"href":"https:\/\/blog.ube.fr\/mrac-macon\/wp-json\/wp\/v2\/comments?post=745"}],"version-history":[{"count":28,"href":"https:\/\/blog.ube.fr\/mrac-macon\/wp-json\/wp\/v2\/pages\/745\/revisions"}],"predecessor-version":[{"id":823,"href":"https:\/\/blog.ube.fr\/mrac-macon\/wp-json\/wp\/v2\/pages\/745\/revisions\/823"}],"wp:attachment":[{"href":"https:\/\/blog.ube.fr\/mrac-macon\/wp-json\/wp\/v2\/media?parent=745"}],"curies":[{"name":"wp","href":"https:\/\/api.w.org\/{rel}","templated":true}]}}