{"id":447,"date":"2020-06-03T10:04:08","date_gmt":"2020-06-03T08:04:08","guid":{"rendered":"https:\/\/blog.u-bourgogne.fr\/mrac-macon\/?page_id=447"},"modified":"2025-07-03T16:06:11","modified_gmt":"2025-07-03T14:06:11","slug":"o-fil-des-temps-la-lettre-dinformation","status":"publish","type":"page","link":"https:\/\/blog.ube.fr\/mrac-macon\/o-fil-des-temps-la-lettre-dinformation\/","title":{"rendered":"\u00d4 Fil des temps !"},"content":{"rendered":"<p><strong>Retrouvez la lettre d&#8217;information de la Mission Recherche et Action culturelle.<\/strong><\/p>\n<h3>N\u00b021 &#8211; juillet 2025<\/h3>\n<h3><img loading=\"lazy\" decoding=\"async\" class=\"wp-image-1205 size-full alignright\" src=\"https:\/\/blog.ube.fr\/mrac-macon\/wp-content\/uploads\/sites\/142\/2025\/07\/OfildestempsN\u00b021.png\" alt=\"\" width=\"250\" height=\"177\" \/><\/h3>\n<p><strong>R\u00e9trospective<\/strong><br \/>\nExposition \u00ab Si beaux de l\u00e0-haut, un survol de ch\u00e2teaux de Sa\u00f4ne-et-Loire \u00bb<br \/>\n<strong>Savoirs en lien<\/strong><br \/>\nNouvelle revue pluridisciplinaire de sciences humaines<\/p>\n<p><a href=\"https:\/\/blog.ube.fr\/mrac-macon\/wp-content\/uploads\/sites\/142\/2025\/07\/OfildestempsN\u00b021.pdf\" target=\"_blank\" rel=\"noopener\">T\u00e9l\u00e9chargez la lettre<\/a><\/p>\n<p>&nbsp;<\/p>\n<h3>N\u00b020 &#8211; avril 2025<\/h3>\n<h3><img loading=\"lazy\" decoding=\"async\" class=\"wp-image-1206 size-full alignright\" src=\"https:\/\/blog.ube.fr\/mrac-macon\/wp-content\/uploads\/sites\/142\/2025\/07\/Ofildestemps20.png\" alt=\"\" width=\"250\" height=\"177\" \/><\/h3>\n<p><strong>A-venir<\/strong><br \/>\nExposition \u00ab Andr\u00e9 Barraud \u00bb<br \/>\n<strong>R\u00e9trospective<\/strong><br \/>\nExposition \u00ab Si beaux de l\u00e0-haut, un survol de ch\u00e2teaux de Sa\u00f4ne-et-Loire \u00bb<br \/>\n<strong>Hors les murs<\/strong><br \/>\nAmicale de la Vie normalienne et professorale de Sa\u00f4ne-et-Loire<\/p>\n<p><a href=\"https:\/\/blog.ube.fr\/mrac-macon\/wp-content\/uploads\/sites\/142\/2025\/07\/OfildestempsN\u00b020.pdf\" target=\"_blank\" rel=\"noopener\">T\u00e9l\u00e9chargez la lettre<\/a><\/p>\n<h3>N\u00b019 &#8211; janvier 2025<\/h3>\n<h3><img loading=\"lazy\" decoding=\"async\" class=\"wp-image-1207 size-full alignright\" src=\"https:\/\/blog.ube.fr\/mrac-macon\/wp-content\/uploads\/sites\/142\/2025\/07\/OfildestempsN\u00b019.png\" alt=\"\" width=\"250\" height=\"177\" \/><\/h3>\n<p><strong>A-venir<\/strong><br \/>\nExposition \u00ab Si beaux de l\u00e0-haut \u00bb<br \/>\n<strong>R\u00e9trospective<\/strong><br \/>\nExposition Patrimoines \u00e9crits 2024<br \/>\n<strong>Hors les murs<\/strong><br \/>\nAn I de l\u2019Universit\u00e9 Bourgogne Europe<\/p>\n<p><a href=\"https:\/\/blog.ube.fr\/mrac-macon\/wp-content\/uploads\/sites\/142\/2025\/07\/OfildestempsN\u00b019.pdf\" target=\"_blank\" rel=\"noopener\">T\u00e9l\u00e9chargez la lettre<\/a><\/p>\n<h3>N\u00b018 &#8211; octobre 2024<\/h3>\n<h3><img loading=\"lazy\" decoding=\"async\" class=\"wp-image-1169 size-full alignright\" src=\"https:\/\/blog.ube.fr\/mrac-macon\/wp-content\/uploads\/sites\/142\/2024\/11\/OfildestempsN\u00b018.png\" alt=\"\" width=\"250\" height=\"177\" \/><\/h3>\n<p><strong>A-venir<\/strong><br \/>\nExposition Andr\u00e9 Barraud<br \/>\n<strong>R\u00e9trospective<\/strong><br \/>\nExposition Patrimoines \u00e9crits 2024<br \/>\n<strong>Hors les murs<\/strong><br \/>\nTh\u00e8se de doctorat<\/p>\n<p><a href=\"https:\/\/blog.ube.fr\/mrac-macon\/wp-content\/uploads\/sites\/142\/2024\/11\/OfildestempsN\u00b018.pdf\" target=\"_blank\" rel=\"noopener\">T\u00e9l\u00e9chargez la lettre<\/a><\/p>\n<h3>N\u00b017 &#8211; juillet 2024<\/h3>\n<h3><img loading=\"lazy\" decoding=\"async\" class=\"wp-image-1164 size-full alignright\" src=\"https:\/\/blog.ube.fr\/mrac-macon\/wp-content\/uploads\/sites\/142\/2024\/10\/Ofildestemps17.png\" alt=\"\" width=\"250\" height=\"179\" \/><\/h3>\n<p><strong>A-venir<\/strong><br \/>\nExposition Patrimoines \u00e9crits 2024<br \/>\n<strong>R\u00e9trospective<\/strong><br \/>\nExposition Histoire, Sport &amp; Citoyennet\u00e9<br \/>\nExposition Maquis de Sylla<br \/>\n<strong>Am\u00e9nagements<\/strong><br \/>\nGarages \u00e0 v\u00e9los et hotel \u00e0 insectes<\/p>\n<p><a href=\"https:\/\/blog.ube.fr\/mrac-macon\/wp-content\/uploads\/sites\/142\/2023\/10\/OfildestempsN\u00b013.phttps:\/\/blog.ube.fr\/mrac-macon\/wp-content\/uploads\/sites\/142\/2024\/02\/OfildestempsN\u00b015.pdfdf\" rel=\"\">T\u00e9l\u00e9chargez la <\/a><a href=\"https:\/\/blog.ube.fr\/mrac-macon\/wp-content\/uploads\/sites\/142\/2024\/10\/OfildestempsN\u00b017.pdf\" target=\"_blank\" rel=\"noopener\">lettre<\/a><\/p>\n<h3>N\u00b015 &#8211; janvier 2024<\/h3>\n<h3><img loading=\"lazy\" decoding=\"async\" class=\"wp-image-1124 alignright\" src=\"https:\/\/blog.ube.fr\/mrac-macon\/wp-content\/uploads\/sites\/142\/2024\/02\/OfildestempsN\u00b015.png\" alt=\"\" width=\"250\" height=\"177\" \/><\/h3>\n<p><strong>\u00c0-venir<\/strong><br \/>\nExposition Parole, Fragments du r\u00e9el et de l\u2019imaginaire<br \/>\n<strong>R\u00e9trospective<\/strong><br \/>\nS\u00e9minaire de recherche sur la litt\u00e9rature jeunesse<br \/>\n<strong>Vie du site<\/strong><br \/>\nNomination et distinction<br \/>\nAnniversaire<\/p>\n<p><a href=\"https:\/\/blog.ube.fr\/mrac-macon\/wp-content\/uploads\/sites\/142\/2023\/10\/OfildestempsN\u00b013.phttps:\/\/blog.ube.fr\/mrac-macon\/wp-content\/uploads\/sites\/142\/2024\/02\/OfildestempsN\u00b015.pdfdf\" rel=\"\">T\u00e9l\u00e9chargez la lettre<\/a><\/p>\n<h3>N\u00b014 &#8211; octobre 2023<\/h3>\n<h3><img loading=\"lazy\" decoding=\"async\" class=\"wp-image-1126 alignright\" src=\"https:\/\/blog.ube.fr\/mrac-macon\/wp-content\/uploads\/sites\/142\/2024\/02\/OfildestempsN\u00b014.png\" alt=\"\" width=\"250\" height=\"177\" \/><\/h3>\n<p><strong>\u00c0-venir<\/strong><br \/>\nDiscussion Martine Jacques et St\u00e9phane Van Damme<br \/>\n<strong>R\u00e9trospective<\/strong><br \/>\nExposition Le Grand Voyage, en route<br \/>\nvers l&#8217;autre monde entre la Terre et le Ciel.<br \/>\n<strong>Recherche<\/strong><br \/>\nTable ronde avec Bruno Jay<br \/>\n\u00ab Rousseau, la nature et l\u2019\u00e9cole \u00bb.<\/p>\n<p><a href=\"https:\/\/inspe.u-bourgogne.fr\/wp-content\/uploads\/OfildestempsN\u00b014.pdf\" target=\"_blank\" rel=\"noopener\">T\u00e9l\u00e9chargez la lettre<\/a><\/p>\n<h3>N\u00b013 &#8211; juillet 2023<\/h3>\n<h3><img loading=\"lazy\" decoding=\"async\" class=\"wp-image-1113 alignright\" src=\"https:\/\/blog.ube.fr\/mrac-macon\/wp-content\/uploads\/sites\/142\/2023\/10\/OfildestempsN\u00b013.jpg\" alt=\"\" width=\"249\" height=\"176\" \/><\/h3>\n<p><strong>\u00c0 venir<\/strong><br \/>\nExposition Patrimoines \u00e9crits 2023<br \/>\n<strong>R\u00e9trospective<\/strong><br \/>\nExposition Le cin\u00e9ma dans l\u2019enseignement des<br \/>\nsciences : Jean \u00adHenri Fabre et La Cigale.<br \/>\n<strong>Recherche<\/strong><br \/>\nConf\u00e9rence de Martine Jacques.<\/p>\n<p><a href=\"https:\/\/blog.ube.fr\/mrac-macon\/wp-content\/uploads\/sites\/142\/2023\/10\/OfildestempsN\u00b013.pdf\" rel=\"\">T\u00e9l\u00e9chargez la lettre<\/a><\/p>\n<h3>N\u00b012 &#8211; avril 2023<\/h3>\n<h3><img loading=\"lazy\" decoding=\"async\" class=\"wp-image-1074 alignright\" src=\"https:\/\/blog.ube.fr\/mrac-macon\/wp-content\/uploads\/sites\/142\/2023\/04\/OfildestempsN\u00b012.png\" alt=\"\" width=\"249\" height=\"176\" \/><\/h3>\n<p><strong>\u00c0 venir<\/strong><br \/>\nExposition Patrimoine \u00e9crits 2023<br \/>\n<strong>Retrospective<br \/>\n<\/strong>Exposition &#8221; Le cin\u00e9ma dans l\u2019enseignement des sciences : Jean Henri Fabre et La Cigale &#8221;<br \/>\n<strong>Recherche<\/strong><br \/>\nActes de la Journ\u00e9e d\u2019\u00e9tudes de l\u2019association Pr\u00e9sence d\u2019Henri Guillemin.<\/p>\n<p><a href=\"https:\/\/blog.ube.fr\/mrac-macon\/wp-content\/uploads\/sites\/142\/2023\/04\/OfildestempsN\u00b012.pdf\" target=\"_blank\" rel=\"noopener\">T\u00e9l\u00e9chargez la lettre<\/a><\/p>\n<h3>N\u00b011 &#8211; janvier 2023<\/h3>\n<h3><img loading=\"lazy\" decoding=\"async\" class=\"wp-image-1033 alignright\" src=\"https:\/\/blog.ube.fr\/mrac-macon\/wp-content\/uploads\/sites\/142\/2023\/01\/OfildestempsN\u00b011.png\" alt=\"\" width=\"247\" height=\"175\" \/><\/h3>\n<p><strong>\u00c0 venir<\/strong><br \/>\nExposition &#8221; Le cin\u00e9ma dans l\u2019enseignement des sciences : Jean Henri Fabre et La Cigale &#8221;<br \/>\n<strong>Retrospective<br \/>\n<\/strong>Atelier et exposition.<\/p>\n<p><strong>M\u00e9moire d&#8217;avenir et reconnaissance pr\u00e9sente<\/strong><br \/>\n<strong>R\u00e9compense pour l&#8217;IUVV<\/strong><\/p>\n<p>Malle spacio-temporelle.<br \/>\nPalmes acad\u00e9miques.<\/p>\n<p><a href=\"https:\/\/blog.ube.fr\/mrac-macon\/wp-content\/uploads\/sites\/142\/2023\/01\/OfildestempsN\u00b011.pdf\" target=\"_blank\" rel=\"noopener\">T\u00e9l\u00e9chargez la lettre<\/a><\/p>\n<h3>N\u00b010 &#8211; novembre 2022<\/h3>\n<h3><img loading=\"lazy\" decoding=\"async\" class=\"wp-image-975 alignright\" src=\"https:\/\/blog.ube.fr\/mrac-macon\/wp-content\/uploads\/sites\/142\/2022\/11\/OfildestempsN\u00b010.png\" alt=\"\" width=\"249\" height=\"176\" \/><\/h3>\n<p><strong>\u00c0 venir<\/strong><br \/>\nExposition &#8221; Le cin\u00e9ma dans l\u2019enseignement des sciences : Jean Henri Fabre et La Cigale &#8221;<br \/>\n<strong>Retrospective<br \/>\n<\/strong>Exposition &#8221; Des espaces pour des corps, Architecture(s) &amp; p\u00e9dagogie(s), M\u00e9moires du Campus universitaire de M\u00e2con &#8221;<\/p>\n<p><strong>Nos coll\u00e8gues hors les murs<\/strong><br \/>\nR\u00e9compense pour l&#8217;IUVV<\/p>\n<p><a href=\"https:\/\/blog.ube.fr\/mrac-macon\/wp-content\/uploads\/sites\/142\/2022\/11\/OfildestempsN\u00b010.pdf\" target=\"_blank\" rel=\"noopener\">T\u00e9l\u00e9chargez la lettre<\/a><\/p>\n<h3>N\u00b09 &#8211; juillet 2022<\/h3>\n<h3><img loading=\"lazy\" decoding=\"async\" class=\"wp-image-975 size-full alignright\" src=\"https:\/\/blog.ube.fr\/mrac-macon\/wp-content\/uploads\/sites\/142\/2022\/07\/OfildestempsN\u00b09.png\" alt=\"\" width=\"245\" height=\"173\" \/><\/h3>\n<p><strong>\u00c0 venir<\/strong><br \/>\nExposition &#8221; Des espaces pour des corps, Architecture(s) &amp; p\u00e9dagogie(s), M\u00e9moires du Campus universitaire de M\u00e2con &#8221;<br \/>\n<strong>Retrospective<br \/>\n<\/strong>Spectacle des \u00e9tudiants Insp\u00e9<\/p>\n<p><strong>Nos coll\u00e8gues hors les murs<\/strong><br \/>\nPublication de Martine Jacques<\/p>\n<p><a href=\"https:\/\/blog.ube.fr\/mrac-macon\/wp-content\/uploads\/sites\/142\/2022\/07\/OfildestempsN\u00b09.pdf\" target=\"_blank\" rel=\"noopener\">T\u00e9l\u00e9chargez la lettre<\/a><\/p>\n<h3>N\u00b08 &#8211; avril 2022<\/h3>\n<h3><img loading=\"lazy\" decoding=\"async\" class=\"wp-image-937 size-full alignright\" src=\"https:\/\/blog.ube.fr\/mrac-macon\/wp-content\/uploads\/sites\/142\/2022\/04\/OfildestempsN\u00b08.png\" alt=\"\" width=\"257\" height=\"181\" \/><\/h3>\n<p><strong>\u00c0 venir<\/strong><br \/>\nLitt\u00e9rature jeunesse<br \/>\n<strong>Retrospective<br \/>\n<\/strong>Inauguration de l&#8217;exposition &#8221; \u00celes r\u00eav\u00e9es, \u00eeles r\u00e9elles, G\u00e9ographie et m\u00e9moires des Antilles fran\u00e7aises &#8221;<\/p>\n<p><strong>Pause Culture<\/strong><br \/>\nThomas Brugger<\/p>\n<p><a href=\"https:\/\/blog.ube.fr\/mrac-macon\/wp-content\/uploads\/sites\/142\/2022\/04\/OfildestempsN\u00b08.pdf\" target=\"_blank\" rel=\"noopener\">T\u00e9l\u00e9chargez la lettre<\/a><\/p>\n<h3>N\u00b07 &#8211; janvier 2022<\/h3>\n<h3><img loading=\"lazy\" decoding=\"async\" class=\"wp-image-875 alignright\" src=\"https:\/\/blog.ube.fr\/mrac-macon\/wp-content\/uploads\/sites\/142\/2022\/01\/OfildestempsN\u00b07.png\" alt=\"\" width=\"254\" height=\"180\" \/><\/h3>\n<p><strong>\u00c0 venir<\/strong><br \/>\nMusique et voyage<br \/>\n<strong>Retrospective<br \/>\n<\/strong>Exposition &#8221; Complots\u00a0!? Politique et imaginaires en France au XIX si\u00e8cle &#8221;<br \/>\n&#8221; Pause Culture &#8221; par Philippe Dubois<\/p>\n<p><strong>Nos coll\u00e8gues hors les murs<\/strong><br \/>\nPublications<\/p>\n<p><a href=\"https:\/\/blog.ube.fr\/mrac-macon\/wp-content\/uploads\/sites\/142\/2022\/01\/OfildestempsN\u00b07.pdf\" target=\"_blank\" rel=\"noopener\">T\u00e9l\u00e9chargez la lettre<\/a><\/p>\n<h3>N\u00b06 &#8211; octobre 2021<\/h3>\n<h3><img loading=\"lazy\" decoding=\"async\" class=\"wp-image-833 alignright\" src=\"https:\/\/blog.ube.fr\/mrac-macon\/wp-content\/uploads\/sites\/142\/2021\/10\/OfildestempsN\u00b06.png\" alt=\"\" width=\"251\" height=\"177\" \/><\/h3>\n<p><strong>\u00c0 venir<\/strong><br \/>\nExposition \u00ab Complots !?\u00bb<br \/>\n<strong>Retrospective<br \/>\n<\/strong>Patrimoines \u00e9crits en Bourgogne-Franche-Comt\u00e9<\/p>\n<p><strong>Nos coll\u00e8gues hors les murs<\/strong><br \/>\nLa Recherche \u00e0 l&#8217;Insp\u00e9 par Martine Jacques<\/p>\n<p><a href=\"https:\/\/blog.ube.fr\/mrac-macon\/wp-content\/uploads\/sites\/142\/2021\/10\/lettre6.pdf\" target=\"_blank\" rel=\"noopener\">T\u00e9l\u00e9chargez la lettre<\/a><\/p>\n<h3>N\u00b05 &#8211; juin 2021<\/h3>\n<h3><img loading=\"lazy\" decoding=\"async\" class=\"wp-image-790 alignright\" src=\"https:\/\/blog.ube.fr\/mrac-macon\/wp-content\/uploads\/sites\/142\/2021\/07\/Ofildestemps5c.png\" alt=\"\" width=\"250\" height=\"177\" srcset=\"https:\/\/blog.ube.fr\/mrac-macon\/wp-content\/uploads\/sites\/142\/2021\/07\/Ofildestemps5c.png 491w, https:\/\/blog.ube.fr\/mrac-macon\/wp-content\/uploads\/sites\/142\/2021\/07\/Ofildestemps5c-300x212.png 300w\" sizes=\"auto, (max-width: 250px) 100vw, 250px\" \/><\/h3>\n<p><strong>\u00c0 venir<\/strong><br \/>\nExposition Patrimoines \u00e9crits<br \/>\n<strong>Nos coll\u00e8gues hors les murs<\/strong><br \/>\nQuestions \u00e0 Aur\u00e9lie Varot<\/p>\n<p><strong>Retrospective<\/strong><br \/>\nExposition &#8221; Un Ciel sans oiseaux ?<\/p>\n<p><a href=\"https:\/\/blog.ube.fr\/mrac-macon\/wp-content\/uploads\/sites\/142\/2021\/07\/Ofildestemps5c.pdf\" target=\"_blank\" rel=\"noopener\">T\u00e9l\u00e9chargez la lettre<\/a><\/p>\n<h3>N\u00b04 &#8211; mars 2021<\/h3>\n<h3><img loading=\"lazy\" decoding=\"async\" class=\"wp-image-721 alignright\" src=\"https:\/\/blog.ube.fr\/mrac-macon\/wp-content\/uploads\/sites\/142\/2021\/03\/ofilsdestemps4.png\" alt=\"\" width=\"250\" height=\"177\" \/><\/h3>\n<p><strong>\u00c0 voir<\/strong><br \/>\nExposition &#8221; Un Ciel sans oiseaux ? &#8221;<br \/>\n<strong>\u00c0 venir<\/strong><br \/>\nPatrimoines \u00e9crits en Bourgogne Franche Comt\u00e9<br \/>\n<strong>Nos coll\u00e8gues hors les murs<\/strong><br \/>\nQuestions \u00e0 Daniel Bonnet<\/p>\n<p><a href=\"https:\/\/blog.ube.fr\/mrac-macon\/wp-content\/uploads\/sites\/142\/2021\/03\/Ofildestemps4_mars-2021.pdf\">T\u00e9l\u00e9chargez la lettre<\/a><\/p>\n<h3>N\u00b03 &#8211; janvier 2021<\/h3>\n<h3><img loading=\"lazy\" decoding=\"async\" class=\"wp-image-680 alignright\" src=\"https:\/\/blog.ube.fr\/mrac-macon\/wp-content\/uploads\/sites\/142\/2021\/01\/ofilsdestemps3-1.png\" alt=\"\" width=\"251\" height=\"177\" \/><\/h3>\n<p><strong>\u00c0-venir<\/strong><br \/>\nL\u2019Oiseau du ph\u00e9nix \u00e0 la sentinelle<br \/>\n<strong>R\u00e9trospective<\/strong><br \/>\nRetour sur l\u2019exposition Rousseau et la Nature<br \/>\n<strong>Nos coll\u00e8gues hors les murs<\/strong><br \/>\nQue font les professeurs du site universitaire de M\u00e2con au dehors<\/p>\n<p><a href=\"https:\/\/blog.ube.fr\/mrac-macon\/wp-content\/uploads\/sites\/142\/2021\/01\/ofilsdestemps3.pdf\" target=\"_blank\" rel=\"noopener\">T\u00e9l\u00e9chargez la lettre<\/a><\/p>\n<h3>N\u00b02 &#8211; octobre 2020<\/h3>\n<h3><img loading=\"lazy\" decoding=\"async\" class=\"wp-image-619 alignright\" src=\"https:\/\/blog.ube.fr\/mrac-macon\/wp-content\/uploads\/sites\/142\/2020\/10\/OfildestempsN\u00b02.jpg\" alt=\"\" width=\"250\" height=\"177\" srcset=\"https:\/\/blog.ube.fr\/mrac-macon\/wp-content\/uploads\/sites\/142\/2020\/10\/OfildestempsN\u00b02.jpg 397w, https:\/\/blog.ube.fr\/mrac-macon\/wp-content\/uploads\/sites\/142\/2020\/10\/OfildestempsN\u00b02-300x212.jpg 300w\" sizes=\"auto, (max-width: 250px) 100vw, 250px\" \/><\/h3>\n<p><strong>\u00c0-venir<\/strong><br \/>\nExposition \u00ab Un ciel sans oiseaux ? \u00bb. Concert Campus de M\u00e2con.<br \/>\n<strong>R\u00e9trospective<\/strong><br \/>\nConcert Campus de M\u00e2con. Exposition \u00ab Penser la nature avec Jean-JacquesRousseau et apprendre \u00e0ses c\u00f4t\u00e9s : aux origines de la &#8221; le\u00e7on des choses &#8220;.<br \/>\n<strong>Nos coll\u00e8gues hors les murs<\/strong><br \/>\nPortrait et publications.<\/p>\n<p><a href=\"https:\/\/blog.ube.fr\/mrac-macon\/wp-content\/uploads\/sites\/142\/2020\/10\/OfildestempsN\u00b02.pdf\" target=\"_blank\" rel=\"noopener noreferrer\">T\u00e9l\u00e9chargez la lettre<\/a><\/p>\n<h3>N\u00b01 &#8211; mai juin 2020<\/h3>\n<h3><img loading=\"lazy\" decoding=\"async\" class=\" wp-image-448 alignright\" src=\"https:\/\/blog.ube.fr\/mrac-macon\/wp-content\/uploads\/sites\/142\/2020\/06\/OFildesTemps1.jpg\" alt=\"\" width=\"250\" height=\"176\" \/><\/h3>\n<p><strong>\u00c0-venir<\/strong><br \/>\nPour la deuxi\u00e8me ann\u00e9e cons\u00e9cutive, la Mission Recherche et action culturelle participe \u00e0 l\u2019op\u00e9ration \u00ab Patrimoines \u00e9crits \u00bb.<br \/>\n<strong>R\u00e9trospective<\/strong><br \/>\nAlliance de l\u2019action culturelle et de la diffusion de la Recherche, le programme de l\u2019ann\u00e9e universitaire 2019-2020 a \u00e9t\u00e9 tr\u00e8s riche.<br \/>\n<strong>Nos coll\u00e8gues hors les murs<\/strong><br \/>\nChanson et publications.<\/p>\n<p><a href=\"https:\/\/blog.ube.fr\/mrac-macon\/wp-content\/uploads\/sites\/142\/2020\/06\/OFildesTemps1.pdf\" target=\"_blank\" rel=\"noopener noreferrer\">T\u00e9l\u00e9chargez la lettre<\/a><\/p>\n","protected":false},"excerpt":{"rendered":"<p>Retrouvez la lettre d&#8217;information de la Mission Recherche et Action culturelle. N\u00b021 &#8211; juillet 2025 R\u00e9trospective Exposition \u00ab Si beaux de l\u00e0-haut, un survol de ch\u00e2teaux de Sa\u00f4ne-et-Loire \u00bb Savoirs en lien Nouvelle revue pluridisciplinaire de sciences humaines T\u00e9l\u00e9chargez la lettre &nbsp; N\u00b020 &#8211; avril 2025 A-venir Exposition \u00ab Andr\u00e9 Barraud \u00bb R\u00e9trospective Exposition \u00ab&hellip;<\/p>\n<p class=\"more-link-p\"><a class=\"btn btn-primary\" href=\"https:\/\/blog.ube.fr\/mrac-macon\/o-fil-des-temps-la-lettre-dinformation\/\">Voir plus &rarr;<\/a><\/p>\n","protected":false},"author":2077,"featured_media":0,"parent":0,"menu_order":0,"comment_status":"closed","ping_status":"closed","template":"","meta":{"_exactmetrics_skip_tracking":false,"_exactmetrics_sitenote_active":false,"_exactmetrics_sitenote_note":"","_exactmetrics_sitenote_category":0,"footnotes":""},"class_list":["post-447","page","type-page","status-publish","hentry"],"_links":{"self":[{"href":"https:\/\/blog.ube.fr\/mrac-macon\/wp-json\/wp\/v2\/pages\/447","targetHints":{"allow":["GET"]}}],"collection":[{"href":"https:\/\/blog.ube.fr\/mrac-macon\/wp-json\/wp\/v2\/pages"}],"about":[{"href":"https:\/\/blog.ube.fr\/mrac-macon\/wp-json\/wp\/v2\/types\/page"}],"author":[{"embeddable":true,"href":"https:\/\/blog.ube.fr\/mrac-macon\/wp-json\/wp\/v2\/users\/2077"}],"replies":[{"embeddable":true,"href":"https:\/\/blog.ube.fr\/mrac-macon\/wp-json\/wp\/v2\/comments?post=447"}],"version-history":[{"count":38,"href":"https:\/\/blog.ube.fr\/mrac-macon\/wp-json\/wp\/v2\/pages\/447\/revisions"}],"predecessor-version":[{"id":1211,"href":"https:\/\/blog.ube.fr\/mrac-macon\/wp-json\/wp\/v2\/pages\/447\/revisions\/1211"}],"wp:attachment":[{"href":"https:\/\/blog.ube.fr\/mrac-macon\/wp-json\/wp\/v2\/media?parent=447"}],"curies":[{"name":"wp","href":"https:\/\/api.w.org\/{rel}","templated":true}]}}