{"id":334,"date":"2020-02-21T10:59:21","date_gmt":"2020-02-21T09:59:21","guid":{"rendered":"https:\/\/blog.u-bourgogne.fr\/mrac-macon\/?page_id=334"},"modified":"2020-03-18T10:24:22","modified_gmt":"2020-03-18T09:24:22","slug":"exposition-mai-68-et-apres-les-ecoles-normales-primaires-apres-la-crise","status":"publish","type":"page","link":"https:\/\/blog.ube.fr\/mrac-macon\/exposition-mai-68-et-apres-les-ecoles-normales-primaires-apres-la-crise\/","title":{"rendered":"Exposition \u00ab\u00a0Mai 68 : et apr\u00e8s ? Les \u00c9coles normales primaires apr\u00e8s la crise \u00bb"},"content":{"rendered":"<p><strong><img loading=\"lazy\" decoding=\"async\" class=\"size-medium wp-image-335 alignright\" src=\"https:\/\/blog.ube.fr\/mrac-macon\/wp-content\/uploads\/sites\/142\/2020\/02\/afficheMai68-212x300.jpg\" alt=\"\" width=\"212\" height=\"300\" srcset=\"https:\/\/blog.ube.fr\/mrac-macon\/wp-content\/uploads\/sites\/142\/2020\/02\/afficheMai68-212x300.jpg 212w, https:\/\/blog.ube.fr\/mrac-macon\/wp-content\/uploads\/sites\/142\/2020\/02\/afficheMai68.jpg 397w\" sizes=\"auto, (max-width: 212px) 100vw, 212px\" \/>Exposition du 22 novembre au 3 d\u00e9cembre 2018<\/strong><\/p>\n<p>Le souvenir de Mai 68 associe des manifestations d\u2019\u00e9tudiants dans la rue et des semaines de gr\u00e8ves ouvri\u00e8res. La soci\u00e9t\u00e9 fran\u00e7aise a-t-elle \u00e9t\u00e9 transform\u00e9e par l\u2019\u00e9v\u00e9nement ? Les \u00ab \u00e9v\u00e9nements \u00bb ont \u00e9t\u00e9 le r\u00e9v\u00e9lateur d\u2019une crise de la jeunesse, les lyc\u00e9ens ont aussi pris part aux \u00e9v\u00e9nements. Si l\u2019Universit\u00e9 et le Lyc\u00e9e ont \u00e9t\u00e9 directement concern\u00e9s, Mai 68 influence aussi le Coll\u00e8ge et l\u2019Ecole. Mai 68 a-t-il chang\u00e9 la p\u00e9dagogie dans cette derni\u00e8re ? Consid\u00e9rant les changements dans les institutions d\u2019enseignement et de formation, des critiques de Mai 68 jugent que l\u2019autorit\u00e9 du ma\u00eetre a \u00e9t\u00e9 d\u00e9grad\u00e9e et que le niveau g\u00e9n\u00e9ral des \u00e9tudes a baiss\u00e9. D\u2019autres consid\u00e8rent au contraire que Mai 68 n\u2019a rien chang\u00e9 et qu\u2019il n\u2019a pas \u00e9t\u00e9 un \u00e9v\u00e9nement significatif dans l\u2019histoire de l\u2019\u00e9ducation et de l\u2019enseignement. Mai 68 n\u2019aurait-il \u00e9t\u00e9 que l\u2019acc\u00e9l\u00e9rateur d\u2019un mouvement de r\u00e9novation et de r\u00e9forme d\u00e9j\u00e0 \u00e0 l\u2019\u0153uvre dans l\u2019\u00e9ducation scolaire et l\u2019enseignement ? Consid\u00e9rant \u00e0 la fois \u00ab\u00a0l\u2019avant\u00a0\u00bb et \u00ab\u00a0l\u2019apr\u00e8s 68\u00a0\u00bb, l\u2019histoire, notamment celle des Ecoles normales primaires de M\u00e2con, montre l\u2019impact de Mai 68 sur la formation et la pratique des ma\u00eetres et ma\u00eetresses d\u2019\u00e9coles.<\/p>\n<p><a href=\"https:\/\/blog.ube.fr\/mrac-macon\/wp-content\/uploads\/sites\/142\/2020\/03\/Mai_68_et_apr\u00e8s_exposition_M\u00e2con_2018.pdf\" target=\"_blank\" rel=\"noopener noreferrer\">Descriptif<\/a><\/p>\n<p><a href=\"https:\/\/blog.ube.fr\/mrac-macon\/wp-content\/uploads\/sites\/142\/2020\/03\/Mai_68_et_apr\u00e8s_exposition_M\u00e2con_2018-1.pdf\" target=\"_blank\" rel=\"noopener noreferrer\">Invitation<\/a><\/p>\n","protected":false},"excerpt":{"rendered":"<p>Exposition du 22 novembre au 3 d\u00e9cembre 2018 Le souvenir de Mai 68 associe des manifestations d\u2019\u00e9tudiants dans la rue et des semaines de gr\u00e8ves ouvri\u00e8res. La soci\u00e9t\u00e9 fran\u00e7aise a-t-elle \u00e9t\u00e9 transform\u00e9e par l\u2019\u00e9v\u00e9nement ? Les \u00ab \u00e9v\u00e9nements \u00bb ont \u00e9t\u00e9 le r\u00e9v\u00e9lateur d\u2019une crise de la jeunesse, les lyc\u00e9ens ont aussi pris part aux&hellip;<\/p>\n<p class=\"more-link-p\"><a class=\"btn btn-primary\" href=\"https:\/\/blog.ube.fr\/mrac-macon\/exposition-mai-68-et-apres-les-ecoles-normales-primaires-apres-la-crise\/\">Voir plus &rarr;<\/a><\/p>\n","protected":false},"author":2077,"featured_media":0,"parent":0,"menu_order":0,"comment_status":"closed","ping_status":"closed","template":"","meta":{"_exactmetrics_skip_tracking":false,"_exactmetrics_sitenote_active":false,"_exactmetrics_sitenote_note":"","_exactmetrics_sitenote_category":0,"footnotes":""},"class_list":["post-334","page","type-page","status-publish","hentry"],"_links":{"self":[{"href":"https:\/\/blog.ube.fr\/mrac-macon\/wp-json\/wp\/v2\/pages\/334","targetHints":{"allow":["GET"]}}],"collection":[{"href":"https:\/\/blog.ube.fr\/mrac-macon\/wp-json\/wp\/v2\/pages"}],"about":[{"href":"https:\/\/blog.ube.fr\/mrac-macon\/wp-json\/wp\/v2\/types\/page"}],"author":[{"embeddable":true,"href":"https:\/\/blog.ube.fr\/mrac-macon\/wp-json\/wp\/v2\/users\/2077"}],"replies":[{"embeddable":true,"href":"https:\/\/blog.ube.fr\/mrac-macon\/wp-json\/wp\/v2\/comments?post=334"}],"version-history":[{"count":4,"href":"https:\/\/blog.ube.fr\/mrac-macon\/wp-json\/wp\/v2\/pages\/334\/revisions"}],"predecessor-version":[{"id":362,"href":"https:\/\/blog.ube.fr\/mrac-macon\/wp-json\/wp\/v2\/pages\/334\/revisions\/362"}],"wp:attachment":[{"href":"https:\/\/blog.ube.fr\/mrac-macon\/wp-json\/wp\/v2\/media?parent=334"}],"curies":[{"name":"wp","href":"https:\/\/api.w.org\/{rel}","templated":true}]}}