{"id":330,"date":"2020-02-21T10:52:29","date_gmt":"2020-02-21T09:52:29","guid":{"rendered":"https:\/\/blog.u-bourgogne.fr\/mrac-macon\/?page_id=330"},"modified":"2020-03-18T10:25:58","modified_gmt":"2020-03-18T09:25:58","slug":"exposition-lamartine-et-ses-chiens-le-chien-animal-politique","status":"publish","type":"page","link":"https:\/\/blog.ube.fr\/mrac-macon\/exposition-lamartine-et-ses-chiens-le-chien-animal-politique\/","title":{"rendered":"Exposition \u00ab\u00a0Lamartine et ses chiens &#8211; Le Chien animal politique\u00a0?\u00a0\u00bb"},"content":{"rendered":"<p><strong><img loading=\"lazy\" decoding=\"async\" class=\"size-medium wp-image-331 alignright\" src=\"https:\/\/blog.ube.fr\/mrac-macon\/wp-content\/uploads\/sites\/142\/2020\/02\/AfficheA3ExpoChiensL-212x300.jpg\" alt=\"\" width=\"212\" height=\"300\" srcset=\"https:\/\/blog.ube.fr\/mrac-macon\/wp-content\/uploads\/sites\/142\/2020\/02\/AfficheA3ExpoChiensL-212x300.jpg 212w, https:\/\/blog.ube.fr\/mrac-macon\/wp-content\/uploads\/sites\/142\/2020\/02\/AfficheA3ExpoChiensL.jpg 400w\" sizes=\"auto, (max-width: 212px) 100vw, 212px\" \/>Exposition du 5 mars au 27 juin 2019<\/strong><\/p>\n<p>N\u00e9 \u00e0 M\u00e2con en 1790, Alphonse de Lamartine a v\u00e9cu sa jeunesse \u00e0 Milly, \u00e9pris de nature, entour\u00e9 de chiens. De retour de voyage, le vieux griffon Azor, comme le chien d\u2019Ulysse, l\u2019a \u00ab\u00a0pressenti et flair\u00e9 \u00e0 distance\u00a0\u00bb, s\u2019est \u00ab\u00a0\u00e9lanc\u00e9 sur la planche, et \u00ab\u00a0[le d\u00e9vore] de joie au milieu de l\u2019indiff\u00e9rence g\u00e9n\u00e9rale\u00a0\u00bb au d\u00e9barcad\u00e8re \u00e0 M\u00e2con.<br \/>\nDans son exil en Haute-Savoie, un chien errant l\u2019a aid\u00e9 \u00e0 supporter la solitude. \u00ab Partout o\u00f9 il y a un malheureux, Dieu envoie un chien\u00a0\u00bb \u00e9crira-t-il.<br \/>\nPour t\u00e9moigner de son affection, Lamartine offrait des chiens.<br \/>\n\u00ab\u00a0Au fond, il n\u2019aime que ses chiens\u00a0\u00bb a confie son \u00e9pouse, Mary-Ann Birch.<br \/>\nLe Chien est un \u00ab familier \u00bb dans l\u2019\u0153uvre litt\u00e9raire de Lamartine. Jocelyn dit \u00e0 son chien Fido sa confiance : \u00ab\u00a0Ne crains pas que de toi devant Dieu je rougisse !\u00a0\u00bb<br \/>\nLe 24 septembre 1845, devant le Conseil g\u00e9n\u00e9ral de Sa\u00f4ne et Loire, Alphonse de Lamartine prend position contre le projet d\u2019une taxe sur les chiens, \u00ab\u00a0imp\u00f4t presque immoral, imp\u00f4t sans intelligence, sans mis\u00e9ricorde et sans entrailles ; v\u00e9ritable imp\u00f4t sur le sentiment, qu\u2019on pourrait appeler, sans vous faire injure, une d\u00eeme sur le c\u0153ur du peuple\u00a0!\u00a0\u00bb<br \/>\nAvec ce discours, il a \u00e9t\u00e9 la voix du Chien dans le d\u00e9bat politique.<\/p>\n<p><a href=\"https:\/\/blog.ube.fr\/mrac-macon\/wp-content\/uploads\/sites\/142\/2020\/03\/Expo_Lamartine_2019.pdf\" target=\"_blank\" rel=\"noopener noreferrer\">Descriptif<\/a><\/p>\n<p><a href=\"https:\/\/blog.ube.fr\/mrac-macon\/wp-content\/uploads\/sites\/142\/2020\/03\/invitationLamartine.pdf\" target=\"_blank\" rel=\"noopener noreferrer\">Invitation<\/a><\/p>\n","protected":false},"excerpt":{"rendered":"<p>Exposition du 5 mars au 27 juin 2019 N\u00e9 \u00e0 M\u00e2con en 1790, Alphonse de Lamartine a v\u00e9cu sa jeunesse \u00e0 Milly, \u00e9pris de nature, entour\u00e9 de chiens. De retour de voyage, le vieux griffon Azor, comme le chien d\u2019Ulysse, l\u2019a \u00ab\u00a0pressenti et flair\u00e9 \u00e0 distance\u00a0\u00bb, s\u2019est \u00ab\u00a0\u00e9lanc\u00e9 sur la planche, et \u00ab\u00a0[le d\u00e9vore] de&hellip;<\/p>\n<p class=\"more-link-p\"><a class=\"btn btn-primary\" href=\"https:\/\/blog.ube.fr\/mrac-macon\/exposition-lamartine-et-ses-chiens-le-chien-animal-politique\/\">Voir plus &rarr;<\/a><\/p>\n","protected":false},"author":2077,"featured_media":0,"parent":0,"menu_order":0,"comment_status":"closed","ping_status":"closed","template":"","meta":{"_exactmetrics_skip_tracking":false,"_exactmetrics_sitenote_active":false,"_exactmetrics_sitenote_note":"","_exactmetrics_sitenote_category":0,"footnotes":""},"class_list":["post-330","page","type-page","status-publish","hentry"],"_links":{"self":[{"href":"https:\/\/blog.ube.fr\/mrac-macon\/wp-json\/wp\/v2\/pages\/330","targetHints":{"allow":["GET"]}}],"collection":[{"href":"https:\/\/blog.ube.fr\/mrac-macon\/wp-json\/wp\/v2\/pages"}],"about":[{"href":"https:\/\/blog.ube.fr\/mrac-macon\/wp-json\/wp\/v2\/types\/page"}],"author":[{"embeddable":true,"href":"https:\/\/blog.ube.fr\/mrac-macon\/wp-json\/wp\/v2\/users\/2077"}],"replies":[{"embeddable":true,"href":"https:\/\/blog.ube.fr\/mrac-macon\/wp-json\/wp\/v2\/comments?post=330"}],"version-history":[{"count":4,"href":"https:\/\/blog.ube.fr\/mrac-macon\/wp-json\/wp\/v2\/pages\/330\/revisions"}],"predecessor-version":[{"id":365,"href":"https:\/\/blog.ube.fr\/mrac-macon\/wp-json\/wp\/v2\/pages\/330\/revisions\/365"}],"wp:attachment":[{"href":"https:\/\/blog.ube.fr\/mrac-macon\/wp-json\/wp\/v2\/media?parent=330"}],"curies":[{"name":"wp","href":"https:\/\/api.w.org\/{rel}","templated":true}]}}