{"id":269,"date":"2020-02-13T11:39:26","date_gmt":"2020-02-13T10:39:26","guid":{"rendered":"https:\/\/blog.u-bourgogne.fr\/mrac-macon\/?page_id=269"},"modified":"2022-12-13T09:24:54","modified_gmt":"2022-12-13T08:24:54","slug":"expo","status":"publish","type":"page","link":"https:\/\/blog.ube.fr\/mrac-macon\/expo\/","title":{"rendered":"Exposition \u00ab  Un ciel sans oiseaux ? \u00bb"},"content":{"rendered":"<p><strong><img loading=\"lazy\" decoding=\"async\" class=\"wp-image-703 alignright\" src=\"https:\/\/blog.ube.fr\/mrac-macon\/wp-content\/uploads\/sites\/142\/2021\/02\/afficheExpoOK2.png\" alt=\"\" width=\"307\" height=\"430\" \/>Que serait un ciel sans oiseaux ? Des plaines sans Alouettes ? Des jardins sans Rouges-gorges ? Un petit matin printanier sans un chant de Merle ? Faudra-t-il demain vivre en ville pour pouvoir entendre le chant des oiseaux ?<\/strong><\/p>\n<p>Une exposition\u00a0 sur le site universitaire de M\u00e2con au 9, rue de Flac\u00e9.<\/p>\n<ul>\n<li>Exposition de photographies de Fabienne Henriksen-Gleize<\/li>\n<li>Cr\u00e9ation de Magali Martin, extraite de son travail pictural sur l&#8217;extinction de masse des esp\u00e8ces animales.<\/li>\n<\/ul>\n<p>&nbsp;<\/p>\n<p><img loading=\"lazy\" decoding=\"async\" class=\"wp-image-594 alignleft\" src=\"https:\/\/blog.ube.fr\/mrac-macon\/wp-content\/uploads\/sites\/142\/2020\/10\/OISEAUX-LES-T1.jpg\" alt=\"\" width=\"135\" height=\"190\" \/><\/p>\n<p>BAMBOO Edition, partenaire de l&#8217;exposition, a publi\u00e9 en juin 2020 <em>Les Oiseaux en bande dessin\u00e9e<\/em>, sc\u00e9nario de Jean-Luc Garr\u00e9ra et dessin d&#8217;Alain Sirvent, accompagn\u00e9 d&#8217;un cahier p\u00e9dagogique \u00e9tabli avec la LPO.<\/p>\n<p>&nbsp;<\/p>\n<p>&nbsp;<\/p>\n<p>&nbsp;<\/p>\n<p>&nbsp;<\/p>\n<p>&nbsp;<\/p>\n<p><img loading=\"lazy\" decoding=\"async\" class=\"alignnone  wp-image-388\" src=\"https:\/\/blog.ube.fr\/mrac-macon\/wp-content\/uploads\/sites\/142\/2020\/04\/mascotte3.png\" alt=\"\" width=\"178\" height=\"256\" \/><a href=\"https:\/\/blog.ube.fr\/mrac-macon\/le-saviez-vous\/\" rel=\"\">Retrouvez tous les billets &#8221; Le saviez-vous ? &#8220;<\/a><\/p>\n<p>Les laur\u00e9ats du Quizz peuvent venir chercher leurs lots au secr\u00e9tariat du site &#8211; b\u00e2timent A aux horaires d&#8217;ouverture.<\/p>\n<p><img loading=\"lazy\" decoding=\"async\" class=\"size-full wp-image-740 alignright\" src=\"https:\/\/blog.ube.fr\/mrac-macon\/wp-content\/uploads\/sites\/142\/2021\/05\/lotsQuizz.jpg\" alt=\"\" width=\"300\" height=\"451\" srcset=\"https:\/\/blog.ube.fr\/mrac-macon\/wp-content\/uploads\/sites\/142\/2021\/05\/lotsQuizz.jpg 300w, https:\/\/blog.ube.fr\/mrac-macon\/wp-content\/uploads\/sites\/142\/2021\/05\/lotsQuizz-200x300.jpg 200w\" sizes=\"auto, (max-width: 300px) 100vw, 300px\" \/><\/p>\n<p><img loading=\"lazy\" decoding=\"async\" class=\"wp-image-737 alignleft\" src=\"https:\/\/blog.ube.fr\/mrac-macon\/wp-content\/uploads\/sites\/142\/2021\/05\/mascotteQuizz.png\" alt=\"\" width=\"290\" height=\"315\" \/><\/p>\n<table style=\"width: 51.6013%; height: 94px;\" border=\"0\">\n<tbody>\n<tr style=\"height: 94px;\">\n<td style=\"border-style: none; width: 4.20168%; height: 94px;\"><\/td>\n<td style=\"border-style: none; width: 95.6303%; height: 94px;\"><\/td>\n<\/tr>\n<\/tbody>\n<\/table>\n","protected":false},"excerpt":{"rendered":"<p>Que serait un ciel sans oiseaux ? Des plaines sans Alouettes ? Des jardins sans Rouges-gorges ? Un petit matin printanier sans un chant de Merle ? Faudra-t-il demain vivre en ville pour pouvoir entendre le chant des oiseaux ? Une exposition\u00a0 sur le site universitaire de M\u00e2con au 9, rue de Flac\u00e9. Exposition de&hellip;<\/p>\n<p class=\"more-link-p\"><a class=\"btn btn-primary\" href=\"https:\/\/blog.ube.fr\/mrac-macon\/expo\/\">Voir plus &rarr;<\/a><\/p>\n","protected":false},"author":2077,"featured_media":0,"parent":0,"menu_order":0,"comment_status":"closed","ping_status":"closed","template":"","meta":{"_exactmetrics_skip_tracking":false,"_exactmetrics_sitenote_active":false,"_exactmetrics_sitenote_note":"","_exactmetrics_sitenote_category":0,"footnotes":""},"class_list":["post-269","page","type-page","status-publish","hentry"],"_links":{"self":[{"href":"https:\/\/blog.ube.fr\/mrac-macon\/wp-json\/wp\/v2\/pages\/269","targetHints":{"allow":["GET"]}}],"collection":[{"href":"https:\/\/blog.ube.fr\/mrac-macon\/wp-json\/wp\/v2\/pages"}],"about":[{"href":"https:\/\/blog.ube.fr\/mrac-macon\/wp-json\/wp\/v2\/types\/page"}],"author":[{"embeddable":true,"href":"https:\/\/blog.ube.fr\/mrac-macon\/wp-json\/wp\/v2\/users\/2077"}],"replies":[{"embeddable":true,"href":"https:\/\/blog.ube.fr\/mrac-macon\/wp-json\/wp\/v2\/comments?post=269"}],"version-history":[{"count":54,"href":"https:\/\/blog.ube.fr\/mrac-macon\/wp-json\/wp\/v2\/pages\/269\/revisions"}],"predecessor-version":[{"id":1025,"href":"https:\/\/blog.ube.fr\/mrac-macon\/wp-json\/wp\/v2\/pages\/269\/revisions\/1025"}],"wp:attachment":[{"href":"https:\/\/blog.ube.fr\/mrac-macon\/wp-json\/wp\/v2\/media?parent=269"}],"curies":[{"name":"wp","href":"https:\/\/api.w.org\/{rel}","templated":true}]}}