{"id":1220,"date":"2025-11-05T15:04:51","date_gmt":"2025-11-05T14:04:51","guid":{"rendered":"https:\/\/blog.u-bourgogne.fr\/mrac-macon\/?page_id=1220"},"modified":"2025-11-05T15:22:25","modified_gmt":"2025-11-05T14:22:25","slug":"exposition-andre-barraud-gymnaste-formateur-et-resistant","status":"publish","type":"page","link":"https:\/\/blog.ube.fr\/mrac-macon\/exposition-andre-barraud-gymnaste-formateur-et-resistant\/","title":{"rendered":"Exposition  \u00ab Andr\u00e9 Barraud. Gymnaste, formateur et R\u00e9sistant \u00bb"},"content":{"rendered":"<p><strong><img loading=\"lazy\" decoding=\"async\" class=\"size-full wp-image-1223 alignright\" src=\"https:\/\/blog.ube.fr\/mrac-macon\/wp-content\/uploads\/sites\/142\/2025\/11\/afficheBarraudWeb.jpg\" alt=\"\" width=\"350\" height=\"495\" srcset=\"https:\/\/blog.ube.fr\/mrac-macon\/wp-content\/uploads\/sites\/142\/2025\/11\/afficheBarraudWeb.jpg 350w, https:\/\/blog.ube.fr\/mrac-macon\/wp-content\/uploads\/sites\/142\/2025\/11\/afficheBarraudWeb-212x300.jpg 212w\" sizes=\"auto, (max-width: 350px) 100vw, 350px\" \/>L\u2019ann\u00e9e du 80e anniversaire de la \u00ab Lib\u00e9ration \u00bb de la France rappelle l\u2019action des maquis en France. En Sa\u00f4ne-et-Loire, le maquis de Sylla, dans la commune de Martigny-le-Comte, a \u00e9t\u00e9 actif de juillet \u00e0 septembre 1944.<\/strong><\/p>\n<p>L\u2019organisation et les combats de ce maquis peuvent \u00eatre \u00e9tablie gr\u00e2ce aux \u00ab m\u00e9moires \u00bb de l\u2019un de ses acteurs, Andr\u00e9 Barraud, lieutenant commandant de la 2e compagnie.<\/p>\n<p><strong>Comment et pourquoi Andr\u00e9 Barraud est-il devenu R\u00e9sistant ?<\/strong><\/p>\n<p>Avant de \u00ab prendre le maquis \u00bb, Andr\u00e9 Barraud s\u2019est passionn\u00e9 d\u00e8s son plus jeune \u00e2ge pour la Gymnastique. Il en est devenu un moniteur passionn\u00e9, b\u00e9n\u00e9vole d\u00e9sint\u00e9ress\u00e9 selon l\u2019esprit olympique.<\/p>\n<p>Fils d\u2019ouvrier-mineur de Montceau-les-Mines et petit-fils de paysans de Martigny-le-Comte, exemple d\u2019une ascension sociale dans la \u00ab m\u00e9ritocratie r\u00e9publicaine \u00bb, il a retrouv\u00e9 son emploi aux Houill\u00e8res de Blanzy apr\u00e8s avoir \u00e9t\u00e9 un combattant particuli\u00e8rement actif de septembre 1939 jusqu\u2019\u00e0 la d\u00e9faite militaire fran\u00e7aise durant l\u2019\u00e9t\u00e9 1940.<\/p>\n<p>Faisant de la formation professionnelle son m\u00e9tier, il a enseign\u00e9 l\u2019organisation du Travail et transmis les r\u00e8gles de s\u00e9curit\u00e9, indispensables \u00e0 l\u2019ouvrier mineur.<\/p>\n<p>Membre d\u2019un groupe de r\u00e9sistance interne aux Houill\u00e8res, le Mouvement ouvrier de R\u00e9sistance des mines de Blanzy (MORB), Andr\u00e9 Barraud a transpos\u00e9 comme commandant au maquis de Sylla les r\u00e8gles de l\u2019encadrement militaire.<\/p>\n<p>Recevant de nombreuses marques de reconnaissance \u00e0 partir des ann\u00e9es 1950, il a voulu t\u00e9moigner au soir de sa vie de sa pratique de gymnaste et au nom du \u00ab Devoir de m\u00e9moire \u00bb de son engagement comme R\u00e9sistant.<\/p>\n<p>En homme de caract\u00e8re \u00e0 l\u2019esprit volontaire, la voie rectiligne qu\u2019il a trac\u00e9e s\u2019\u00e9claire au travers de l\u2019affirmation du philosophe Emmanuel Mounier : \u00ab <em>L&#8217;homme ne va bien que l\u00e0 o\u00f9 il va avec tout lui-m\u00eame<\/em> \u00bb.<\/p>\n<h3>Exposition du 10 novembre au 19 d\u00e9cembre 2025<\/h3>\n","protected":false},"excerpt":{"rendered":"<p>L\u2019ann\u00e9e du 80e anniversaire de la \u00ab Lib\u00e9ration \u00bb de la France rappelle l\u2019action des maquis en France. En Sa\u00f4ne-et-Loire, le maquis de Sylla, dans la commune de Martigny-le-Comte, a \u00e9t\u00e9 actif de juillet \u00e0 septembre 1944. L\u2019organisation et les combats de ce maquis peuvent \u00eatre \u00e9tablie gr\u00e2ce aux \u00ab m\u00e9moires \u00bb de l\u2019un de&hellip;<\/p>\n<p class=\"more-link-p\"><a class=\"btn btn-primary\" href=\"https:\/\/blog.ube.fr\/mrac-macon\/exposition-andre-barraud-gymnaste-formateur-et-resistant\/\">Voir plus &rarr;<\/a><\/p>\n","protected":false},"author":2077,"featured_media":0,"parent":0,"menu_order":0,"comment_status":"closed","ping_status":"closed","template":"","meta":{"_exactmetrics_skip_tracking":false,"_exactmetrics_sitenote_active":false,"_exactmetrics_sitenote_note":"","_exactmetrics_sitenote_category":0,"footnotes":""},"class_list":["post-1220","page","type-page","status-publish","hentry"],"_links":{"self":[{"href":"https:\/\/blog.ube.fr\/mrac-macon\/wp-json\/wp\/v2\/pages\/1220","targetHints":{"allow":["GET"]}}],"collection":[{"href":"https:\/\/blog.ube.fr\/mrac-macon\/wp-json\/wp\/v2\/pages"}],"about":[{"href":"https:\/\/blog.ube.fr\/mrac-macon\/wp-json\/wp\/v2\/types\/page"}],"author":[{"embeddable":true,"href":"https:\/\/blog.ube.fr\/mrac-macon\/wp-json\/wp\/v2\/users\/2077"}],"replies":[{"embeddable":true,"href":"https:\/\/blog.ube.fr\/mrac-macon\/wp-json\/wp\/v2\/comments?post=1220"}],"version-history":[{"count":6,"href":"https:\/\/blog.ube.fr\/mrac-macon\/wp-json\/wp\/v2\/pages\/1220\/revisions"}],"predecessor-version":[{"id":1231,"href":"https:\/\/blog.ube.fr\/mrac-macon\/wp-json\/wp\/v2\/pages\/1220\/revisions\/1231"}],"wp:attachment":[{"href":"https:\/\/blog.ube.fr\/mrac-macon\/wp-json\/wp\/v2\/media?parent=1220"}],"curies":[{"name":"wp","href":"https:\/\/api.w.org\/{rel}","templated":true}]}}