{"id":1175,"date":"2025-02-19T08:56:00","date_gmt":"2025-02-19T07:56:00","guid":{"rendered":"https:\/\/blog.u-bourgogne.fr\/mrac-macon\/?page_id=1175"},"modified":"2025-03-31T15:23:08","modified_gmt":"2025-03-31T13:23:08","slug":"exposition-si-beaux-de-la-haut-un-survol-de-chateaux-de-saone-et-loire","status":"publish","type":"page","link":"https:\/\/blog.ube.fr\/mrac-macon\/exposition-si-beaux-de-la-haut-un-survol-de-chateaux-de-saone-et-loire\/","title":{"rendered":"Exposition \u00ab Si beaux de l\u00e0-haut, un survol de ch\u00e2teaux de Sa\u00f4ne-et-Loire \u00bb"},"content":{"rendered":"<p><strong><img loading=\"lazy\" decoding=\"async\" class=\" wp-image-1177 alignright\" src=\"https:\/\/blog.ube.fr\/mrac-macon\/wp-content\/uploads\/sites\/142\/2025\/02\/afficheChateauxweb.jpg\" alt=\"\" width=\"268\" height=\"402\" \/>Les photographies de cette exposition ont \u00e9t\u00e9 r\u00e9alis\u00e9es dans le cadre des activit\u00e9s du photo-club du Creusot.<\/strong><\/p>\n<p>Il a pr\u00e8s de 125 ans puisqu\u2019il a \u00e9t\u00e9 fond\u00e9 en 1901 et compte une \u00ab section a\u00e9rienne \u00bb.\u00a0Ses photographies constituent une vision originale du monde architectural des monuments qui constituent la richesse du patrimoine local.<br \/>\nLes images ont \u00e9t\u00e9 r\u00e9alis\u00e9es lors de survols de la Sa\u00f4ne-et-Loire, au-dessus des r\u00e9gions naturelles dont les seuls noms renvoient d\u00e9j\u00e0 \u00e0 l\u2019histoire : Autunois, Brionnais, Chalonnais, Charolais, M\u00e2connais,Tournugeois\u2026<\/p>\n<h2>Une exposition du 17 mars au 18 avril 2025<\/h2>\n","protected":false},"excerpt":{"rendered":"<p>Les photographies de cette exposition ont \u00e9t\u00e9 r\u00e9alis\u00e9es dans le cadre des activit\u00e9s du photo-club du Creusot. Il a pr\u00e8s de 125 ans puisqu\u2019il a \u00e9t\u00e9 fond\u00e9 en 1901 et compte une \u00ab section a\u00e9rienne \u00bb.\u00a0Ses photographies constituent une vision originale du monde architectural des monuments qui constituent la richesse du patrimoine local. Les images&hellip;<\/p>\n<p class=\"more-link-p\"><a class=\"btn btn-primary\" href=\"https:\/\/blog.ube.fr\/mrac-macon\/exposition-si-beaux-de-la-haut-un-survol-de-chateaux-de-saone-et-loire\/\">Voir plus &rarr;<\/a><\/p>\n","protected":false},"author":2077,"featured_media":0,"parent":0,"menu_order":0,"comment_status":"closed","ping_status":"closed","template":"","meta":{"_exactmetrics_skip_tracking":false,"_exactmetrics_sitenote_active":false,"_exactmetrics_sitenote_note":"","_exactmetrics_sitenote_category":0,"footnotes":""},"class_list":["post-1175","page","type-page","status-publish","hentry"],"_links":{"self":[{"href":"https:\/\/blog.ube.fr\/mrac-macon\/wp-json\/wp\/v2\/pages\/1175","targetHints":{"allow":["GET"]}}],"collection":[{"href":"https:\/\/blog.ube.fr\/mrac-macon\/wp-json\/wp\/v2\/pages"}],"about":[{"href":"https:\/\/blog.ube.fr\/mrac-macon\/wp-json\/wp\/v2\/types\/page"}],"author":[{"embeddable":true,"href":"https:\/\/blog.ube.fr\/mrac-macon\/wp-json\/wp\/v2\/users\/2077"}],"replies":[{"embeddable":true,"href":"https:\/\/blog.ube.fr\/mrac-macon\/wp-json\/wp\/v2\/comments?post=1175"}],"version-history":[{"count":3,"href":"https:\/\/blog.ube.fr\/mrac-macon\/wp-json\/wp\/v2\/pages\/1175\/revisions"}],"predecessor-version":[{"id":1186,"href":"https:\/\/blog.ube.fr\/mrac-macon\/wp-json\/wp\/v2\/pages\/1175\/revisions\/1186"}],"wp:attachment":[{"href":"https:\/\/blog.ube.fr\/mrac-macon\/wp-json\/wp\/v2\/media?parent=1175"}],"curies":[{"name":"wp","href":"https:\/\/api.w.org\/{rel}","templated":true}]}}