{"id":1077,"date":"2023-06-23T09:17:35","date_gmt":"2023-06-23T07:17:35","guid":{"rendered":"https:\/\/blog.u-bourgogne.fr\/mrac-macon\/?page_id=1077"},"modified":"2023-09-15T10:43:23","modified_gmt":"2023-09-15T08:43:23","slug":"exposition-le-grand-voyage-en-route-vers-lautre-monde-entre-la-terre-et-le-ciel","status":"publish","type":"page","link":"https:\/\/blog.ube.fr\/mrac-macon\/exposition-le-grand-voyage-en-route-vers-lautre-monde-entre-la-terre-et-le-ciel\/","title":{"rendered":"Exposition &#8221; Le Grand Voyage, en route vers l\u2019autre monde entre la Terre et le Ciel &#8220;"},"content":{"rendered":"<p>Les premiers rites fun\u00e9raires ont d\u00e9but\u00e9 au Pal\u00e9olithique avec la prise de conscience de la mort. Le n\u00e9olithique a ensuite \u00e9t\u00e9 marqu\u00e9 par des formes plus \u00e9labor\u00e9es.<br \/>\nCes rites fun\u00e9raires sont une marque du passage de l\u2019homo sapiens \u00e0 l&#8217;homo sapiens sapiens.<br \/>\nA l\u2019origine de \u00ab\u00a0l\u2019humanit\u00e9\u00a0\u00bb, ils illustrent l\u2019attitude des survivants endeuill\u00e9s et leurs tentatives de r\u00e9ponse aux questions sur le devenir du d\u00e9funt au-del\u00e0 de sa mort.<br \/>\nCe \u00ab\u00a0grand voyage \u00bb que l\u2019on ne fait qu\u2019une fois et pour lequel il faut mourir est racont\u00e9 par les mythologies de l\u2019humanit\u00e9.<\/p>\n<h3>Exposition dans le cadre de la manifestation Patrimoine \u00e9crits 2023 du 4 septembre au 27 octobre<\/h3>\n<table style=\"border-collapse: collapse; width: 600 px; border: 0;\">\n<tbody>\n<tr>\n<td style=\"width: 70%;\"><iframe loading=\"lazy\" title=\"YouTube video player\" frameborder=\"0\" height=\"315\" src=\"https:\/\/www.youtube.com\/embed\/DQVPhChAOkg\" width=\"560\"><\/iframe><\/td>\n<td style=\"width: 30%;\"><img loading=\"lazy\" decoding=\"async\" class=\"alignnone wp-image-1089 size-full\" src=\"https:\/\/blog.ube.fr\/mrac-macon\/wp-content\/uploads\/sites\/142\/2023\/06\/afficheGrandVoyage.jpg\" alt=\"\" width=\"450\" height=\"636\" srcset=\"https:\/\/blog.ube.fr\/mrac-macon\/wp-content\/uploads\/sites\/142\/2023\/06\/afficheGrandVoyage.jpg 450w, https:\/\/blog.ube.fr\/mrac-macon\/wp-content\/uploads\/sites\/142\/2023\/06\/afficheGrandVoyage-212x300.jpg 212w\" sizes=\"auto, (max-width: 450px) 100vw, 450px\" \/><\/td>\n<\/tr>\n<\/tbody>\n<\/table>\n<h4>La Mission Recherche et Action culturelle vous invite \u00e0 l\u2019exposition aux rencontres organis\u00e9es \u00e0 cette occasion :<\/h4>\n<p><strong>jeudi 5 octobre \u00e0 12h50<\/strong><br \/>\nMartine Jacques, \u00ab La catabase dans les albums mythologiques de litt\u00e9rature jeunesse \u00bb<br \/>\n<strong>jeudi 12 octobre \u00e0 12h45<\/strong><br \/>\nAtelier Pop-up sur la th\u00e9matique de l&#8217;exposition<br \/>\n<strong>Rencontre report\u00e9e<\/strong><br \/>\nSt\u00e9phane Van Damme pour son ouvrage<br \/>\n<em>Les Voyageurs du doute, L&#8217;invention d&#8217;un altermondialisme libertin (1620-1820)<\/em><\/p>\n","protected":false},"excerpt":{"rendered":"<p>Les premiers rites fun\u00e9raires ont d\u00e9but\u00e9 au Pal\u00e9olithique avec la prise de conscience de la mort. Le n\u00e9olithique a ensuite \u00e9t\u00e9 marqu\u00e9 par des formes plus \u00e9labor\u00e9es. Ces rites fun\u00e9raires sont une marque du passage de l\u2019homo sapiens \u00e0 l&#8217;homo sapiens sapiens. A l\u2019origine de \u00ab\u00a0l\u2019humanit\u00e9\u00a0\u00bb, ils illustrent l\u2019attitude des survivants endeuill\u00e9s et leurs tentatives&hellip;<\/p>\n<p class=\"more-link-p\"><a class=\"btn btn-primary\" href=\"https:\/\/blog.ube.fr\/mrac-macon\/exposition-le-grand-voyage-en-route-vers-lautre-monde-entre-la-terre-et-le-ciel\/\">Voir plus &rarr;<\/a><\/p>\n","protected":false},"author":2077,"featured_media":0,"parent":0,"menu_order":0,"comment_status":"closed","ping_status":"closed","template":"","meta":{"_exactmetrics_skip_tracking":false,"_exactmetrics_sitenote_active":false,"_exactmetrics_sitenote_note":"","_exactmetrics_sitenote_category":0,"footnotes":""},"class_list":["post-1077","page","type-page","status-publish","hentry"],"_links":{"self":[{"href":"https:\/\/blog.ube.fr\/mrac-macon\/wp-json\/wp\/v2\/pages\/1077","targetHints":{"allow":["GET"]}}],"collection":[{"href":"https:\/\/blog.ube.fr\/mrac-macon\/wp-json\/wp\/v2\/pages"}],"about":[{"href":"https:\/\/blog.ube.fr\/mrac-macon\/wp-json\/wp\/v2\/types\/page"}],"author":[{"embeddable":true,"href":"https:\/\/blog.ube.fr\/mrac-macon\/wp-json\/wp\/v2\/users\/2077"}],"replies":[{"embeddable":true,"href":"https:\/\/blog.ube.fr\/mrac-macon\/wp-json\/wp\/v2\/comments?post=1077"}],"version-history":[{"count":9,"href":"https:\/\/blog.ube.fr\/mrac-macon\/wp-json\/wp\/v2\/pages\/1077\/revisions"}],"predecessor-version":[{"id":1096,"href":"https:\/\/blog.ube.fr\/mrac-macon\/wp-json\/wp\/v2\/pages\/1077\/revisions\/1096"}],"wp:attachment":[{"href":"https:\/\/blog.ube.fr\/mrac-macon\/wp-json\/wp\/v2\/media?parent=1077"}],"curies":[{"name":"wp","href":"https:\/\/api.w.org\/{rel}","templated":true}]}}