{"id":3113,"date":"2017-01-10T12:32:07","date_gmt":"2017-01-10T12:32:07","guid":{"rendered":"http:\/\/blog.u-bourgogne.fr\/50-ans-credimi\/gestion-des-cookies\/"},"modified":"2017-01-10T12:32:07","modified_gmt":"2017-01-10T12:32:07","slug":"gestion-des-cookies","status":"publish","type":"page","link":"https:\/\/blog.ube.fr\/menaces-identitaires\/gestion-des-cookies\/","title":{"rendered":"Gestion des cookies"},"content":{"rendered":"<p>[kc_row use_container=&#8221;yes&#8221; force=&#8221;no&#8221; column_align=&#8221;middle&#8221; video_mute=&#8221;no&#8221; _id=&#8221;543918&#8243;][kc_column width=&#8221;63%&#8221; video_mute=&#8221;no&#8221; _id=&#8221;468381&#8243;][kc_column_text _id=&#8221;383924&#8243;]<\/p>\n<h3>Qu\u2019est-ce qu\u2019un cookie ?<\/h3>\n<p>Les cookies sont des informations plac\u00e9es sur votre appareil par un site Web lorsque vous visitez ce site. Les cookies peuvent impliquer la transmission d\u2019informations, soit entre vous et nous, soit \u00e0 destination d\u2019un tiers de notre part ou \u00e0 destination d\u2019un tiers en accord avec sa propre politique de confidentialit\u00e9. Il se peut que nous utilisions des cookies pour rassembler les informations que nous recueillons \u00e0 votre \u00e9gard. Vous pouvez param\u00e9trer votre appareil de mani\u00e8re \u00e0 ce qu\u2019il vous informe chaque fois qu\u2019un cookie vous est transmis. Vous pouvez \u00e9galement choisir de d\u00e9sactiver tous les cookies. Vous pouvez effectuer cette op\u00e9ration dans les param\u00e8tres de votre navigateur. Veuillez consulter la derni\u00e8re partie de ces Modalit\u00e9s relatives aux cookies pour plus de renseignements sur la fa\u00e7on de g\u00e9rer ou de d\u00e9sactiver les cookies de navigateur.<\/p>\n<h3>Liste des cookies susceptibles d&#8217;\u00eatre d\u00e9pos\u00e9s par ce site<\/h3>\n<p>Nous utilisons Google Analytics comme outil de mesure d&#8217;audience.<\/p>\n<p><strong>Descrition des cookies :<\/strong><\/p>\n<ul>\n<li>_utma : mesure d&#8217;audience et distinction des utilisateurs &gt; dur\u00e9e : 2 ans<\/li>\n<li>_utmb : mesure d&#8217;audience et Nouvelles sessions \/ visites &gt; dur\u00e9e : 30 minutes<\/li>\n<li>_utmc : mesure d&#8217;audience &#8211; Compatibilit\u00e9 avec urchin.js &gt; dur\u00e9e : Session (supprim\u00e9 \u00e0 la fermeture du navigateur)<\/li>\n<li>_utmz : Mesure d&#8217;audience &#8211; Source de traffic &gt; dur\u00e9e : 6 mois<\/li>\n<li>_ga : Mesure d&#8217;audience &gt; dur\u00e9e : 2 ans<\/li>\n<\/ul>\n<h3>D\u00e9sactivation\/activation de cookies par le biais de votre navigateur<\/h3>\n<p>Il existe un certain nombre de moyens par lesquels vous pouvez g\u00e9rer les cookies et autres technologies de suivi. Vous pouvez accepter ou refuser des cookies en modifiant les param\u00e8tres de votre navigateur, ou faire en sorte que votre navigateur vous demande confirmation avant d\u2019accepter un cookie de la part des sites Web que vous visitez. Sachez que, si vous choisissez de d\u00e9sactiver compl\u00e8tement les cookies, il se peut que vous ne puissiez pas utiliser toutes nos fonctionnalit\u00e9s.<\/p>\n<p>Si vous utilisez plusieurs ordinateurs \u00e0 des emplacements diff\u00e9rents, vous devrez vous assurer que chacun des navigateurs est r\u00e9gl\u00e9 pour convenir \u00e0 vos pr\u00e9f\u00e9rences.<\/p>\n<p>Vous pouvez supprimer tous les cookies qui ont \u00e9t\u00e9 install\u00e9s dans le dossier des cookies de votre navigateur. Chaque navigateur propose des proc\u00e9dures diff\u00e9rentes pour g\u00e9rer vos param\u00e8tres.<\/p>\n<ul>\n<li><a href=\"http:\/\/windows.microsoft.com\/en-us\/windows-vista\/block-or-allow-cookies\" target=\"_blank\" rel=\"noopener\">Microsoft Internet Explorer<\/a><\/li>\n<li><a href=\"https:\/\/support.google.com\/chrome\/answer\/95647?hl=fr&amp;p=cpn_cookies\" target=\"_blank\" rel=\"noopener\">Google Chrome<\/a><\/li>\n<li><a href=\"https:\/\/support.mozilla.org\/fr\/kb\/activer-desactiver-cookies\" target=\"_blank\" rel=\"noopener\">Mozilla Firefox<\/a><\/li>\n<li><a href=\"http:\/\/support.apple.com\/kb\/ph11913\" target=\"_blank\" rel=\"noopener\">Apple Safari<\/a><\/li>\n<\/ul>\n<p>Si vous n\u2019utilisez aucun des navigateurs cit\u00e9s ci-dessus, vous devrez s\u00e9lectionner l\u2019option \u00ab cookies \u00bb dans la fonction \u00ab Aide \u00bb pour obtenir des informations concernant l\u2019emplacement de votre dossier de cookies.<\/p>\n<p>[\/kc_column_text][\/kc_column][kc_column width=&#8221;37%&#8221; _id=&#8221;852429&#8243; col_id=&#8221;gk-sidebar&#8221;][kc_column_text _id=&#8221;984665&#8243; class=&#8221;box infosPratiques&#8221;]<\/p>\n<h3>\u00a0Voir aussi<\/h3>\n<p><a href=\"\/mentions-legales.html\" target=\"_self\">Mentions l\u00e9gales<\/a><\/p>\n<p>[\/kc_column_text][\/kc_column][\/kc_row]<\/p>\n","protected":false},"excerpt":{"rendered":"<p>[kc_row use_container=&#8221;yes&#8221; force=&#8221;no&#8221; column_align=&#8221;middle&#8221; video_mute=&#8221;no&#8221; _id=&#8221;543918&#8243;][kc_column width=&#8221;63%&#8221; video_mute=&#8221;no&#8221; _id=&#8221;468381&#8243;][kc_column_text _id=&#8221;383924&#8243;] Qu\u2019est-ce qu\u2019un cookie ? Les cookies sont des informations plac\u00e9es sur votre appareil par un site Web lorsque vous visitez ce site. Les cookies peuvent impliquer la transmission d\u2019informations, soit entre vous et nous, soit \u00e0 destination d\u2019un tiers de notre part ou \u00e0 destination&hellip;<\/p>\n","protected":false},"author":110,"featured_media":0,"parent":0,"menu_order":0,"comment_status":"open","ping_status":"open","template":"","meta":{"footnotes":""},"class_list":["post-3113","page","type-page","status-publish","hentry"],"_links":{"self":[{"href":"https:\/\/blog.ube.fr\/menaces-identitaires\/wp-json\/wp\/v2\/pages\/3113","targetHints":{"allow":["GET"]}}],"collection":[{"href":"https:\/\/blog.ube.fr\/menaces-identitaires\/wp-json\/wp\/v2\/pages"}],"about":[{"href":"https:\/\/blog.ube.fr\/menaces-identitaires\/wp-json\/wp\/v2\/types\/page"}],"author":[{"embeddable":true,"href":"https:\/\/blog.ube.fr\/menaces-identitaires\/wp-json\/wp\/v2\/users\/110"}],"replies":[{"embeddable":true,"href":"https:\/\/blog.ube.fr\/menaces-identitaires\/wp-json\/wp\/v2\/comments?post=3113"}],"version-history":[{"count":0,"href":"https:\/\/blog.ube.fr\/menaces-identitaires\/wp-json\/wp\/v2\/pages\/3113\/revisions"}],"wp:attachment":[{"href":"https:\/\/blog.ube.fr\/menaces-identitaires\/wp-json\/wp\/v2\/media?parent=3113"}],"curies":[{"name":"wp","href":"https:\/\/api.w.org\/{rel}","templated":true}]}}