{"id":76,"date":"2014-12-16T14:47:14","date_gmt":"2014-12-16T13:47:14","guid":{"rendered":"http:\/\/blog.u-bourgogne.fr\/mastert2m\/?page_id=76"},"modified":"2026-01-18T20:19:56","modified_gmt":"2026-01-18T19:19:56","slug":"documents","status":"publish","type":"page","link":"https:\/\/blog.ube.fr\/mastert2m\/documents\/","title":{"rendered":"Documents"},"content":{"rendered":"<h3 style=\"text-align: justify;\">Informations g\u00e9n\u00e9rales :<\/h3>\n<p>Les fiches formation correspondant aux Master T2M et TA2M sont disponibles sur le site &#8220;Formations&#8221; de l&#8217;Universit\u00e9, <a href=\"https:\/\/formations.ube.fr\/\/fr\/offre-de-formation\/master-XB\/master-traduction-et-interpretation-LMGC24IY.html\">sous la mention &#8220;Traduction et interpr\u00e9tation&#8221;<\/a>.<\/p>\n<p>Pour toute question concernant la formation continue, les validations d&#8217;acquis et l&#8217;alternance (qui sera ouverte en Master 2 TA2M \u00e0 partir de la rentr\u00e9e 2025), merci de prendre contact avec l&#8217;\u00e9quipe p\u00e9dagogique dans un premier temps.<\/p>\n<h3 style=\"text-align: justify;\">Stages et m\u00e9moires :<\/h3>\n<p><em>En 2025-26, les m\u00e9moires sont \u00e0 remettre pour l&#8217;une des sessions suivantes, en utilisant le lien de d\u00e9p\u00f4t fourni sur Teams. Les dates sont propos\u00e9es \u00e0 titre provisoire et seront formalis\u00e9es d\u00e9but 2026 :<\/em><\/p>\n<ul>\n<li><em>Session de juin (M1 et M2) : remise de m\u00e9moire avant 23H59 le 19 juin, soutenance d\u00e9but juillet.<\/em><\/li>\n<li><em>Session de septembre (M1 T2M et TA2M) : remise de m\u00e9moire avant 23H59 le 26 ao\u00fbt, soutenance d\u00e9but septembre devant les promotions entrantes.<\/em><\/li>\n<li><em>Session de septembre (M2 T2M) : remise de m\u00e9moire avant 23H59 le 15 septembre, soutenance courant octobre devant les promotions entrantes.<\/em><\/li>\n<\/ul>\n<p><strong><em>Seule la session de juin donne la possibilit\u00e9 d&#8217;une &#8216;seconde chance&#8217; en cas de travail non satisfaisant.<\/em><\/strong><\/p>\n<h4>Documents utiles :<\/h4>\n<ul>\n<li><a href=\"http:\/\/blog.ube.fr\/mastert2m\/?p=911\">M\u00e9mo stages<\/a>, vad\u00e9m\u00e9cum concernant la recherche et le d\u00e9roulement administratif d&#8217;un stage, les bourses, etc.<\/li>\n<li><a href=\"https:\/\/blog.ube.fr\/mastert2m\/wp-content\/uploads\/sites\/12\/2024\/12\/T2M-TA2M_EncadrementStages_2024.pdf\" target=\"_blank\" rel=\"noopener\">Note sur l&#8217;encadrement des stages et des m\u00e9moires (document mis \u00e0 jour d\u00e9cembre 2024)<\/a><\/li>\n<li><a href=\"https:\/\/cloud.ube.fr\/index.php\/s\/zzRDgyEZFN3LK9G\">Consignes de r\u00e9daction &#8211; m\u00e9moires M1 et M2 T2M et TA2M (documents mis \u00e0 jour pour 2025-26)<\/a><\/li>\n<li>Conventions de stage : disponible sur le groupe Teams de la formation. En cas de question, contacter la <a href=\"mailto:amandine.dauer@ube.fr\">correspondante administrative<\/a>.<\/li>\n<li>Documents \u00e0 faire remplir par l&#8217;entreprise:\n<ul>\n<li>Attestation de stage (<a href=\"http:\/\/blog.ube.fr\/mastert2m\/?p=448\" target=\"_blank\" rel=\"noopener noreferrer\">version fran\u00e7aise<\/a> &#8211; <a href=\"http:\/\/blog.ube.fr\/mastert2m\/?p=447\" target=\"_blank\" rel=\"noopener noreferrer\">version anglaise<\/a>)<\/li>\n<li>Fiche d&#8217;\u00e9valuation (<a href=\"https:\/\/blog.ube.fr\/mastert2m\/wp-content\/uploads\/sites\/12\/2025\/09\/fiche-evaluation-stage-master-francais-202425.pdf\">version fran\u00e7aise<\/a> &#8211; <a href=\"http:\/\/blog.ube.fr\/mastert2m\/?p=663\">version anglaise<\/a> &#8211; <a href=\"http:\/\/blog.ube.fr\/mastert2m\/?p=660\">version allemande<\/a> &#8211; <a href=\"http:\/\/blog.ube.fr\/mastert2m\/?p=661\">version espagnole<\/a> &#8211; <a href=\"http:\/\/blog.ube.fr\/mastert2m\/?p=664\">version italienne<\/a>)<\/li>\n<\/ul>\n<\/li>\n<\/ul>\n","protected":false},"excerpt":{"rendered":"<p>Informations g\u00e9n\u00e9rales : Les fiches formation correspondant aux Master T2M et TA2M sont disponibles sur le site &#8220;Formations&#8221; de l&#8217;Universit\u00e9, sous la mention &#8220;Traduction et interpr\u00e9tation&#8221;. Pour toute question concernant la formation continue, les validations d&#8217;acquis et l&#8217;alternance (qui sera ouverte en Master 2 TA2M \u00e0 partir de la rentr\u00e9e 2025), merci de prendre contact&hellip;<\/p>\n<p class=\"more-link-p\"><a class=\"btn btn-primary\" href=\"https:\/\/blog.ube.fr\/mastert2m\/documents\/\">Voir plus &rarr;<\/a><\/p>\n","protected":false},"author":23,"featured_media":0,"parent":0,"menu_order":0,"comment_status":"open","ping_status":"open","template":"","meta":{"_exactmetrics_skip_tracking":false,"_exactmetrics_sitenote_active":false,"_exactmetrics_sitenote_note":"","_exactmetrics_sitenote_category":0,"footnotes":""},"class_list":["post-76","page","type-page","status-publish","hentry"],"_links":{"self":[{"href":"https:\/\/blog.ube.fr\/mastert2m\/wp-json\/wp\/v2\/pages\/76","targetHints":{"allow":["GET"]}}],"collection":[{"href":"https:\/\/blog.ube.fr\/mastert2m\/wp-json\/wp\/v2\/pages"}],"about":[{"href":"https:\/\/blog.ube.fr\/mastert2m\/wp-json\/wp\/v2\/types\/page"}],"author":[{"embeddable":true,"href":"https:\/\/blog.ube.fr\/mastert2m\/wp-json\/wp\/v2\/users\/23"}],"replies":[{"embeddable":true,"href":"https:\/\/blog.ube.fr\/mastert2m\/wp-json\/wp\/v2\/comments?post=76"}],"version-history":[{"count":69,"href":"https:\/\/blog.ube.fr\/mastert2m\/wp-json\/wp\/v2\/pages\/76\/revisions"}],"predecessor-version":[{"id":1816,"href":"https:\/\/blog.ube.fr\/mastert2m\/wp-json\/wp\/v2\/pages\/76\/revisions\/1816"}],"wp:attachment":[{"href":"https:\/\/blog.ube.fr\/mastert2m\/wp-json\/wp\/v2\/media?parent=76"}],"curies":[{"name":"wp","href":"https:\/\/api.w.org\/{rel}","templated":true}]}}