{"id":51,"date":"2014-12-13T18:41:29","date_gmt":"2014-12-13T17:41:29","guid":{"rendered":"http:\/\/blog.u-bourgogne.fr\/mastert2m\/?page_id=51"},"modified":"2018-04-17T13:34:47","modified_gmt":"2018-04-17T12:34:47","slug":"proposer-un-stage","status":"publish","type":"page","link":"https:\/\/blog.ube.fr\/mastert2m-en\/stages\/proposer-un-stage\/","title":{"rendered":"Proposer un stage"},"content":{"rendered":"<p>Les \u00e9tudiants en Master Traduction multim\u00e9dia effectuent un\u00a0<strong>stage de 4 mois minimum<\/strong>\u00a0entre janvier et septembre de chaque ann\u00e9e de leur Master\u00a0: obligatoirement \u00e0 l&#8217;\u00e9tranger en Master 1 (sauf \u00e9tudiants non-francophones),\u00a0\u00e0 l&#8217;\u00e9tranger ou bien en France en Master 2.<\/p>\n<p>Ce stage peut s&#8217;effectuer dans plusieurs\u00a0domaines en rapport avec la sp\u00e9cialit\u00e9 &#8220;Traduction multim\u00e9dia&#8221; (traduction sp\u00e9cialis\u00e9e, traduction audiovisuelle, localisation, gestion de projets&#8230;). La page des <a title=\"Cartes postales\" href=\"http:\/\/blog.ube.fr\/mastert2m\/cartes-postales\/\" target=\"_blank\" rel=\"noopener\">cartes postales<\/a> pr\u00e9sente un \u00e9chantillon de stages effectu\u00e9s ou en cours.<\/p>\n<p>N&#8217;h\u00e9sitez pas \u00e0 <a title=\"Contact\" href=\"http:\/\/blog.ube.fr\/mastert2m\/contact\/\" target=\"_blank\" rel=\"noopener\">contacter<\/a> l&#8217;\u00e9quipe p\u00e9dagogique si vous souhaitez diffuser une\u00a0<strong>offre de stage<\/strong> susceptible d&#8217;int\u00e9resser nos \u00e9tudiants ou pour toute question compl\u00e9mentaire concernant les stages. Vous pouvez aussi nous retrouver sur <a title=\"Facebook Master T2M\" href=\"https:\/\/www.facebook.com\/MasterT2M\/timeline?ref=page_internal\" target=\"_blank\" rel=\"noopener\">Facebook<\/a>.<\/p>\n<p>&nbsp;<\/p>\n","protected":false},"excerpt":{"rendered":"<p>Les \u00e9tudiants en Master Traduction multim\u00e9dia effectuent un\u00a0stage de 4 mois minimum\u00a0entre janvier et septembre de chaque ann\u00e9e de leur Master\u00a0: obligatoirement \u00e0 l&#8217;\u00e9tranger en Master 1 (sauf \u00e9tudiants non-francophones),\u00a0\u00e0 l&#8217;\u00e9tranger ou bien en France en Master 2. Ce stage peut s&#8217;effectuer dans plusieurs\u00a0domaines en rapport avec la sp\u00e9cialit\u00e9 &#8220;Traduction multim\u00e9dia&#8221; (traduction sp\u00e9cialis\u00e9e, traduction audiovisuelle,&hellip;<\/p>\n<p class=\"more-link-p\"><a class=\"btn btn-primary\" href=\"https:\/\/blog.ube.fr\/mastert2m-en\/stages\/proposer-un-stage\/\">Voir plus &rarr;<\/a><\/p>\n","protected":false},"author":23,"featured_media":0,"parent":30,"menu_order":0,"comment_status":"open","ping_status":"open","template":"","meta":{"_exactmetrics_skip_tracking":false,"_exactmetrics_sitenote_active":false,"_exactmetrics_sitenote_note":"","_exactmetrics_sitenote_category":0,"footnotes":""},"class_list":["post-51","page","type-page","status-publish","hentry"],"_links":{"self":[{"href":"https:\/\/blog.ube.fr\/mastert2m-en\/wp-json\/wp\/v2\/pages\/51","targetHints":{"allow":["GET"]}}],"collection":[{"href":"https:\/\/blog.ube.fr\/mastert2m-en\/wp-json\/wp\/v2\/pages"}],"about":[{"href":"https:\/\/blog.ube.fr\/mastert2m-en\/wp-json\/wp\/v2\/types\/page"}],"author":[{"embeddable":true,"href":"https:\/\/blog.ube.fr\/mastert2m-en\/wp-json\/wp\/v2\/users\/23"}],"replies":[{"embeddable":true,"href":"https:\/\/blog.ube.fr\/mastert2m-en\/wp-json\/wp\/v2\/comments?post=51"}],"version-history":[{"count":5,"href":"https:\/\/blog.ube.fr\/mastert2m-en\/wp-json\/wp\/v2\/pages\/51\/revisions"}],"predecessor-version":[{"id":455,"href":"https:\/\/blog.ube.fr\/mastert2m-en\/wp-json\/wp\/v2\/pages\/51\/revisions\/455"}],"up":[{"embeddable":true,"href":"https:\/\/blog.ube.fr\/mastert2m-en\/wp-json\/wp\/v2\/pages\/30"}],"wp:attachment":[{"href":"https:\/\/blog.ube.fr\/mastert2m-en\/wp-json\/wp\/v2\/media?parent=51"}],"curies":[{"name":"wp","href":"https:\/\/api.w.org\/{rel}","templated":true}]}}