{"id":121,"date":"2014-12-18T00:17:13","date_gmt":"2014-12-17T23:17:13","guid":{"rendered":"http:\/\/blog.u-bourgogne.fr\/mastert2m\/?page_id=121"},"modified":"2019-02-08T16:40:04","modified_gmt":"2019-02-08T15:40:04","slug":"etudiants-futurs","status":"publish","type":"page","link":"https:\/\/blog.ube.fr\/mastert2m-en\/etudiants\/etudiants-futurs\/","title":{"rendered":"Futurs \u00e9tudiants"},"content":{"rendered":"<p>Les contenus de cette page visent \u00e0 pr\u00e9senter le Master T2M aux futurs \u00e9tudiants, de l&#8217;Universit\u00e9 de Bourgogne ou d&#8217;ailleurs. Si la formation vous int\u00e9resse, n&#8217;h\u00e9sitez pas \u00e0 prendre <a title=\"Contact\" href=\"http:\/\/blog.ube.fr\/mastert2m\/contact\/\">contact <\/a>avec l&#8217;\u00e9quipe p\u00e9dagogique pour plus de renseignements, et \u00e0 consulter les <a href=\"http:\/\/blog.ube.fr\/mastert2m\/2016\/02\/08\/candidatures-m1m2-lannee-2016-17\/\">modalit\u00e9s de candidature<\/a>.<\/p>\n<p>Vous pouvez aussi prendre contact avec la <a title=\"Junior Agence T2M\" href=\"http:\/\/blog.ube.fr\/mastert2m\/junior-agence-t2m\/\" target=\"_blank\" rel=\"noopener\">Junior Agence T2M<\/a> pour discuter de la formation avec un repr\u00e9sentant \u00e9tudiant.<\/p>\n<h3>Pre\u00e9sentation de la formation aux futurs \u00e9tudiants :<\/h3>\n<p style=\"text-align: center\"><em>Vid\u00e9o de pr\u00e9sentation du Master T2M, r\u00e9alis\u00e9e par les \u00e9tudiants de Master 1 2015-16 <\/em><br \/>\n<em>et pr\u00e9sent\u00e9e aux \u00e9tudiants de L3 de l&#8217;UFR Langues et communication. Les sous-titres sont accessibles<br \/>\nen fran\u00e7ais et en anglais en cliquant sur &#8220;param\u00e8tres&#8221;.<\/em><\/p>\n<p><iframe loading=\"lazy\" width=\"860\" height=\"484\" src=\"https:\/\/www.youtube.com\/embed\/yvAiE8XBPPg?feature=oembed\" frameborder=\"0\" allowfullscreen><\/iframe><\/p>\n<p>&nbsp;<\/p>\n<p style=\"text-align: center\"><a title=\"Prezi T2M\" href=\"https:\/\/prezi.com\/embed\/uizmsq99rqr-\/?bgcolor=ffffff&amp;amp;lock_to_path=0&amp;amp;autoplay=0&amp;amp;autohide_ctrls=0&amp;amp;features=undefined&amp;amp;token=undefined&amp;amp;disabled_features=undefined%22%20width=%22550%22%20height=%22400%22%20frameBorder=%220%22%20webkitAllowFullScreen%20mozAllowFullscreen%20allowfullscreen\" target=\"_blank\" rel=\"noopener\">Visionner le Prezi cr\u00e9\u00e9 par les \u00e9tudiants de Master 2 2014-15<\/a><\/p>\n<p style=\"text-align: center\"><a href=\"https:\/\/www.youtube.com\/watch?v=wXleiPvTrR8\" target=\"_blank\" rel=\"noopener\">Visionner la vid\u00e9o de pr\u00e9sentation r\u00e9alis\u00e9e par les \u00e9tudiants de Master 1 2014-15 <\/a><br \/>\n<a href=\"https:\/\/www.youtube.com\/watch?v=wXleiPvTrR8\" target=\"_blank\" rel=\"noopener\"> et pr\u00e9sent\u00e9e aux \u00e9tudiants de L3 de l&#8217;UFR Langues et communication.<\/a><\/p>\n","protected":false},"excerpt":{"rendered":"<p>Les contenus de cette page visent \u00e0 pr\u00e9senter le Master T2M aux futurs \u00e9tudiants, de l&#8217;Universit\u00e9 de Bourgogne ou d&#8217;ailleurs. Si la formation vous int\u00e9resse, n&#8217;h\u00e9sitez pas \u00e0 prendre contact avec l&#8217;\u00e9quipe p\u00e9dagogique pour plus de renseignements, et \u00e0 consulter les modalit\u00e9s de candidature. Vous pouvez aussi prendre contact avec la Junior Agence T2M pour&hellip;<\/p>\n<p class=\"more-link-p\"><a class=\"btn btn-primary\" href=\"https:\/\/blog.ube.fr\/mastert2m-en\/etudiants\/etudiants-futurs\/\">Voir plus &rarr;<\/a><\/p>\n","protected":false},"author":23,"featured_media":0,"parent":24,"menu_order":0,"comment_status":"closed","ping_status":"open","template":"","meta":{"_exactmetrics_skip_tracking":false,"_exactmetrics_sitenote_active":false,"_exactmetrics_sitenote_note":"","_exactmetrics_sitenote_category":0,"footnotes":""},"class_list":["post-121","page","type-page","status-publish","hentry"],"_links":{"self":[{"href":"https:\/\/blog.ube.fr\/mastert2m-en\/wp-json\/wp\/v2\/pages\/121","targetHints":{"allow":["GET"]}}],"collection":[{"href":"https:\/\/blog.ube.fr\/mastert2m-en\/wp-json\/wp\/v2\/pages"}],"about":[{"href":"https:\/\/blog.ube.fr\/mastert2m-en\/wp-json\/wp\/v2\/types\/page"}],"author":[{"embeddable":true,"href":"https:\/\/blog.ube.fr\/mastert2m-en\/wp-json\/wp\/v2\/users\/23"}],"replies":[{"embeddable":true,"href":"https:\/\/blog.ube.fr\/mastert2m-en\/wp-json\/wp\/v2\/comments?post=121"}],"version-history":[{"count":17,"href":"https:\/\/blog.ube.fr\/mastert2m-en\/wp-json\/wp\/v2\/pages\/121\/revisions"}],"predecessor-version":[{"id":450,"href":"https:\/\/blog.ube.fr\/mastert2m-en\/wp-json\/wp\/v2\/pages\/121\/revisions\/450"}],"up":[{"embeddable":true,"href":"https:\/\/blog.ube.fr\/mastert2m-en\/wp-json\/wp\/v2\/pages\/24"}],"wp:attachment":[{"href":"https:\/\/blog.ube.fr\/mastert2m-en\/wp-json\/wp\/v2\/media?parent=121"}],"curies":[{"name":"wp","href":"https:\/\/api.w.org\/{rel}","templated":true}]}}