{"id":193,"date":"2024-04-03T14:11:28","date_gmt":"2024-04-03T12:11:28","guid":{"rendered":"https:\/\/blog.u-bourgogne.fr\/masters-professionnels-histoire\/?page_id=193"},"modified":"2025-11-12T15:48:33","modified_gmt":"2025-11-12T14:48:33","slug":"blog","status":"publish","type":"page","link":"https:\/\/blog.ube.fr\/masters-professionnels-histoire\/blog\/","title":{"rendered":"ACTUALITES"},"content":{"rendered":"<section class=\"kc-elm kc-css-144049 kc_row\"><div class=\"kc-row-container  kc-container\"><div class=\"kc-wrap-columns\"><div class=\"kc-elm kc-css-366059 kc_col-sm-12 kc_column kc_col-sm-12\"><div class=\"kc-col-container\">\n<div class=\"kc-elm kc-css-917807 kc-title-wrap \">\n\n\t<h1 class=\"kc_title\">Ev\u00e9nements<\/h1>\n<\/div>\n<div class=\"kc-elm kc-css-201684 kc_text_block\"><\/p>\n<h3><span data-olk-copy-source=\"MessageBody\">S\u00e9minaire\u00a0\u00a0&#8220;Institutions et politiques culturelles\" (ouvert aux \u00e9tudiants du M1 Histoire de l&#8217;art, du M2 Archives et du M2 Histoire publique)<\/span><\/h3>\n<p><!--StartFragment--><!--EndFragment--><\/p>\n<p>Anim\u00e9 par :<span data-olk-copy-source=\"MessageBody\"> Philippe Poirrier<\/span><\/p>\n<p>Date : <span data-olk-copy-source=\"MessageBody\">de septembre \u00e0 d\u00e9cembre 2025<\/span><\/p>\n<p align=\"justify\"><span style=\"font-family: Garamond, serif;\">Apr\u00e8s une s\u00e9ance g\u00e9n\u00e9rale sur l\u2019histoire des politiques culturelles, la suite se constituera en \u00e9changes avec des acteurs locaux des mondes de l&#8217;art et de la culture, des repr\u00e9sentants de l\u2019\u00c9tat, des collectivit\u00e9s locales, des institutions culturelles et de la soci\u00e9t\u00e9 civile. L\u2019objectif \u00e9tant de comprendre l&#8217;\u00e9co-syst\u00e8me des institutions et des politiques culturelles, dans une perspective professionnalisante.<\/span><\/p>\n<p align=\"justify\"><span style=\"font-family: Garamond, serif;\">Lundi\u00a0<strong>22 septembre<\/strong>\u00a0: Introduction g\u00e9n\u00e9rale<\/span><\/p>\n<p align=\"justify\"><span style=\"color: #000000;\"><span style=\"font-family: apple-system, system-ui, system-ui, segoe ui, roboto, helvetica neue, fira sans, ubuntu, oxygen, oxygen sans, cantarell, droid sans, apple color emoji, segoe ui emoji, segoe ui emoji, segoe ui symbol, lucida grande, helvetica, arial, sans-serif;\"><span style=\"font-size: small;\"><br \/><\/span><\/span><\/span><span style=\"font-family: Garamond, serif;\">Vendredi\u00a0<strong>26 septembre<\/strong> : <a href=\"https:\/\/www.linkedin.com\/in\/aurore-callewaert-325b48228\/\" target=\"_blank\" rel=\"noopener\">Aurore Callewaert<\/a> (mus\u00e9e de la R\u00e9sistance en Morvan)<\/span><\/p>\n<p align=\"justify\"><span style=\"font-family: Garamond, serif;\"><br \/>Lundi <strong>6 octobre<\/strong>\u00a0: <a href=\"https:\/\/www.linkedin.com\/in\/%C3%A9douard-bouy%C3%A9-8508211bb\/\" target=\"_blank\" rel=\"noopener\">\u00c9douard Bouy\u00e9<\/a> Bouy\u00e9 (ADCO)<\/span><\/p>\n<p align=\"justify\"><span style=\"font-family: Garamond, serif;\"><br \/>Lundi <strong>13 octobre<\/strong>\u00a0: <a href=\"https:\/\/www.linkedin.com\/in\/marie-laure-baudement-51b0ba65\/\" target=\"_blank\" rel=\"noopener\">Marie-Laure Baudement<\/a> (P\u00f4le Culture de l\u2019UBE)<\/span><\/p>\n<p align=\"justify\"><span style=\"font-family: Garamond, serif;\"><br \/>Lundi <strong>3 novembre<\/strong>\u00a0: <a href=\"https:\/\/www.linkedin.com\/in\/jo-ann-campion-06999812b\/\" target=\"_blank\" rel=\"noopener\">Jo-Ann Campion<\/a> (Service\u00a0Inventaire et Patrimoine R\u00e9gion\u00a0BFC)<\/span><\/p>\n<p align=\"justify\"><span style=\"font-family: Garamond, serif;\"><br \/>Lundi <strong>10 novembre<\/strong>\u00a0: <a href=\"https:\/\/www.linkedin.com\/in\/c%C3%A9cile-lelong-439a67316\/\" target=\"_blank\" rel=\"noopener\">C\u00e9cile Lelong<\/a> et <a href=\"https:\/\/www.linkedin.com\/in\/ana%C3%AFs-dondez-58237779\/\" target=\"_blank\" rel=\"noopener\">Ana\u00efs Donez<\/a> (Archives municipales de Dijon)<\/span><\/p>\n<p align=\"justify\"><span style=\"font-family: Garamond, serif;\"><br \/>Vendredi\u00a0<strong>14 novembre<\/strong> : <a href=\"https:\/\/www.linkedin.com\/in\/yann-rivoal-68ba0b155\/\" target=\"_blank\" rel=\"noopener\">Yann Rivoal<\/a> (La Vapeur, Smac de Dijon)<\/span><\/p>\n<p align=\"justify\"><span style=\"font-family: Garamond, serif;\"><br \/>Lundi <strong>1 d\u00e9cembre<\/strong>\u00a0: <a href=\"https:\/\/www.linkedin.com\/in\/emmanuel-henras-80b8178b\/\" target=\"_blank\" rel=\"noopener\">Emmanuel Henras<\/a> (DAC de la ville de Dijon)<\/span><\/p>\n<p align=\"justify\"><span style=\"font-family: Garamond, serif;\"><br \/>Vendredi\u00a0<strong>5 d\u00e9cembre<\/strong>\u00a0: Astrid Handa-Gagnard (Frac Bourgogne)<\/span><\/p>\n<p align=\"justify\"><span style=\"font-family: Garamond, serif;\"><br \/>Lundi <strong>8 d\u00e9cembre<\/strong>\u00a0: <a href=\"https:\/\/www.linkedin.com\/in\/eric-sergent-b5b49b64\/\" target=\"_blank\" rel=\"noopener\">Eric Sergent<\/a> (Universit\u00e9 de Haute-Alsace)<\/span><\/p>\n<p>\n<\/div><div class=\"kc-elm kc-css-663564 kc_text_block\"><\/p>\n<h3><span data-olk-copy-source=\"MessageBody\">S\u00e9minaire commun du Master 2 recherche et du Master 2 Histoire publique (ouvert aux doctorants du LIR3S)<\/span><\/h3>\n<p><!--StartFragment--><!--EndFragment--><\/p>\n<p>Responsable :<span data-olk-copy-source=\"MessageBody\"> Odile Roynette<\/span><\/p>\n<p>Date : <span data-olk-copy-source=\"MessageBody\">de septembre 2025 \u00e0 janvier 2026<br \/><\/span><\/p>\n<p>Lieu : <span data-olk-copy-source=\"MessageBody\">Universit\u00e9 Bourgogne Europe, \/ B\u00e2timent Droit-Lettres<\/span><\/p>\n<p>\n<\/div><div class=\"kc-elm kc-css-107513\">\n\t<div class=\"kc-carousel_images kc-elm kc-css-107513\">\n\t\n\t\t<div class=\"kc-carousel-images owl-carousel-images kc-sync1 \" data-owl-i-options='{\"items\":\"2\",\"tablet\":\"2\",\"mobile\":\"1\",\"speed\":\"500\",\"navigation\":\"\",\"pagination\":\"yes\",\"autoheight\":\"\",\"progressbar\":\"\",\"delay\":\"8\",\"autoplay\":\"yes\",\"showthumb\":\"\",\"num_thumb\":\"5\"}'>\n\t\n\t\t\t\t\t<div class=\"item\">\n\t\n\t\t\t\t\t\t\t<img decoding=\"async\" src=\"https:\/\/blog.ube.fr\/masters-professionnels-histoire\/wp-content\/uploads\/sites\/199\/2025\/11\/seminaire-du-master-recherche_page-0001.jpg\"  alt=\"\"\/>\n\t\n\t\t\t\t\n\t\t\t<\/div>\n\t\n\t\t\t\n\t\t<\/div>\n\t\n\t\t\t<\/div>\n<\/div>\n<div class=\"kc-elm kc-css-154278 kc_text_block\"><\/p>\n<h3><span data-olk-copy-source=\"MessageBody\">S\u00e9minaire Paroles d&#039;acteurs du Master 2 Histoire publique (ouvert aux doctorants du Lir3s)<\/span><\/h3>\n<p><!--StartFragment--><!--EndFragment--><\/p>\n<p>Responsable :<span data-olk-copy-source=\"MessageBody\">\u00a0J\u00e9r\u00f4me Loiseau<\/span><\/p>\n<p>Date : <span data-olk-copy-source=\"MessageBody\">de septembre 2025 \u00e0 janvier 2026<br \/><\/span><\/p>\n<p>Lieu : <span data-olk-copy-source=\"MessageBody\">Universit\u00e9 Bourgogne Europe, \/ B\u00e2timent Droit-Lettres<\/span><\/p>\n<p>\n<\/div><div class=\"kc-elm kc-css-920006\">\n\t<div class=\"kc-carousel_images kc-elm kc-css-920006\">\n\t\n\t\t<div class=\"kc-carousel-images owl-carousel-images kc-sync1 \" data-owl-i-options='{\"items\":\"2\",\"tablet\":\"2\",\"mobile\":\"1\",\"speed\":\"500\",\"navigation\":\"\",\"pagination\":\"yes\",\"autoheight\":\"\",\"progressbar\":\"\",\"delay\":\"8\",\"autoplay\":\"yes\",\"showthumb\":\"\",\"num_thumb\":\"5\"}'>\n\t\n\t\t\t\t\t<div class=\"item\">\n\t\n\t\t\t\t\t\t\t<img decoding=\"async\" src=\"https:\/\/blog.ube.fr\/masters-professionnels-histoire\/wp-content\/uploads\/sites\/199\/2025\/11\/paroles-dacteurs-2025-2026_page-0001.jpg\"  alt=\"\"\/>\n\t\n\t\t\t\t\n\t\t\t<\/div>\n\t\n\t\t\t\n\t\t<\/div>\n\t\n\t\t\t<\/div>\n<\/div>\n<div class=\"kc-elm kc-css-762893 kc_text_block\"><\/p>\n<h3><span data-olk-copy-source=\"MessageBody\">S\u00e9minaire actualit\u00e9 historiographique du d\u00e9partement d&#039;Histoire et du LIR3S.<\/span><\/h3>\n<p><!--StartFragment--><!--EndFragment--><\/p>\n<p>Responsable : <span data-olk-copy-source=\"MessageBody\">Fran\u00e7ois Jarrige et J\u00e9r\u00f4me Loiseau<\/span><\/p>\n<p>Date : <span data-olk-copy-source=\"MessageBody\">de novembre 2025 \u00e0 mars 2026<br \/><\/span><\/p>\n<p>Lieu : <span data-olk-copy-source=\"MessageBody\">Universit\u00e9 Bourgogne Europe, \/ B\u00e2timent Droit-Lettres &#038; salle de l&#039;Acad\u00e9mie des sciences, arts et belles lettres de Dijon, rue de l&#039;\u00e9cole de droit<\/span><\/p>\n<p>\n<\/div><div class=\"kc-elm kc-css-324522\">\n\t<div class=\"kc-carousel_images kc-elm kc-css-324522\">\n\t\n\t\t<div class=\"kc-carousel-images owl-carousel-images kc-sync1 \" data-owl-i-options='{\"items\":\"2\",\"tablet\":\"2\",\"mobile\":\"1\",\"speed\":\"500\",\"navigation\":\"\",\"pagination\":\"yes\",\"autoheight\":\"\",\"progressbar\":\"\",\"delay\":\"8\",\"autoplay\":\"yes\",\"showthumb\":\"\",\"num_thumb\":\"5\"}'>\n\t\n\t\t\t\t\t<div class=\"item\">\n\t\n\t\t\t\t\t\t\t<img decoding=\"async\" src=\"https:\/\/blog.ube.fr\/masters-professionnels-histoire\/wp-content\/uploads\/sites\/199\/2025\/11\/Seminaire-actualite-historigraphique_page-0001.jpg\"  alt=\"\"\/>\n\t\n\t\t\t\t\n\t\t\t<\/div>\n\t\n\t\t\t\n\t\t<\/div>\n\t\n\t\t\t<\/div>\n<\/div>\n<div class=\"kc-elm kc-css-765192 kc_text_block\"><\/p>\n<h3><span style=\"font-size: 18.2px;\">S\u00e9minaire commun du Master 2 Recherche et Histoire\u00a0<\/span><span style=\"font-style: inherit;\">publique (ouvert aux doctorant.e.s du LIR3S et d\u2019ARTEHIS)<\/span><\/h3>\n<p>Responsable : Odile Roynette<\/p>\n<p>Date : <span data-olk-copy-source=\"MessageBody\">de septembre 2024 \u00e0 avril 2025<br \/><\/span><\/p>\n<p>Lieu : Universit\u00e9 Bourgogne Europe \/ B\u00e2timent Droit-Lettres &#8211; Dijon<\/p>\n<p>\n<\/div><div class=\"kc-elm kc-css-49348\">\n\t<div class=\"kc-carousel_images kc-elm kc-css-49348\">\n\t\n\t\t<div class=\"kc-carousel-images owl-carousel-images kc-sync1 \" data-owl-i-options='{\"items\":\"2\",\"tablet\":\"2\",\"mobile\":\"1\",\"speed\":\"500\",\"navigation\":\"\",\"pagination\":\"yes\",\"autoheight\":\"\",\"progressbar\":\"\",\"delay\":\"8\",\"autoplay\":\"yes\",\"showthumb\":\"\",\"num_thumb\":\"5\"}'>\n\t\n\t\t\t\t\t<div class=\"item\">\n\t\n\t\t\t\t\t\t\t<img decoding=\"async\" src=\"https:\/\/blog.ube.fr\/masters-professionnels-histoire\/wp-content\/uploads\/sites\/199\/2025\/04\/Seminaire-2.png\"  alt=\"\"\/>\n\t\n\t\t\t\t\n\t\t\t<\/div>\n\t\n\t\t\t\t\t<div class=\"item\">\n\t\n\t\t\t\t\t\t\t<img decoding=\"async\" src=\"https:\/\/blog.ube.fr\/masters-professionnels-histoire\/wp-content\/uploads\/sites\/199\/2025\/04\/Seminaire-1.png\"  alt=\"\"\/>\n\t\n\t\t\t\t\n\t\t\t<\/div>\n\t\n\t\t\t\n\t\t<\/div>\n\t\n\t\t\t<\/div>\n<\/div>\n<div class=\"kc-elm kc-css-865117 kc_text_block\"><\/p>\n<h3><strong>Forum des Archivistes &#8211; 4e \u00e9dition<\/strong><\/h3>\n<p><span class=\"gmail-break-words gmail-tvm-parent-container\"><span dir=\"ltr\"><span class=\"gmail-white-space-pre\"><\/span><span class=\"Object\" role=\"link\" id=\"OBJ_PREFIX_DWT1852_com_zimbra_url\"><\/span><span class=\"Object\" role=\"link\" id=\"OBJ_PREFIX_DWT1853_com_zimbra_url\"><a href=\"https:\/\/www.linkedin.com\/in\/vivien-canivenq-4395396a\/\" target=\"_blank\" rel=\"nofollow noopener noreferrer\">Vivien Canivenq<\/a><\/span><\/span><span class=\"gmail-white-space-pre\"> <\/span>pr\u00e9sente la collaboration \u00e9troite entre les Archives<br \/>d\u00e9partementales de la C\u00f4te-d&#039;Or et le Master 2 professionnel Archives de l&#039;<span class=\"Object\" role=\"link\" id=\"OBJ_PREFIX_DWT1854_com_zimbra_url\"><a tabindex=\"0\" href=\"https:\/\/www.linkedin.com\/company\/universite-bourgogne-europe\/\" target=\"_blank\" rel=\"nofollow noopener noreferrer\">Universit\u00e9 Bourgogne Europe<\/a><\/span>.<span class=\"gmail-white-space-pre\"> <\/span><\/span><\/p>\n<p>Date : <span data-olk-copy-source=\"MessageBody\">du 26 au 28 mars 2025<br \/><\/span><\/p>\n<p>Lieu : Couvent des Jacobins &#8211; Rennes<\/p>\n<p>\n<\/div><div class=\"kc-elm kc-css-220394\">\n\t<div class=\"kc-carousel_images kc-elm kc-css-220394\">\n\t\n\t\t<div class=\"kc-carousel-images owl-carousel-images kc-sync1 \" data-owl-i-options='{\"items\":\"2\",\"tablet\":\"2\",\"mobile\":\"1\",\"speed\":\"500\",\"navigation\":\"\",\"pagination\":\"yes\",\"autoheight\":\"\",\"progressbar\":\"\",\"delay\":\"8\",\"autoplay\":\"yes\",\"showthumb\":\"\",\"num_thumb\":\"5\"}'>\n\t\n\t\t\t\t\t<div class=\"item\">\n\t\n\t\t\t\t\t\t\t<img decoding=\"async\" src=\"https:\/\/blog.ube.fr\/masters-professionnels-histoire\/wp-content\/uploads\/sites\/199\/2025\/04\/Design-sans-titre-scaled.jpg\"  alt=\"\"\/>\n\t\n\t\t\t\t\n\t\t\t<\/div>\n\t\n\t\t\t\n\t\t<\/div>\n\t\n\t\t\t<\/div>\n<\/div>\n<div class=\"kc-elm kc-css-870971\" style=\"height: 40px; clear: both; width:100%;\"><\/div><div class=\"kc-elm kc-css-386763 kc_text_block\"><\/p>\n<h3><strong>Conf\u00e9rence &#8220;Tol\u00e9rance et diversit\u00e9 : l&#039;h\u00e9ritage cosmopolite des Lumi\u00e8res\" &#8211; Nocturnes de l&#039;histoire \u00e0 Besan\u00e7on<\/strong><\/h3>\n<p>Le master histoire publique compagnon des Nocturnes de l&#039;histoire \u00e0 Besan\u00e7on (26 mars) et de la conf\u00e9rence d&#039;Antoine Lilti, professeur au Coll\u00e8ge de France \u00ab Tol\u00e9rance et diversit\u00e9 : l&#039;h\u00e9ritage cosmopolite des Lumi\u00e8res \u00bb.<\/p>\n<p><a href=\"https:\/\/mshe.univ-fcomte.fr\/eclats-des-lumieres\">https:\/\/mshe.univ-fcomte.fr\/eclats-des-lumieres<\/a><\/p>\n<p>Date : <span data-olk-copy-source=\"MessageBody\">27 mars 2025 (18h30)<\/span><\/p>\n<p>Lieu : Amphith\u00e9\u00e2tre de la MSHE &#8211; Besan\u00e7on\u00a0<\/p>\n<p>\n<\/div><div class=\"kc-elm kc-css-645976\">\n\t<div class=\"kc-carousel_images kc-elm kc-css-645976\">\n\t\n\t\t<div class=\"kc-carousel-images owl-carousel-images kc-sync1 \" data-owl-i-options='{\"items\":\"2\",\"tablet\":\"2\",\"mobile\":\"1\",\"speed\":\"500\",\"navigation\":\"\",\"pagination\":\"yes\",\"autoheight\":\"\",\"progressbar\":\"\",\"delay\":\"8\",\"autoplay\":\"yes\",\"showthumb\":\"\",\"num_thumb\":\"5\"}'>\n\t\n\t\t\t\t\t<div class=\"item\">\n\t\n\t\t\t\t\t\t\t<img decoding=\"async\" src=\"https:\/\/blog.ube.fr\/masters-professionnels-histoire\/wp-content\/uploads\/sites\/199\/2025\/03\/Conf2703.png\"  alt=\"\"\/>\n\t\n\t\t\t\t\n\t\t\t<\/div>\n\t\n\t\t\t\n\t\t<\/div>\n\t\n\t\t\t<\/div>\n<\/div>\n<div class=\"kc-elm kc-css-794485\" style=\"height: 40px; clear: both; width:100%;\"><\/div><div class=\"kc-elm kc-css-462004 kc_text_block\"><\/p>\n<h3><strong>Conf\u00e9rence &#8220;L&#039;historien et la cit\u00e9: regards sur l&#039;histoire publique\"<\/strong><\/h3>\n<p><span data-olk-copy-source=\"MessageBody\"><strong>Patrick Boucheron<\/strong>, professeur au coll\u00e8ge de France, est l&#039;invit\u00e9 du master II histoire publique pour cette conf\u00e9rence.<\/span><\/p>\n<p>Date : <span data-olk-copy-source=\"MessageBody\">30 janvier 2025<\/span><\/p>\n<p>Lieu : MSH &#8211; Universit\u00e9 Bourgogne Europe<\/p>\n<p>Retrouver l&#039;interview de Patrick Bouchon <a href=\"https:\/\/youtu.be\/T82h90LaR6g?list=TLGGDtQ6aq05IXMyNjAzMjAyNQ\">ici<\/a><\/p>\n<p>\n<\/div><div class=\"kc-elm kc-css-842164\">\n\t<div class=\"kc-carousel_images kc-elm kc-css-842164\">\n\t\n\t\t<div class=\"kc-carousel-images owl-carousel-images kc-sync1 \" data-owl-i-options='{\"items\":\"2\",\"tablet\":\"2\",\"mobile\":\"1\",\"speed\":\"500\",\"navigation\":\"\",\"pagination\":\"yes\",\"autoheight\":\"\",\"progressbar\":\"\",\"delay\":\"8\",\"autoplay\":\"yes\",\"showthumb\":\"\",\"num_thumb\":\"5\"}'>\n\t\n\t\t\t\t\t<div class=\"item\">\n\t\n\t\t\t\t\t\t\t<img decoding=\"async\" src=\"https:\/\/blog.ube.fr\/masters-professionnels-histoire\/wp-content\/uploads\/sites\/199\/2025\/03\/Affiche-conference-30-janvier_page-0001-scaled-1.jpg\"  alt=\"\"\/>\n\t\n\t\t\t\t\n\t\t\t<\/div>\n\t\n\t\t\t\t\t<div class=\"item\">\n\t\n\t\t\t\t\t\t\t<img decoding=\"async\" src=\"https:\/\/blog.ube.fr\/masters-professionnels-histoire\/wp-content\/uploads\/sites\/199\/2025\/03\/P.-Boucheron-scaled.jpg\"  alt=\"\"\/>\n\t\n\t\t\t\t\n\t\t\t<\/div>\n\t\n\t\t\t\n\t\t<\/div>\n\t\n\t\t\t<\/div>\n<\/div>\n<div class=\"kc-elm kc-css-559624\" style=\"height: 40px; clear: both; width:100%;\"><\/div><div class=\"kc-elm kc-css-425341 kc_text_block\"><\/p>\n<h3><strong>Paroles d&#039;acteur<\/strong><\/h3>\n<p>Cycle de conf\u00e9rences d&#039;<span data-olk-copy-source=\"MessageBody\">enseignement de d\u00e9couvertes professionnelles<\/span><\/p>\n<p>Date : de septembre 2024 \u00e0 janvier 2025<\/p>\n<p>Lieu : Universit\u00e9 Bourgogne Europe<\/p>\n<p>\n<\/div><div class=\"kc-elm kc-css-850629\">\n\t<div class=\"kc-carousel_images kc-elm kc-css-850629\">\n\t\n\t\t<div class=\"kc-carousel-images owl-carousel-images kc-sync1 \" data-owl-i-options='{\"items\":\"2\",\"tablet\":\"2\",\"mobile\":\"1\",\"speed\":\"500\",\"navigation\":\"\",\"pagination\":\"yes\",\"autoheight\":\"\",\"progressbar\":\"\",\"delay\":\"8\",\"autoplay\":\"yes\",\"showthumb\":\"\",\"num_thumb\":\"5\"}'>\n\t\n\t\t\t\t\t<div class=\"item\">\n\t\n\t\t\t\t\t\t\t<img decoding=\"async\" src=\"https:\/\/blog.ube.fr\/masters-professionnels-histoire\/wp-content\/uploads\/sites\/199\/2025\/03\/Capture2.png\"  alt=\"\"\/>\n\t\n\t\t\t\t\n\t\t\t<\/div>\n\t\n\t\t\t\n\t\t<\/div>\n\t\n\t\t\t<\/div>\n<\/div>\n<div class=\"kc-elm kc-css-395883\" style=\"height: 40px; clear: both; width:100%;\"><\/div><div class=\"kc-elm kc-css-953736 kc_text_block\"><\/p>\n<h3><strong>&#8220;<\/strong><b style=\"font-style: inherit;\">M\u00e9moires de la\u00a0<\/b><b style=\"font-style: inherit;\">guerre civile\u00a0<\/b><b style=\"font-style: inherit;\">espagnole<\/b><strong style=\"font-style: inherit;\">\" &#8211; Nantes Universit\u00e9<\/strong><\/h3>\n<p><span data-olk-copy-source=\"MessageBody\">Les \u00e9tudiants du master Histoire de l&#039;UBE participent \u00e0 la m\u00e9diation et la valorisation de la journ\u00e9e d&#039;\u00e9tudes organis\u00e9e par Nantes Universit\u00e9.<\/span><\/p>\n<p><span style=\"font-style: inherit;\">Date : 12 d\u00e9cembre 2024<\/span><\/p>\n<p>Lieu : B\u00e2timent Tertre \/ Campus Tertre<\/p>\n<p>\n<\/div><div class=\"kc-elm kc-css-795706\">\n\t<div class=\"kc-carousel_images kc-elm kc-css-795706\">\n\t\n\t\t<div class=\"kc-carousel-images owl-carousel-images kc-sync1 \" data-owl-i-options='{\"items\":\"2\",\"tablet\":\"2\",\"mobile\":\"1\",\"speed\":\"500\",\"navigation\":\"\",\"pagination\":\"yes\",\"autoheight\":\"\",\"progressbar\":\"\",\"delay\":\"8\",\"autoplay\":\"yes\",\"showthumb\":\"\",\"num_thumb\":\"5\"}'>\n\t\n\t\t\t\t\t<div class=\"item\">\n\t\n\t\t\t\t\t\t\t<img decoding=\"async\" src=\"https:\/\/blog.ube.fr\/masters-professionnels-histoire\/wp-content\/uploads\/sites\/199\/2025\/03\/Capture.png\"  alt=\"\"\/>\n\t\n\t\t\t\t\n\t\t\t<\/div>\n\t\n\t\t\t\t\t<div class=\"item\">\n\t\n\t\t\t\t\t\t\t<img decoding=\"async\" src=\"https:\/\/blog.ube.fr\/masters-professionnels-histoire\/wp-content\/uploads\/sites\/199\/2025\/03\/Capture1.png\"  alt=\"\"\/>\n\t\n\t\t\t\t\n\t\t\t<\/div>\n\t\n\t\t\t\n\t\t<\/div>\n\t\n\t\t\t<\/div>\n<\/div>\n<\/div><\/div><\/div><\/div><\/section>\n","protected":false},"excerpt":{"rendered":"<p class=\"more-link-p\"><a class=\"btn btn-primary\" href=\"https:\/\/blog.ube.fr\/masters-professionnels-histoire\/blog\/\">Voir plus &rarr;<\/a><\/p>\n","protected":false},"author":5570,"featured_media":0,"parent":0,"menu_order":0,"comment_status":"closed","ping_status":"closed","template":"","meta":{"footnotes":""},"class_list":["post-193","page","type-page","status-publish","hentry"],"_links":{"self":[{"href":"https:\/\/blog.ube.fr\/masters-professionnels-histoire\/wp-json\/wp\/v2\/pages\/193","targetHints":{"allow":["GET"]}}],"collection":[{"href":"https:\/\/blog.ube.fr\/masters-professionnels-histoire\/wp-json\/wp\/v2\/pages"}],"about":[{"href":"https:\/\/blog.ube.fr\/masters-professionnels-histoire\/wp-json\/wp\/v2\/types\/page"}],"author":[{"embeddable":true,"href":"https:\/\/blog.ube.fr\/masters-professionnels-histoire\/wp-json\/wp\/v2\/users\/5570"}],"replies":[{"embeddable":true,"href":"https:\/\/blog.ube.fr\/masters-professionnels-histoire\/wp-json\/wp\/v2\/comments?post=193"}],"version-history":[{"count":89,"href":"https:\/\/blog.ube.fr\/masters-professionnels-histoire\/wp-json\/wp\/v2\/pages\/193\/revisions"}],"predecessor-version":[{"id":572,"href":"https:\/\/blog.ube.fr\/masters-professionnels-histoire\/wp-json\/wp\/v2\/pages\/193\/revisions\/572"}],"wp:attachment":[{"href":"https:\/\/blog.ube.fr\/masters-professionnels-histoire\/wp-json\/wp\/v2\/media?parent=193"}],"curies":[{"name":"wp","href":"https:\/\/api.w.org\/{rel}","templated":true}]}}