{"id":104,"date":"2024-03-25T13:57:39","date_gmt":"2024-03-25T12:57:39","guid":{"rendered":"https:\/\/blog.u-bourgogne.fr\/masters-professionnels-histoire\/?page_id=104"},"modified":"2025-06-03T13:58:11","modified_gmt":"2025-06-03T11:58:11","slug":"production","status":"publish","type":"page","link":"https:\/\/blog.ube.fr\/masters-professionnels-histoire\/production\/","title":{"rendered":"PRODUCTIONS DES MASTERS"},"content":{"rendered":"<section class=\"kc-elm kc-css-240882 kc_row\"><div class=\"kc-row-container  kc-container\"><div class=\"kc-wrap-columns\"><div class=\"kc-elm kc-css-764460 kc_col-sm-12 kc_column kc_col-sm-12\"><div class=\"kc-col-container\"><div class=\"kc-elm kc-css-883819\" style=\"height: 30px; clear: both; width:100%;\"><\/div><div class=\"kc-elm kc-css-830125 kc_text_block\"><\/p>\n<blockquote>\n<h1><span style=\"font-size: 36pt;\">Podcast :<\/span><\/h1>\n<\/blockquote>\n<p>\n<\/div><div class=\"kc-elm kc-css-47161 kc_text_block\"><\/p>\n<p>Le Master 2 &#8220;histoire publique\" s&#039;est associ\u00e9 au Service Inventaire et Patrimoine de la R\u00e9gion Bourgogne-Franche-Comt\u00e9 afin de mettre en lumi\u00e8re un aspect singulier de l\u2019histoire r\u00e9gionale \u00e0 travers un podcast consacr\u00e9 \u00e0 l\u2019anticl\u00e9ricalisme dans le d\u00e9partement de l\u2019Yonne, saisi \u00e0 partir de trois lieux de culte dont la construction a suscit\u00e9 des r\u00e9ticences et des oppositions : la chapelle Saint-Maurice \u00e0 Saint-Maurice-Thizouaille et \u00e0 Migennes, la chapelle de la cit\u00e9 PLM et l\u2019\u00e9glise du Christ-Roi.<\/p>\n<p>D\u00e9velopp\u00e9 par une \u00e9quipe de 5 \u00e9tudiants de l&#039;UBE (Cl\u00e9mence Bordet, Dorian Collin, Honorine Dubief, L\u00e9a Pimienta-Bachelard et S\u00e9veryne Pozzo Di Borgo), avec l\u2019appui technique de Fran\u00e7ois Salisson (Universit\u00e9 de Bourgogne-Europe), \u00e0 partir des recherches men\u00e9es par Jo-Ann Campion (charg\u00e9e de recherche \u00e0 la R\u00e9gion), cet &#8220;audio\" est le premier d&#039;une s\u00e9rie destin\u00e9e \u00e0 relier histoire et patrimoine r\u00e9gionales.<\/p>\n<p><strong>\u00c0 \u00e9couter<\/strong> sur le site de la R\u00e9gion Bourgogne-Franche-Comt\u00e9 : <br \/><a href=\"https:\/\/partenaires-patrimoine.bourgognefranchecomte.fr\/actualites\/podcast-briques-et-fabrique-de-chroniques\">https:\/\/partenaires-patrimoine.bourgognefranchecomte.fr\/actualites\/podcast-briques-et-fabrique-de-chroniques<\/a><\/p>\n<p>\n<\/div><div class=\"kc-elm kc-css-971297 kc_shortcode kc_single_image\">\n\n        <img decoding=\"async\" src=\"https:\/\/blog.ube.fr\/masters-professionnels-histoire\/wp-content\/uploads\/sites\/199\/2025\/06\/Eglise_Yonne-800x600xc.png\" class=\"\" alt=\"\" \/>    <\/div>\n<div class=\"kc-elm kc-css-138188\" style=\"height: 50px; clear: both; width:100%;\"><\/div><div class=\"kc-elm kc-css-978277 kc_text_block\"><\/p>\n<blockquote>\n<h1><span style=\"font-size: 36pt;\">Interviews :<\/span><\/h1>\n<\/blockquote>\n<p>\n<\/div>\n<div class=\"kc-elm kc-css-143893 kc-title-wrap \">\n\n\t<h1 class=\"kc_title\">PATRICK BOUCHERON<\/h1>\n<\/div>\n<div class=\"kc-elm kc-css-926145 kc_text_block\"><\/p>\n<p>\u00c0 l&#039;occasion de la venue de <strong>M.<\/strong> <strong>Patrick Boucheron<\/strong> pour sa conf\u00e9rence &#8220;L&#039;historien et la cit\u00e9 : regards sur l&#039;histoire publique\", le 30 janvier 2025, \u00e0 l&#039;Universit\u00e9 Bourgogne Europe, les \u00e9tudiants du Master 2 Histoire publique ont r\u00e9alis\u00e9 une interview.<\/p>\n<p>\n<\/div>\n\t<div class=\"kc-elm kc-css-449135 kc_shortcode kc_video_play kc_video_wrapper\" data-video=\"https:\/\/youtu.be\/T82h90LaR6g\" data-width=\"600\" data-height=\"338.98305084746\" data-fullwidth=\"\" data-autoplay=\"\" data-loop=\"yes\" data-control=\"yes\" data-related=\"\" data-showinfo=\"\" data-kc-video-mute=\"\">\n\t\t\t<\/div>\n\n<div class=\"kc-elm kc-css-279389\" style=\"height: 50px; clear: both; width:100%;\"><\/div><div class=\"kc-elm kc-css-790881 kc_text_block\"><\/p>\n<blockquote>\n<h1><span style=\"font-size: 36pt;\">Classement d&#039;un fond d&#039;archive :<br \/><\/span><\/h1>\n<\/blockquote>\n<p style=\"text-align: justify;\">Dans le cadre d&#039;un partenariat avec la Maison des jeunes et de la Culture de Ch\u00e2tillon-sur-Seine, les \u00e9tudiants de la promotion 2024-2025 du master 2 professionnel Archives du XXe et XXIe s. europ\u00e9ens ont r\u00e9alis\u00e9 l&#039;inventaire des Affaires g\u00e9n\u00e9rales, communication et activit\u00e9s (1968-2023).<\/p>\n<p style=\"text-align: justify;\">Cet inventaire a \u00e9t\u00e9 r\u00e9alis\u00e9 par : Broissiat Valentin, D\u00e9fosse L\u00e9a, Ferrari Ugo, Humblot Tom, Jacob Catalina, Kagerer C\u00e9cile, Kawalec Thomas, Kirch Agn\u00e8s, Millot Ana\u00efs, Romary Am\u00e9lie, Rondini Luca, Sawadogo Kayaba ; Gis\u00e8le Runfola (donatrice); sous la direction d\u2019\u00c9douard Bouy\u00e9.<\/p>\n<p>Lien vers l&#039;inventaire : <a href=\"https:\/\/www.archinoe.fr\/v2\/site\/AD21\/web\/media\/03_decouvrir\/01_actualites\/2025\/202501_formation-m2\/202501_formation-m2-264j.pdf\">https:\/\/www.archinoe.fr\/v2\/site\/AD21\/web\/media\/03_decouvrir\/01_actualites\/2025\/202501_formation-m2\/202501_formation-m2-264j.pdf<\/a><\/p>\n<p>\n<\/div><div class=\"kc-elm kc-css-215867\" style=\"height: 50px; clear: both; width:100%;\"><\/div><div class=\"kc-elm kc-css-187578 kc_text_block\"><\/p>\n<blockquote>\n<h1><span style=\"font-size: 36pt;\">Chroniques dijonnaises :<\/span><\/h1>\n<\/blockquote>\n<div class=\"entry-content\">\n<p style=\"text-align: justify;\">R\u00e9alis\u00e9s conjointement par les \u00e9tudiants du master<em> Journalisme<\/em> (qui forme \u00e0 la pratique du journalisme pour les supports de presse imprim\u00e9e, TV, radio ou num\u00e9riques) et les \u00e9tudiants du master <em>Recherche en histoire<\/em> qui s\u2019orientent en deuxi\u00e8me ann\u00e9e vers le parcours <em>Histoire publique<\/em>, ces trois \u00e9pisodes invitent \u00e0 d\u00e9couvrir la lib\u00e9ration de Dijon, le lynchage du commissaire Marsac et la question de la prostitution au Moyen \u00c2ge.<\/p>\n<\/div>\n<p>\n<\/div>\n<div class=\"kc-elm kc-css-441426 kc-title-wrap \">\n\n\t<h1 class=\"kc_title\">SAISON 1<\/h1>\n<\/div>\n<div class=\"kc-elm kc-css-750175 kc_text_block\"><\/p>\n<p>\u00c9pisode 1 &#8211; La Prostitution<\/p>\n<p>\u00c9pisode 2 &#8211; Le Lynchage du Commissaire Marsac<\/p>\n<p>\u00c9pisode 3 &#8211; La Lib\u00e9ration de Dijon en 1944<\/p>\n<p>\n<\/div>\n\t<div class=\"kc-elm kc-css-183990 kc_shortcode kc_video_play kc_video_wrapper\" data-video=\"https:\/\/www.youtube.com\/watch?v=AyorG8oxiTM\" data-width=\"600\" data-height=\"338.98305084746\" data-fullwidth=\"\" data-autoplay=\"\" data-loop=\"yes\" data-control=\"yes\" data-related=\"\" data-showinfo=\"\" data-kc-video-mute=\"\">\n\t\t\t<\/div>\n\n\n\t<div class=\"kc-elm kc-css-78479 kc_shortcode kc_video_play kc_video_wrapper\" data-video=\"https:\/\/www.youtube.com\/watch?v=u2OnPXBDp48\" data-width=\"600\" data-height=\"338.98305084746\" data-fullwidth=\"\" data-autoplay=\"\" data-loop=\"yes\" data-control=\"yes\" data-related=\"\" data-showinfo=\"\" data-kc-video-mute=\"\">\n\t\t\t<\/div>\n\n\n\t<div class=\"kc-elm kc-css-593893 kc_shortcode kc_video_play kc_video_wrapper\" data-video=\"https:\/\/www.youtube.com\/watch?v=Ty9lMvyG5is\" data-width=\"600\" data-height=\"338.98305084746\" data-fullwidth=\"\" data-autoplay=\"\" data-loop=\"yes\" data-control=\"yes\" data-related=\"\" data-showinfo=\"\" data-kc-video-mute=\"\">\n\t\t\t<\/div>\n\n<div class=\"kc-elm kc-css-182247\" style=\"height: 30px; clear: both; width:100%;\"><\/div>\n<div class=\"kc-elm kc-css-743704 kc-title-wrap \">\n\n\t<h1 class=\"kc_title\">SAISON 2<\/h1>\n<\/div>\n<div class=\"kc-elm kc-css-669190 kc_text_block\"><\/p>\n<p>Les \u00e9pisodes de la playlist :<\/p>\n<p>\u00c9pisode 1 &#8211; Quand les animaux \u00e9taient jug\u00e9s au tribunal<\/p>\n<p>\u00c9pisode 2 &#8211; Quand le Carnaval vire \u00e0 la R\u00e9volte<\/p>\n<p>\u00c9pisode 3 &#8211; Quand Dijon se r\u00e9volte<\/p>\n<p>\u00c9pisode 4 &#8211; Quand Dijon \u00e9tait une ferme g\u00e9ante<\/p>\n<p><iframe loading=\"lazy\" title=\"CHRONIQUES DIJONNAISES #1 : Quand les animaux \u00e9taient jug\u00e9s au tribunal\" width=\"200\" height=\"113\" src=\"https:\/\/www.youtube.com\/embed\/sF5qZrPG_Dg?list=PLaWGHr9h71HvD527D_fMKT2fmWprE5X8E\" frameborder=\"0\" allow=\"accelerometer; autoplay; clipboard-write; encrypted-media; gyroscope; picture-in-picture; web-share\" referrerpolicy=\"strict-origin-when-cross-origin\" allowfullscreen><\/iframe><\/p>\n<p>\n<\/div><\/div><\/div><\/div><\/div><\/section>\n","protected":false},"excerpt":{"rendered":"<p class=\"more-link-p\"><a class=\"btn btn-primary\" href=\"https:\/\/blog.ube.fr\/masters-professionnels-histoire\/production\/\">Voir plus &rarr;<\/a><\/p>\n","protected":false},"author":6045,"featured_media":0,"parent":0,"menu_order":0,"comment_status":"closed","ping_status":"closed","template":"","meta":{"footnotes":""},"class_list":["post-104","page","type-page","status-publish","hentry"],"_links":{"self":[{"href":"https:\/\/blog.ube.fr\/masters-professionnels-histoire\/wp-json\/wp\/v2\/pages\/104","targetHints":{"allow":["GET"]}}],"collection":[{"href":"https:\/\/blog.ube.fr\/masters-professionnels-histoire\/wp-json\/wp\/v2\/pages"}],"about":[{"href":"https:\/\/blog.ube.fr\/masters-professionnels-histoire\/wp-json\/wp\/v2\/types\/page"}],"author":[{"embeddable":true,"href":"https:\/\/blog.ube.fr\/masters-professionnels-histoire\/wp-json\/wp\/v2\/users\/6045"}],"replies":[{"embeddable":true,"href":"https:\/\/blog.ube.fr\/masters-professionnels-histoire\/wp-json\/wp\/v2\/comments?post=104"}],"version-history":[{"count":62,"href":"https:\/\/blog.ube.fr\/masters-professionnels-histoire\/wp-json\/wp\/v2\/pages\/104\/revisions"}],"predecessor-version":[{"id":561,"href":"https:\/\/blog.ube.fr\/masters-professionnels-histoire\/wp-json\/wp\/v2\/pages\/104\/revisions\/561"}],"wp:attachment":[{"href":"https:\/\/blog.ube.fr\/masters-professionnels-histoire\/wp-json\/wp\/v2\/media?parent=104"}],"curies":[{"name":"wp","href":"https:\/\/api.w.org\/{rel}","templated":true}]}}