{"id":476,"date":"2022-02-28T15:49:02","date_gmt":"2022-02-28T14:49:02","guid":{"rendered":"https:\/\/blog.u-bourgogne.fr\/mastercclimat\/?page_id=476"},"modified":"2023-01-18T10:11:51","modified_gmt":"2023-01-18T09:11:51","slug":"m2","status":"publish","type":"page","link":"https:\/\/blog.ube.fr\/mastercclimat\/m2\/","title":{"rendered":"Enseignements M2"},"content":{"rendered":"<p><strong><span dir=\"ltr\" role=\"presentation\">Comp\u00e9tences acquises \u00e0 l\u2019issue de l\u2019ann\u00e9e de formation (M2) :<\/span><\/strong><br role=\"presentation\" \/><span dir=\"ltr\" role=\"presentation\">La seconde ann\u00e9e est construite dans l\u2019objectif de professionnalisation des \u00e9tudiants. Les <\/span><span dir=\"ltr\" role=\"presentation\">enseignements sont tous organis\u00e9s (hormis l\u2019anglais) en blocs semaines, en mode projets et en <\/span><span dir=\"ltr\" role=\"presentation\">interactions avec des collectivit\u00e9s ou entreprises, ce afin d\u2019acqu\u00e9rir les comp\u00e9tences suivantes :<\/span><\/p>\n<ul>\n<li><span dir=\"ltr\" role=\"presentation\">Suivi de projet<\/span><span dir=\"ltr\" role=\"presentation\">. Conduire un projet sur plusieurs mois, faire un r\u00e9tro-planning, respecter des <\/span><span dir=\"ltr\" role=\"presentation\">dead-lines&#8230;<\/span><\/li>\n<li><span dir=\"ltr\" role=\"presentation\">Travail en \u00e9quipe<\/span><span dir=\"ltr\" role=\"presentation\">. R\u00e9pondre \u00e0 une commande institutionnelle en travaillant en \u00e9quipe, en petits <\/span><span dir=\"ltr\" role=\"presentation\">groupes<\/span> <span dir=\"ltr\" role=\"presentation\">ainsi<\/span> <span dir=\"ltr\" role=\"presentation\">qu\u2019avec<\/span> <span dir=\"ltr\" role=\"presentation\">l\u2019ensemble<\/span> <span dir=\"ltr\" role=\"presentation\">des<\/span> <span dir=\"ltr\" role=\"presentation\">partenaires<\/span> <span dir=\"ltr\" role=\"presentation\">(toute<\/span> <span dir=\"ltr\" role=\"presentation\">la<\/span> <span dir=\"ltr\" role=\"presentation\">promo,<\/span> <span dir=\"ltr\" role=\"presentation\">les<\/span> <span dir=\"ltr\" role=\"presentation\">encadrants,<\/span> <span dir=\"ltr\" role=\"presentation\">les <\/span><span dir=\"ltr\" role=\"presentation\">commanditaires, &#8230;).<\/span><\/li>\n<li><span dir=\"ltr\" role=\"presentation\">Donn\u00e9es : de l\u2019acquisition \u00e0 l\u2019interpr\u00e9tation.<\/span> <span dir=\"ltr\" role=\"presentation\">M\u00e9thodologie appliqu\u00e9e au climat : mener des <\/span><span dir=\"ltr\" role=\"presentation\">\u00e9tudes de diagnostic climatique et d\u2019impact environnemental, ma\u00eetriser les outils allant de la <\/span><span dir=\"ltr\" role=\"presentation\">production de donn\u00e9es (capteurs de qualit\u00e9 de l\u2019air, de trafic et de m\u00e9t\u00e9orologie) \u00e0 leur analyse <\/span><span dir=\"ltr\" role=\"presentation\">(Statistique, SIG, mod\u00e9lisation), spatialiser les projections climatiques propres \u00e0 un territoire et <\/span><span dir=\"ltr\" role=\"presentation\">\u00e9valuer leurs impacts potentiels.<\/span><\/li>\n<li><span dir=\"ltr\" role=\"presentation\">Approche<\/span> <span dir=\"ltr\" role=\"presentation\">int\u00e9gr\u00e9e<\/span> <span dir=\"ltr\" role=\"presentation\">des<\/span> <span dir=\"ltr\" role=\"presentation\">connaissances<\/span> <span dir=\"ltr\" role=\"presentation\">et<\/span> <span dir=\"ltr\" role=\"presentation\">comp\u00e9tences<\/span> <span dir=\"ltr\" role=\"presentation\">acquises<\/span> <span dir=\"ltr\" role=\"presentation\">dans<\/span> <span dir=\"ltr\" role=\"presentation\">les<\/span> <span dir=\"ltr\" role=\"presentation\">diff\u00e9rents <\/span><span dir=\"ltr\" role=\"presentation\">enseignements et exp\u00e9riences (stages, &#8230;).<\/span><\/li>\n<li><span dir=\"ltr\" role=\"presentation\">Capacit\u00e9<\/span> <span dir=\"ltr\" role=\"presentation\">\u00e0<\/span> <span dir=\"ltr\" role=\"presentation\">contextualiser<\/span> <span dir=\"ltr\" role=\"presentation\">et<\/span> <span dir=\"ltr\" role=\"presentation\">\u00e0<\/span> <span dir=\"ltr\" role=\"presentation\">synth\u00e9tiser<\/span><span dir=\"ltr\" role=\"presentation\">.<\/span> <span dir=\"ltr\" role=\"presentation\">S\u2019appuyer<\/span> <span dir=\"ltr\" role=\"presentation\">sur<\/span> <span dir=\"ltr\" role=\"presentation\">un<\/span> <span dir=\"ltr\" role=\"presentation\">corpus<\/span> <span dir=\"ltr\" role=\"presentation\">bibliographique, <\/span><span dir=\"ltr\" role=\"presentation\">s\u00e9lectionner les r\u00e9sultats les plus probants.<\/span><\/li>\n<li><span dir=\"ltr\" role=\"presentation\">Communication<\/span><span dir=\"ltr\" role=\"presentation\">. A l\u2019\u00e9crit comme \u00e0 l\u2019oral, en fran\u00e7ais et en anglais, \u00e0 des acteurs acad\u00e9miques <\/span><span dir=\"ltr\" role=\"presentation\">ou relevant de divers secteurs socio-\u00e9conomiques, communiquer de mani\u00e8re rigoureuse et <\/span><span dir=\"ltr\" role=\"presentation\">synth\u00e9tique.<\/span><\/li>\n<\/ul>\n<p><strong><span dir=\"ltr\" role=\"presentation\">Comp\u00e9tences acquises \u00e0 l\u2019issue de la formation (M1 + M2) :<\/span><\/strong><\/p>\n<ul>\n<li><span dir=\"ltr\" role=\"presentation\">Ma\u00eetriser la science de l\u2019exploration des donn\u00e9es appliqu\u00e9es \u00e0 l\u2019environnement atmosph\u00e9rique <\/span><span dir=\"ltr\" role=\"presentation\">(data science) ;<\/span><\/li>\n<li><span dir=\"ltr\" role=\"presentation\">Savoir repr\u00e9senter les donn\u00e9es d\u00e9crivant le climat et l\u2019environnement atmosph\u00e9rique \u00e0 l\u2019\u00e9chelle <\/span><span dir=\"ltr\" role=\"presentation\">d\u2019une ville et d\u2019un territoire et ma\u00eetriser les outils du diagnostic territorial (g\u00e9omatique) ;<\/span><\/li>\n<li><span dir=\"ltr\" role=\"presentation\">Conna\u00eetre les mod\u00e8les num\u00e9riques et statistiques et \u00eatre en capacit\u00e9 de les mobiliser dans des <\/span><span dir=\"ltr\" role=\"presentation\">\u00e9tudes de diagnostics climatiques ou environnementaux (mod\u00e9lisation) ;<\/span><\/li>\n<li><span dir=\"ltr\" role=\"presentation\">Conna\u00eetre les capacit\u00e9s de l\u2019am\u00e9nagement v\u00e9g\u00e9tal urbain \u00e0 construire la r\u00e9silience des territoires <\/span><span dir=\"ltr\" role=\"presentation\">au changement climatique ;<\/span><\/li>\n<li><span dir=\"ltr\" role=\"presentation\">Ma\u00eetriser le cadre r\u00e9glementaire de l\u2019am\u00e9nagement urbain durable ;<\/span><\/li>\n<li><span dir=\"ltr\" role=\"presentation\">Ma\u00eetriser les techniques et la mise en \u0153uvre d\u2019enqu\u00eates, en particulier sur les probl\u00e9matiques <\/span><span dir=\"ltr\" role=\"presentation\">relevant des plans climat-air-\u00e9nergie-territoires ;<\/span><\/li>\n<li><span dir=\"ltr\" role=\"presentation\">Ma\u00eetriser des leviers d\u2019adaptation locale ou r\u00e9gionale au changement climatique, tels que<\/span><br role=\"presentation\" \/><span dir=\"ltr\" role=\"presentation\">l\u2019am\u00e9nagement urbain par la valorisation des trames vertes et bleues et le renforcement de la<\/span><br role=\"presentation\" \/><span dir=\"ltr\" role=\"presentation\">biodiversit\u00e9 urbaine ;<\/span><\/li>\n<li><span dir=\"ltr\" role=\"presentation\">Plus sp\u00e9cifiquement, concevoir et mettre en \u0153uvre des plans de gestion et de d\u00e9veloppement du<\/span><br role=\"presentation\" \/><span dir=\"ltr\" role=\"presentation\">patrimoine v\u00e9g\u00e9tal en milieu urbain ;<\/span><\/li>\n<li><span dir=\"ltr\" role=\"presentation\">Identifier et mobiliser des ressources documentaires afin de concevoir et r\u00e9diger un rapport ;<\/span><\/li>\n<li><span dir=\"ltr\" role=\"presentation\">Rechercher et hi\u00e9rarchiser les informations scientifiques et techniques ;<\/span><\/li>\n<li><span dir=\"ltr\" role=\"presentation\">Savoir synth\u00e9tiser des r\u00e9sultats \u00e0 l\u2019\u00e9crit sous la forme d\u2019un m\u00e9moire individuel et \u00e0 l\u2019oral sous la <\/span><span dir=\"ltr\" role=\"presentation\">forme d\u2019une soutenance ou d\u2019une restitution de projets de groupe ;<\/span><\/li>\n<li><span dir=\"ltr\" role=\"presentation\">Ma\u00eetriser les outils permettant de r\u00e9aliser une liste de r\u00e9f\u00e9rences bibliographiques ;<\/span><\/li>\n<li><span dir=\"ltr\" role=\"presentation\">Savoir s\u2019exprimer en anglais \u00e0 l\u2019\u00e9crit et \u00e0 l\u2019oral.<\/span><\/li>\n<\/ul>\n","protected":false},"excerpt":{"rendered":"<p>Comp\u00e9tences acquises \u00e0 l\u2019issue de l\u2019ann\u00e9e de formation (M2) :La seconde ann\u00e9e est construite dans l\u2019objectif de professionnalisation des \u00e9tudiants. Les enseignements sont tous organis\u00e9s (hormis l\u2019anglais) en blocs semaines, en mode projets et en interactions avec des collectivit\u00e9s ou entreprises, ce afin d\u2019acqu\u00e9rir les comp\u00e9tences suivantes : Suivi de projet. Conduire un projet sur&hellip;<\/p>\n<p class=\"more-link-p\"><a class=\"btn btn-primary\" href=\"https:\/\/blog.ube.fr\/mastercclimat\/m2\/\">Voir plus &rarr;<\/a><\/p>\n","protected":false},"author":83,"featured_media":0,"parent":0,"menu_order":0,"comment_status":"closed","ping_status":"closed","template":"","meta":{"_exactmetrics_skip_tracking":false,"_exactmetrics_sitenote_active":false,"_exactmetrics_sitenote_note":"","_exactmetrics_sitenote_category":0,"footnotes":""},"class_list":["post-476","page","type-page","status-publish","hentry"],"_links":{"self":[{"href":"https:\/\/blog.ube.fr\/mastercclimat\/wp-json\/wp\/v2\/pages\/476","targetHints":{"allow":["GET"]}}],"collection":[{"href":"https:\/\/blog.ube.fr\/mastercclimat\/wp-json\/wp\/v2\/pages"}],"about":[{"href":"https:\/\/blog.ube.fr\/mastercclimat\/wp-json\/wp\/v2\/types\/page"}],"author":[{"embeddable":true,"href":"https:\/\/blog.ube.fr\/mastercclimat\/wp-json\/wp\/v2\/users\/83"}],"replies":[{"embeddable":true,"href":"https:\/\/blog.ube.fr\/mastercclimat\/wp-json\/wp\/v2\/comments?post=476"}],"version-history":[{"count":14,"href":"https:\/\/blog.ube.fr\/mastercclimat\/wp-json\/wp\/v2\/pages\/476\/revisions"}],"predecessor-version":[{"id":666,"href":"https:\/\/blog.ube.fr\/mastercclimat\/wp-json\/wp\/v2\/pages\/476\/revisions\/666"}],"wp:attachment":[{"href":"https:\/\/blog.ube.fr\/mastercclimat\/wp-json\/wp\/v2\/media?parent=476"}],"curies":[{"name":"wp","href":"https:\/\/api.w.org\/{rel}","templated":true}]}}