{"id":434,"date":"2022-02-28T15:06:50","date_gmt":"2022-02-28T14:06:50","guid":{"rendered":"https:\/\/blog.u-bourgogne.fr\/mastercclimat\/?page_id=434"},"modified":"2024-09-09T14:45:24","modified_gmt":"2024-09-09T13:45:24","slug":"contacts","status":"publish","type":"page","link":"https:\/\/blog.ube.fr\/mastercclimat\/contacts\/","title":{"rendered":"Contacts"},"content":{"rendered":"<p><strong>Responsables de la mention GAED :<br \/>\n<\/strong><\/p>\n<p>Nad\u00e8ge MARTINY, ma\u00eetresse de conf\u00e9rences HDR en climatologie<\/p>\n<p>nadege.martiny@u-bourgogne.fr<\/p>\n<p>&nbsp;<\/p>\n<p><strong>Responsables du parcours CClimAT master 1 :<\/strong><\/p>\n<p>Albin ULLMANN, ma\u00eetre de conf\u00e9rences HDR en climatologie<\/p>\n<p>albin.ullmann@u-bourgogne.fr<\/p>\n<p>&nbsp;<\/p>\n<p><strong>Responsable du parcours CClimAT master 2 :<\/strong><\/p>\n<p>Yves RICHARD, Professeur de g\u00e9ographie, changement climatique et d\u00e9veloppement durable<\/p>\n<p>yves.richard@u-bourgogne.fr<\/p>\n<p>&nbsp;<\/p>\n<p><strong>Secr\u00e9tariat p\u00e9dagogique et scolarit\u00e9 de la formation initiale :<\/strong><\/p>\n<p>Manon LERAT manon.lerat@u-bourgogne.fr<\/p>\n<p>&nbsp;<\/p>\n<p><strong>Secr\u00e9tariat de la formation continue et de l&#8217;alternance :<\/strong><\/p>\n<p>Patricia GOMES formation.continue-shs@u-bourgogne.fr<\/p>\n<p>&nbsp;<\/p>\n<p>&nbsp;<\/p>\n","protected":false},"excerpt":{"rendered":"<p>Responsables de la mention GAED : Nad\u00e8ge MARTINY, ma\u00eetresse de conf\u00e9rences HDR en climatologie nadege.martiny@u-bourgogne.fr &nbsp; Responsables du parcours CClimAT master 1 : Albin ULLMANN, ma\u00eetre de conf\u00e9rences HDR en climatologie albin.ullmann@u-bourgogne.fr &nbsp; Responsable du parcours CClimAT master 2 : Yves RICHARD, Professeur de g\u00e9ographie, changement climatique et d\u00e9veloppement durable yves.richard@u-bourgogne.fr &nbsp; Secr\u00e9tariat p\u00e9dagogique et&hellip;<\/p>\n<p class=\"more-link-p\"><a class=\"btn btn-primary\" href=\"https:\/\/blog.ube.fr\/mastercclimat\/contacts\/\">Voir plus &rarr;<\/a><\/p>\n","protected":false},"author":83,"featured_media":0,"parent":0,"menu_order":0,"comment_status":"closed","ping_status":"closed","template":"","meta":{"_exactmetrics_skip_tracking":false,"_exactmetrics_sitenote_active":false,"_exactmetrics_sitenote_note":"","_exactmetrics_sitenote_category":0,"footnotes":""},"class_list":["post-434","page","type-page","status-publish","hentry"],"_links":{"self":[{"href":"https:\/\/blog.ube.fr\/mastercclimat\/wp-json\/wp\/v2\/pages\/434","targetHints":{"allow":["GET"]}}],"collection":[{"href":"https:\/\/blog.ube.fr\/mastercclimat\/wp-json\/wp\/v2\/pages"}],"about":[{"href":"https:\/\/blog.ube.fr\/mastercclimat\/wp-json\/wp\/v2\/types\/page"}],"author":[{"embeddable":true,"href":"https:\/\/blog.ube.fr\/mastercclimat\/wp-json\/wp\/v2\/users\/83"}],"replies":[{"embeddable":true,"href":"https:\/\/blog.ube.fr\/mastercclimat\/wp-json\/wp\/v2\/comments?post=434"}],"version-history":[{"count":7,"href":"https:\/\/blog.ube.fr\/mastercclimat\/wp-json\/wp\/v2\/pages\/434\/revisions"}],"predecessor-version":[{"id":744,"href":"https:\/\/blog.ube.fr\/mastercclimat\/wp-json\/wp\/v2\/pages\/434\/revisions\/744"}],"wp:attachment":[{"href":"https:\/\/blog.ube.fr\/mastercclimat\/wp-json\/wp\/v2\/media?parent=434"}],"curies":[{"name":"wp","href":"https:\/\/api.w.org\/{rel}","templated":true}]}}