{"id":423,"date":"2022-02-28T14:59:04","date_gmt":"2022-02-28T13:59:04","guid":{"rendered":"https:\/\/blog.u-bourgogne.fr\/mastercclimat\/?page_id=423"},"modified":"2024-09-09T14:51:50","modified_gmt":"2024-09-09T13:51:50","slug":"candidatures","status":"publish","type":"page","link":"https:\/\/blog.ube.fr\/mastercclimat\/candidatures\/","title":{"rendered":"Candidatures"},"content":{"rendered":"<p>Le parcours se trouve dans le master G\u00e9ographie, Am\u00e9nagement, Environnement, D\u00e9veloppement, dans l&#8217;UFR Sciences Humaines.<\/p>\n<p>L&#8217;acc\u00e8s au master CClimAT est s\u00e9lectif, notamment sur dossier. La capacit\u00e9 d&#8217;accueil est limit\u00e9e \u00e0 24 \u00e9tudiants.<\/p>\n<p>Pour candidater en formation initiale, vous devez \u00eatre titulaire d&#8217;un dipl\u00f4me de niveau Bac + 3 (licence g\u00e9n\u00e9rale, licence professionnelle). Diff\u00e9rentes formations initiales sont bienvenues en amont du master CClimAT, notamment (liste non exhaustive) :<\/p>\n<ul>\n<li>Licence de G\u00e9ographie, Am\u00e9nagement<\/li>\n<li>Licence de Sciences de la Vie, \u00c9cologie, Terre, Environnement<\/li>\n<li>Licence professionnelle ou Bachelor en Environnement, Am\u00e9nagement du Paysage<\/li>\n<\/ul>\n<p>Il est possible \u00e9galement d&#8217;acc\u00e9der au master CClimAT<\/p>\n<ul>\n<li>par validation d&#8217;acquis (VA) en formation initale (r\u00e9orientation) : \u00e0 voir avec les responsables de formation et la scolarit\u00e9 r\u00e9f\u00e9rente<\/li>\n<li>au titre de la formation continue par la Validation des Acquis de l&#8217;Exp\u00e9rience (VAE) ou Validation des Acquis Professionnels (VAP). Le Service de la Formation Continue et de l&#8217;Alternance (SEFCA) vous accompagne dans cette d\u00e9marche.<\/li>\n<\/ul>\n<p><em><strong>\u00a0 Pr\u00e9requis :<\/strong><\/em><\/p>\n<ul>\n<li>Vision globale d\u2019un territoire au travers de ses \u00e9l\u00e9ments constitutifs tant physiques (climatiques, g\u00e9omorphologiques, p\u00e9dologiques&#8230;) que soci\u00e9taux (g\u00e9ographie urbaine, dynamique des milieux ruraux, am\u00e9nagement&#8230;) ;<\/li>\n<li>Connaissances et int\u00e9r\u00eat marqu\u00e9 dans au moins un des 2 domaines formant le p\u00e9rim\u00e8tre du parcours (climat\/environnement ; am\u00e9nagement\/urbanisme)<\/li>\n<li>Comp\u00e9tences \/ certification en informatique\u00a0g\u00e9n\u00e9rale<\/li>\n<li>Savoir-faire en m\u00e9thodologies : traitement des donn\u00e9es, statistiques, g\u00e9omatique<\/li>\n<li>Capacit\u00e9 de restitution d\u2019un projet d\u2019\u00e9tude, y compris en anglais<\/li>\n<li>Ad\u00e9quation entre le cursus ant\u00e9rieur, la formation demand\u00e9e et le projet professionnel<\/li>\n<\/ul>\n<p>&nbsp;<\/p>\n<p>N\u2019h\u00e9sitez pas \u00e0 nous solliciter en cas de questions :<\/p>\n<ul>\n<li>manon.lerat@u-bourgogne.fr pour des questions sur e-candidat et sur votre dossier administratif.<\/li>\n<li>nadege.martiny@u-bourgogne.fr pour des questions sur l\u2019organisation de la mention GAED \u00e0 l&#8217;uB<\/li>\n<li>albin.ullmann@u-bourgogne.fr pour des questions sur l\u2019organisation du master 1 CClimAT et les aspects p\u00e9dagogiques.<\/li>\n<li>yves.richard@u-bourgogne.fr pour des questions sur l\u2019organisation du master 2 CClimAT et les aspects p\u00e9dagogiques.<\/li>\n<\/ul>\n","protected":false},"excerpt":{"rendered":"<p>Le parcours se trouve dans le master G\u00e9ographie, Am\u00e9nagement, Environnement, D\u00e9veloppement, dans l&#8217;UFR Sciences Humaines. L&#8217;acc\u00e8s au master CClimAT est s\u00e9lectif, notamment sur dossier. La capacit\u00e9 d&#8217;accueil est limit\u00e9e \u00e0 24 \u00e9tudiants. Pour candidater en formation initiale, vous devez \u00eatre titulaire d&#8217;un dipl\u00f4me de niveau Bac + 3 (licence g\u00e9n\u00e9rale, licence professionnelle). Diff\u00e9rentes formations initiales&hellip;<\/p>\n<p class=\"more-link-p\"><a class=\"btn btn-primary\" href=\"https:\/\/blog.ube.fr\/mastercclimat\/candidatures\/\">Voir plus &rarr;<\/a><\/p>\n","protected":false},"author":83,"featured_media":0,"parent":0,"menu_order":0,"comment_status":"closed","ping_status":"closed","template":"","meta":{"_exactmetrics_skip_tracking":false,"_exactmetrics_sitenote_active":false,"_exactmetrics_sitenote_note":"","_exactmetrics_sitenote_category":0,"footnotes":""},"class_list":["post-423","page","type-page","status-publish","hentry"],"_links":{"self":[{"href":"https:\/\/blog.ube.fr\/mastercclimat\/wp-json\/wp\/v2\/pages\/423","targetHints":{"allow":["GET"]}}],"collection":[{"href":"https:\/\/blog.ube.fr\/mastercclimat\/wp-json\/wp\/v2\/pages"}],"about":[{"href":"https:\/\/blog.ube.fr\/mastercclimat\/wp-json\/wp\/v2\/types\/page"}],"author":[{"embeddable":true,"href":"https:\/\/blog.ube.fr\/mastercclimat\/wp-json\/wp\/v2\/users\/83"}],"replies":[{"embeddable":true,"href":"https:\/\/blog.ube.fr\/mastercclimat\/wp-json\/wp\/v2\/comments?post=423"}],"version-history":[{"count":10,"href":"https:\/\/blog.ube.fr\/mastercclimat\/wp-json\/wp\/v2\/pages\/423\/revisions"}],"predecessor-version":[{"id":749,"href":"https:\/\/blog.ube.fr\/mastercclimat\/wp-json\/wp\/v2\/pages\/423\/revisions\/749"}],"wp:attachment":[{"href":"https:\/\/blog.ube.fr\/mastercclimat\/wp-json\/wp\/v2\/media?parent=423"}],"curies":[{"name":"wp","href":"https:\/\/api.w.org\/{rel}","templated":true}]}}