{"id":415,"date":"2022-02-16T15:18:17","date_gmt":"2022-02-16T14:18:17","guid":{"rendered":"https:\/\/blog.u-bourgogne.fr\/mastercclimat\/?page_id=415"},"modified":"2024-07-16T10:34:04","modified_gmt":"2024-07-16T09:34:04","slug":"master-changement-climatique-adaptation-territoires","status":"publish","type":"page","link":"https:\/\/blog.ube.fr\/mastercclimat\/master-changement-climatique-adaptation-territoires\/","title":{"rendered":"Master CClimAT"},"content":{"rendered":"<p style=\"text-align: center;\"><em>Bienvenue sur le site du master Changement Climatique, Adaptation, Territoires<\/em><\/p>\n<p style=\"text-align: center;\">\n<p style=\"text-align: center;\">Les candidatures seront ouvertes sur le site trouvemonmaster.gouv.fr\u00a0 :\u00a0<a href=\"https:\/\/www.monmaster.gouv.fr\/\">https:\/\/www.monmaster.gouv.fr\/<\/a><\/p>\n<p>C&#8217;est un nouveau parcours de master, \u00e0 l&#8217;int\u00e9rieur de la mention G\u00e9ographie Am\u00e9nagement Environnement D\u00e9veloppement (GAED), au sein de l&#8217;UFR Sciences Humaines. Il est partiellement mutualis\u00e9 avec d&#8217;autres masters d\u00e9j\u00e0 existants, notamment le master Transports Mobilit\u00e9s Environnement Climat (TMEC &#8211; <a href=\"https:\/\/blog.ube.fr\/master-tmec\/\">https:\/\/blog.ube.fr\/master-tmec\/<\/a>).<\/p>\n<p style=\"text-align: center;\"><strong>Voici la fiche fili\u00e8re du master 1 :\u00a0<a href=\"https:\/\/blog.ube.fr\/mastercclimat\/wp-content\/uploads\/sites\/166\/2022\/12\/FF-ametys-masters-Geographie-1-5-1-3.pdf\">https:\/\/blog.ube.fr\/mastercclimat\/wp-content\/uploads\/sites\/166\/2022\/12\/FF-ametys-masters-Geographie-1-5-1-3.pdf<\/a><\/strong><\/p>\n<p>&nbsp;<\/p>\n<p style=\"text-align: center;\"><em>OBJECTIFS<\/em><\/p>\n<p>Le parcours CClimAT du master GAED vise \u00e0 r\u00e9pondre aux enjeux actuels et futurs relatifs au changement climatique. Il a pour but de former des \u00e9tudiants \u00e0 la d\u00e9tection du changement climatique, au diagnostic des al\u00e9as et risques climatiques, \u00e0 l\u2019\u00e9tablissement de projections d\u2019\u00e9volution du climat, \u00e0 l\u2019\u00e9valuation des impacts environnementaux et \u00e0 la mise en place de politiques d\u2019adaptation, notamment v\u00e9g\u00e9tales, des soci\u00e9t\u00e9s \u00e0 ces enjeux.<\/p>\n<p>L\u2019\u00e9chelle vis\u00e9e est celle des territoires, comme support d\u2019application de politiques d\u2019att\u00e9nuation du changement climatique et de mesures d\u2019adaptation \u00e0 ses effets. Les aires urbaines sont particuli\u00e8rement cibl\u00e9es, car s\u2019y concentrent des \u00e9l\u00e9ments de vuln\u00e9rabilit\u00e9 et des facteurs d\u2019amplification des effets du changement climatique global. Les enjeux de sant\u00e9 publique associ\u00e9s aux \u00eelots de chaleur urbains et \u00e0 la pollution atmosph\u00e9rique y sont en effet centraux. Pour y r\u00e9pondre, la formation aborde notamment les questions de suivi de la qualit\u00e9 de l\u2019air et de v\u00e9g\u00e9talisation des espaces urbains. Ainsi la mise en place de politiques d\u2019adaptation sera pens\u00e9e \u00e0 diff\u00e9rentes \u00e9chelles, principalement locales (intercommunalit\u00e9s), mais aussi r\u00e9gionales ou nationales. Les pays du Sud seront \u00e9galement concern\u00e9s par la formation. Les \u00e9tudiants recevront une formation tant th\u00e9orique que technique leur permettant \u00e0 la fois de dresser des diagnostics scientifiques rigoureux (s\u2019appuyant sur une maitrise de l\u2019observation sur site et du traitement des donn\u00e9es, qu\u2019elles soient d\u2019ordre climatique, environnemental ou soci\u00e9tal), et de mettre en place des politiques d\u2019am\u00e9nagement des territoires.<\/p>\n<p>Le parcours CClimAT couvre un spectre interdisciplinaire, tr\u00e8s ancr\u00e9 sur la g\u00e9ographie (dans ses dimensions physique et humaine) mais ouvert vers les sciences de l\u2019environnement ou encore les politiques publiques et l\u2019am\u00e9nagement urbain.<\/p>\n<p>&nbsp;<\/p>\n","protected":false},"excerpt":{"rendered":"<p>Bienvenue sur le site du master Changement Climatique, Adaptation, Territoires Les candidatures seront ouvertes sur le site trouvemonmaster.gouv.fr\u00a0 :\u00a0https:\/\/www.monmaster.gouv.fr\/ C&#8217;est un nouveau parcours de master, \u00e0 l&#8217;int\u00e9rieur de la mention G\u00e9ographie Am\u00e9nagement Environnement D\u00e9veloppement (GAED), au sein de l&#8217;UFR Sciences Humaines. Il est partiellement mutualis\u00e9 avec d&#8217;autres masters d\u00e9j\u00e0 existants, notamment le master Transports Mobilit\u00e9s&hellip;<\/p>\n<p class=\"more-link-p\"><a class=\"btn btn-primary\" href=\"https:\/\/blog.ube.fr\/mastercclimat\/master-changement-climatique-adaptation-territoires\/\">Voir plus &rarr;<\/a><\/p>\n","protected":false},"author":83,"featured_media":0,"parent":0,"menu_order":0,"comment_status":"closed","ping_status":"closed","template":"","meta":{"_exactmetrics_skip_tracking":false,"_exactmetrics_sitenote_active":false,"_exactmetrics_sitenote_note":"","_exactmetrics_sitenote_category":0,"footnotes":""},"class_list":["post-415","page","type-page","status-publish","hentry"],"_links":{"self":[{"href":"https:\/\/blog.ube.fr\/mastercclimat\/wp-json\/wp\/v2\/pages\/415","targetHints":{"allow":["GET"]}}],"collection":[{"href":"https:\/\/blog.ube.fr\/mastercclimat\/wp-json\/wp\/v2\/pages"}],"about":[{"href":"https:\/\/blog.ube.fr\/mastercclimat\/wp-json\/wp\/v2\/types\/page"}],"author":[{"embeddable":true,"href":"https:\/\/blog.ube.fr\/mastercclimat\/wp-json\/wp\/v2\/users\/83"}],"replies":[{"embeddable":true,"href":"https:\/\/blog.ube.fr\/mastercclimat\/wp-json\/wp\/v2\/comments?post=415"}],"version-history":[{"count":32,"href":"https:\/\/blog.ube.fr\/mastercclimat\/wp-json\/wp\/v2\/pages\/415\/revisions"}],"predecessor-version":[{"id":742,"href":"https:\/\/blog.ube.fr\/mastercclimat\/wp-json\/wp\/v2\/pages\/415\/revisions\/742"}],"wp:attachment":[{"href":"https:\/\/blog.ube.fr\/mastercclimat\/wp-json\/wp\/v2\/media?parent=415"}],"curies":[{"name":"wp","href":"https:\/\/api.w.org\/{rel}","templated":true}]}}