{"id":216,"date":"2015-09-01T10:51:43","date_gmt":"2015-09-01T09:51:43","guid":{"rendered":"http:\/\/blog.u-bourgogne.fr\/master-tmec\/?page_id=216"},"modified":"2018-09-05T17:11:06","modified_gmt":"2018-09-05T16:11:06","slug":"emploi-temps-m1","status":"publish","type":"page","link":"https:\/\/blog.ube.fr\/master-tmec\/emploi-temps-m1\/","title":{"rendered":"Master 1 &#8211; Emploi du temps"},"content":{"rendered":"<p>L&#8217;emploi du temps est susceptible d&#8217;\u00e9voluer quotidiennement. V\u00e9rifier jusqu&#8217;\u00e0 la veille l&#8217;emploi du temps pour le lendemain. <a href=\"https:\/\/calendar.google.com\/calendar\/embed?src=lkopgtvoum7ej25fp1h3lvtufc%40group.calendar.google.com&amp;ctz=Europe%2FParis\">Suivre ce lien&#8230;<\/a><\/p>\n","protected":false},"excerpt":{"rendered":"<p>L&#8217;emploi du temps est susceptible d&#8217;\u00e9voluer quotidiennement. V\u00e9rifier jusqu&#8217;\u00e0 la veille l&#8217;emploi du temps pour le lendemain. Suivre ce lien&#8230;<\/p>\n<p class=\"more-link-p\"><a class=\"btn btn-primary\" href=\"https:\/\/blog.ube.fr\/master-tmec\/emploi-temps-m1\/\">Voir plus &rarr;<\/a><\/p>\n","protected":false},"author":41,"featured_media":0,"parent":0,"menu_order":0,"comment_status":"closed","ping_status":"closed","template":"","meta":{"_exactmetrics_skip_tracking":false,"_exactmetrics_sitenote_active":false,"_exactmetrics_sitenote_note":"","_exactmetrics_sitenote_category":0,"footnotes":""},"class_list":["post-216","page","type-page","status-publish","hentry"],"_links":{"self":[{"href":"https:\/\/blog.ube.fr\/master-tmec\/wp-json\/wp\/v2\/pages\/216","targetHints":{"allow":["GET"]}}],"collection":[{"href":"https:\/\/blog.ube.fr\/master-tmec\/wp-json\/wp\/v2\/pages"}],"about":[{"href":"https:\/\/blog.ube.fr\/master-tmec\/wp-json\/wp\/v2\/types\/page"}],"author":[{"embeddable":true,"href":"https:\/\/blog.ube.fr\/master-tmec\/wp-json\/wp\/v2\/users\/41"}],"replies":[{"embeddable":true,"href":"https:\/\/blog.ube.fr\/master-tmec\/wp-json\/wp\/v2\/comments?post=216"}],"version-history":[{"count":13,"href":"https:\/\/blog.ube.fr\/master-tmec\/wp-json\/wp\/v2\/pages\/216\/revisions"}],"predecessor-version":[{"id":368,"href":"https:\/\/blog.ube.fr\/master-tmec\/wp-json\/wp\/v2\/pages\/216\/revisions\/368"}],"wp:attachment":[{"href":"https:\/\/blog.ube.fr\/master-tmec\/wp-json\/wp\/v2\/media?parent=216"}],"curies":[{"name":"wp","href":"https:\/\/api.w.org\/{rel}","templated":true}]}}