{"id":20,"date":"2015-04-13T14:38:54","date_gmt":"2015-04-13T13:38:54","guid":{"rendered":"http:\/\/blog.u-bourgogne.fr\/master-tmec\/?page_id=20"},"modified":"2024-11-26T15:26:41","modified_gmt":"2024-11-26T14:26:41","slug":"contacts","status":"publish","type":"page","link":"https:\/\/blog.ube.fr\/master-tmec\/contacts\/","title":{"rendered":"Contacts"},"content":{"rendered":"<h3><strong>Les contacts du Master TMEC<br \/>\n<\/strong><\/h3>\n<p><strong>Responsable du secr\u00e9tariat p\u00e9dagogique et de la scolarit\u00e9<\/strong><\/p>\n<blockquote><p>Manon LERAT<br class=\"autobr\" \/>Bureau 162<br class=\"autobr\" \/>03.80.39.56.13<br class=\"autobr\" \/><a href=\"Manon.Lerat@u-bourgogne.fr\">manon.lerat@u-bourgogne.fr<\/a><\/p><\/blockquote>\n<p><strong>Responsable du Master 1<\/strong><\/p>\n<blockquote><p>Val\u00e9rie FACCHINETTI-MANNONE<br class=\"autobr\" \/>Bureau 350<br class=\"autobr\" \/>03.80.39.57.33<br class=\"autobr\" \/>valerie.mannone@u-bourgogne.fr<\/p><\/blockquote>\n<p><strong>Responsable du Master 2<\/strong><\/p>\n<blockquote><p>Thomas THEVENIN<br class=\"autobr\" \/>Bureau 352<br class=\"autobr\" \/>03.80.39.57.31<br class=\"autobr\" \/>thomas.thevenin@u-bourgogne.fr<\/p><\/blockquote>\n<h3><strong>Venir dans les locaux du Master<\/strong><\/h3>\n<p><strong>Adresse<br \/>\n<\/strong><\/p>\n<p>B\u00e2timent Droit\/Lettres<a title=\"Plan campus\" href=\"http:\/\/sciences-humaines.u-bourgogne.fr\/images\/stories\/UFR\/venir_a_l_ufr\/plan-campus-dijon.pdf\" target=\"_blank\" rel=\"noopener noreferrer\"> (#47 sur le plan du campus<\/a>)<br \/>\n4, boulevard Gabriel<br \/>\n21000 Dijon<\/p>\n<p><strong>En transports en commun<\/strong><\/p>\n<ul>\n<li>Tramway T1, arr\u00eat Erasme<\/li>\n<li>Bus 5, arr\u00eat Agrosup<\/li>\n<li>Bus Corol, arr\u00eat Fac des lettres<\/li>\n<\/ul>\n<p><strong>En voiture, \u00e0 pieds ou en v\u00e9lo<\/strong><\/p>\n<p>Carte sur Google Maps :<a title=\"Carte sur Google Maps\" href=\"https:\/\/goo.gl\/maps\/iwRJG\" target=\"_blank\" rel=\"noopener noreferrer\"> https:\/\/goo.gl\/maps\/iwRJG<\/a><\/p>\n<h3><strong>\u00a0<\/strong><\/h3>\n<p>&nbsp;<\/p>\n<p>&nbsp;<\/p>\n","protected":false},"excerpt":{"rendered":"<p>Les contacts du Master TMEC Responsable du secr\u00e9tariat p\u00e9dagogique et de la scolarit\u00e9 Manon LERATBureau 16203.80.39.56.13manon.lerat@u-bourgogne.fr Responsable du Master 1 Val\u00e9rie FACCHINETTI-MANNONEBureau 35003.80.39.57.33valerie.mannone@u-bourgogne.fr Responsable du Master 2 Thomas THEVENINBureau 35203.80.39.57.31thomas.thevenin@u-bourgogne.fr Venir dans les locaux du Master Adresse B\u00e2timent Droit\/Lettres (#47 sur le plan du campus) 4, boulevard Gabriel 21000 Dijon En transports en commun Tramway&hellip;<\/p>\n<p class=\"more-link-p\"><a class=\"btn btn-primary\" href=\"https:\/\/blog.ube.fr\/master-tmec\/contacts\/\">Voir plus &rarr;<\/a><\/p>\n","protected":false},"author":41,"featured_media":0,"parent":0,"menu_order":3,"comment_status":"closed","ping_status":"closed","template":"","meta":{"_exactmetrics_skip_tracking":false,"_exactmetrics_sitenote_active":false,"_exactmetrics_sitenote_note":"","_exactmetrics_sitenote_category":0,"footnotes":""},"class_list":["post-20","page","type-page","status-publish","hentry"],"_links":{"self":[{"href":"https:\/\/blog.ube.fr\/master-tmec\/wp-json\/wp\/v2\/pages\/20","targetHints":{"allow":["GET"]}}],"collection":[{"href":"https:\/\/blog.ube.fr\/master-tmec\/wp-json\/wp\/v2\/pages"}],"about":[{"href":"https:\/\/blog.ube.fr\/master-tmec\/wp-json\/wp\/v2\/types\/page"}],"author":[{"embeddable":true,"href":"https:\/\/blog.ube.fr\/master-tmec\/wp-json\/wp\/v2\/users\/41"}],"replies":[{"embeddable":true,"href":"https:\/\/blog.ube.fr\/master-tmec\/wp-json\/wp\/v2\/comments?post=20"}],"version-history":[{"count":16,"href":"https:\/\/blog.ube.fr\/master-tmec\/wp-json\/wp\/v2\/pages\/20\/revisions"}],"predecessor-version":[{"id":452,"href":"https:\/\/blog.ube.fr\/master-tmec\/wp-json\/wp\/v2\/pages\/20\/revisions\/452"}],"wp:attachment":[{"href":"https:\/\/blog.ube.fr\/master-tmec\/wp-json\/wp\/v2\/media?parent=20"}],"curies":[{"name":"wp","href":"https:\/\/api.w.org\/{rel}","templated":true}]}}