{"id":111,"date":"2015-04-16T15:38:02","date_gmt":"2015-04-16T14:38:02","guid":{"rendered":"http:\/\/blog.u-bourgogne.fr\/master-tmec\/?page_id=111"},"modified":"2022-03-30T10:42:40","modified_gmt":"2022-03-30T09:42:40","slug":"temoignages-de-diplomes","status":"publish","type":"page","link":"https:\/\/blog.ube.fr\/master-tmec\/temoignages-de-diplomes\/","title":{"rendered":"T\u00e9moignages de dipl\u00f4m\u00e9s"},"content":{"rendered":"<div class=\"texte surlignable clearfix\">\n<h3><a href=\"https:\/\/www.linkedin.com\/groups\/8765459\/\">Retrouver la communaut\u00e9 TMEC sur Linkedin<\/a><\/h3>\n<p>&nbsp;<\/p>\n<div style=\"width: 160px\" class=\"wp-caption alignleft\"><img loading=\"lazy\" decoding=\"async\" src=\"http:\/\/master-tme.u-bourgogne.fr\/local\/cache-vignettes\/L150xH150\/cb-222c2.png\" alt=\"T\u00e9mognage: Cl\u00e9ment Billet\" width=\"150\" height=\"150\" \/><p class=\"wp-caption-text\">Cl\u00e9ment Billet<\/p><\/div>\n<p><strong> T\u00e9moignage de\u00a0 Cl\u00e9ment Billet qui occupe actuellement un poste d\u2019ing\u00e9nieur territorial au sein de la mairie de <a title=\"Besan\u00e7on Transports\" href=\"http:\/\/www.besancon.fr\/index.php?p=220\" target=\"_blank\" rel=\"noopener\">Besan\u00e7on<\/a>. Il est titulaire d\u2019un Master professionnel \u00ab\u00a0Transport, mobilit\u00e9 et environnement\u00a0\u00bb, obtenu en 2005 \u00e0 l\u2019universit\u00e9 de Bourgogne.<\/strong><\/p>\n<p><em>Pourquoi avoir choisi ce parcours\u00a0?<\/em><\/p>\n<p>J\u2019ai choisi ce Master parce que c\u2019\u00e9tait dans la continuit\u00e9 de mon parcours universitaire et que je souhaitais avoir une exp\u00e9rience professionnelle dans le secteur. J\u2019ai effectu\u00e9 un stage de six mois dans l\u2019association de surveillance de la qualit\u00e9 de l\u2019air (l\u2019ASQAB) de Besan\u00e7on qui a abouti sur un CDD d\u2019un an et demi.<\/p>\n<p><em>En quoi consiste votre travail aujourd\u2019hui\u00a0?<\/em><\/p>\n<p>Je suis responsable des activit\u00e9s du bureau \u00ab\u00a0d\u00e9placements\u00a0\u00bb o\u00f9 je dirige trois agents en charge de la gestion du stationnement, des carrefours \u00e0 feux et des syst\u00e8mes dynamiques. Je suis \u00e9galement chef de projet AutoCit\u00e9 et du suivi du service V\u00e9loCit\u00e9, les deux services de transport en libre service mis en place dans la ville.<\/p>\n<p><em>Qu\u2019est-ce qui vous passionne dans votre activit\u00e9\u00a0?<\/em><\/p>\n<p>Mon objectif \u00e9tait de travailler dans le secteur public. Dans une mairie, on est dans l\u2019op\u00e9rationnel, on voit les choses se r\u00e9aliser tout de suite. Ce qui me plait, c\u2019est de ne pas faire uniquement du \u00ab\u00a0th\u00e9orique\u00a0\u00bb\u00a0: dans mon m\u00e9tier, il y a un c\u00f4t\u00e9 concret et c\u2019est toujours une grande satisfaction quand on voit nos id\u00e9es sortir de terre.<\/p>\n<p><em>Comment avez-vous fait pour trouver cet emploi\u00a0?<\/em><\/p>\n<p>Apr\u00e8s une ann\u00e9e sabbatique, j\u2019ai commenc\u00e9 \u00e0 chercher du travail tout en passant les concours de la fonction public territoriale. J\u2019ai r\u00e9ussi le concours de technicien et c\u2019est au bout de six mois de recherche que j\u2019ai \u00e9t\u00e9 recrut\u00e9 \u00e0 la ville de Besan\u00e7on en tant que technicien territorial au sein de la direction \u00ab\u00a0voirie et d\u00e9placements\u00a0\u00bb. Au bout d\u2019un an, j\u2019ai obtenu le grade d\u2019ing\u00e9nieur territorial en passant le concours d\u2019ing\u00e9nieur et j\u2019ai \u00e9t\u00e9 nomm\u00e9 au poste que j\u2019occupe actuellement. Je pense que le master est une des orientations qui correspond le plus \u00e0 ma formation.<\/p>\n<p><em>Quels conseils donneriez-vous aux jeunes dans leurs d\u00e9marches d\u2019insertion\u00a0?<\/em><\/p>\n<p>Tout d\u2019abord, il faut bien se pr\u00e9parer et ne pas attendre la fin des \u00e9tudes pour se poser des questions par rapport \u00e0 son insertion professionnelle. Au moment du choix des \u00e9tudes, il est important de garder \u00e0 l\u2019esprit les possibilit\u00e9s d\u2019insertion professionnelle. Lors de la recherche d\u2019un emploi, on doit y croire et ne pas se d\u00e9courager. J\u2019ai \u00e9t\u00e9 plut\u00f4t chanceux, mais cela fait partie de la recherche d\u2019un emploi. Il faut saisir la bonne opportunit\u00e9 et postuler au bon moment au bon endroit. Il est important de savoir \u00ab\u00a0se vendre\u00a0\u00bb, de pr\u00e9parer ses candidatures et ses entretiens. Cela peut prendre du temps, mais je suis persuad\u00e9 qu\u2019au final tout le monde parvient \u00e0 s\u2019en sortir et \u00e0 trouver un travail \u00e9panouissant.<\/p>\n<p><sub>[T\u00e9moignage recueilli par Emilie Bois et Katia Gicquel Master eurom\u00e9dias]<\/sub><\/p>\n<hr \/>\n<p>&nbsp;<\/p>\n<div style=\"width: 160px\" class=\"wp-caption alignleft\"><img loading=\"lazy\" decoding=\"async\" src=\"http:\/\/master-tme.u-bourgogne.fr\/local\/cache-vignettes\/L150xH150\/ap-eaff2.png\" alt=\"T\u00e9moignage Aur\u00e9lie Peuziat\" width=\"150\" height=\"150\" \/><p class=\"wp-caption-text\">Aur\u00e9lie Peuziat<\/p><\/div>\n<p><strong>Ancienne \u00e9tudiante du Master 2 \u00ab\u00a0Transport, Mobilit\u00e9, Environnement\u00a0\u00bb \u00e0 l\u2019Universit\u00e9 de Bourgogne, Aur\u00e9lie Peuziat est aujourd\u2019hui Charg\u00e9e d\u2019appui technique chez <a title=\"SNCF Infra\" href=\"http:\/\/www.sncf.com\/fr\/portrait-du-groupe\/un-groupe-de-service\" target=\"_blank\" rel=\"noopener\">SNCF Infra<\/a> (anciennement R\u00e9seau Ferr\u00e9 de France) \u00e0 Paris.<\/strong><\/p>\n<p><em>Quel est votre parcours de formation\u00a0?<\/em><\/p>\n<p>Apr\u00e8s une licence en g\u00e9ographie et une premi\u00e8re ann\u00e9e en Master Environnement \u00e0 Paris, j\u2019ai effectu\u00e9 un stage au STIF (Syndicat des Transports d\u2019Ile de France) car je voulais allier l\u2019environnement au domaine des transports que je ne connaissais pas encore. J\u2019ai souhait\u00e9 me sp\u00e9cialiser dans cette voie l\u00e0 pour mon Master 2. L\u2019enseignant qui m\u2019encadrait en Master 1 m\u2019a donc conseill\u00e9 de postuler au M2 de l\u2019UB car il connaissait tr\u00e8s bien son directeur, Thomas Th\u00e9venin.<\/p>\n<p><em>Quel est votre emploi actuel\u00a0?<\/em><\/p>\n<p>Je travaille actuellement chez RFF, \u00e0 la Direction des Sillons sur le projet Cadencement 2012. Celui-ci consiste en la refonte horaire de quasiment l\u2019ensemble des trains fran\u00e7ais (TGV, TER, Intercit\u00e9s\u2026) \u00e0 l\u2019horizon 2012 pour la mise en service de la Ligne \u00e0 Grande Vitesse Rhin-Rh\u00f4ne.<\/p>\n<p><em>Comment avez-vous fait pour trouver cet emploi\u00a0?<\/em><\/p>\n<p>Mon objectif \u00e9tait de travailler dans le secteur public. Dans une mairie, on est dans l\u2019op\u00e9rationnel, on voit les choses se r\u00e9aliser tout de suite. Ce qui me plait, c\u2019est de ne pas faire uniquement du \u00ab\u00a0th\u00e9orique\u00a0\u00bb\u00a0: dans mon m\u00e9tier, il y a un c\u00f4t\u00e9 concret et c\u2019est toujours une grande satisfaction quand on voit nos id\u00e9es sortir de terre.<\/p>\n<p><em>Comment avez-vous fait pour trouver cet emploi\u00a0?<\/em><\/p>\n<p>\u00c0 la suite de mon stage dans un bureau d\u2019\u00e9tude en Master 2, je me suis rendue compte que je souhaitais surtout travailler dans les transports. J\u2019ai donc contact\u00e9 deux anciens \u00e9tudiants du Master qui, \u00e0 l\u2019\u00e9poque, travaillaient chez RFF. Comme j\u2019\u00e9tais vraiment int\u00e9ress\u00e9e par ce type de boulot, je leur ai transf\u00e9r\u00e9 mon CV. RFF \u00e9tant une entreprise qui recrute beaucoup dans ce secteur, j\u2019ai rapidement pass\u00e9 un entretien et j\u2019ai su que j\u2019\u00e9tais prise en CDI avant m\u00eame d\u2019avoir pass\u00e9 ma soutenance de stage\u00a0!<\/p>\n<p><em>Qu\u2019est ce qui vous passionne dans le m\u00e9tier que vous exercez\u00a0?<\/em><\/p>\n<p>Travailler dans le milieu ferroviaire n\u2019a pas \u00e9t\u00e9 une vocation pour moi\u00a0! Mais j\u2019ai toujours \u00e9t\u00e9 int\u00e9ress\u00e9e, ne serait-ce que par curiosit\u00e9. J\u2019ai eu pas mal de chance de pouvoir bifurquer de l\u2019environnement aux transports sans probl\u00e8me. Le cadencement est un challenge \u00e9norme dans le milieu ferroviaire et en faire partie, c\u2019est assez \u00e9norme\u00a0! On va toucher la vie de milliers de personnes et leur simplifier la vie \u00e0 terme\u2026 du moins, je l\u2019esp\u00e8re\u00a0!<\/p>\n<p><em>Quels conseils donneriez-vous aux jeunes pour leurs d\u00e9marches d\u2019insertion\u00a0?<\/em><\/p>\n<p>Il faut \u00e9largir au maximum son r\u00e9seau\u00a0! Que ce soit les potes de fac, des anciens du master, des profs, des intervenants ext\u00e9rieurs (surtout eux\u00a0!), il est n\u00e9cessaire de discuter un maximum avec eux et garder contact. Ensuite, le Master 2 est l\u2019ann\u00e9e la plus importante, il convient de prouver que l\u2019on est professionnel, ne pas se la \u00ab\u00a0couler douce\u00a0\u00bb. Enfin, choisir ses stages de fa\u00e7on vraiment int\u00e9ress\u00e9e et non pas faire un stage pour faire un stage. C\u2019est une porte d\u2019entr\u00e9e vers un vrai boulot\u00a0!<\/p>\n<p><sub>[T\u00e9moignage recueilli par Brice Paradis et Julie Gaudillat Master eurom\u00e9dias]<\/sub><\/p>\n<hr \/>\n<p>&nbsp;<\/p>\n<div style=\"width: 160px\" class=\"wp-caption alignleft\"><img loading=\"lazy\" decoding=\"async\" src=\"http:\/\/master-tme.u-bourgogne.fr\/local\/cache-vignettes\/L150xH150\/ab-dbf0e.png\" alt=\"T\u00e9moignage Anne-Elodie Bonnin\" width=\"150\" height=\"150\" \/><p class=\"wp-caption-text\">Anne-Elodie Bonnin<\/p><\/div>\n<p><strong>Apr\u00e8s l\u2019obtention d\u2019une ma\u00eetrise de G\u00e9ographie Am\u00e9nagement du Territoire en 2004, Anne-Elodie BONIN int\u00e8gre en 2008 un Master Transport Mobilit\u00e9 Environnement \u00e0 l\u2019Universit\u00e9 de Bourgogne. Depuis septembre 2008, elle occupe le poste de responsable de Marketing chez Keolis Nevers, un r\u00e9seau du <a title=\"Keolis\" href=\"http:\/\/www.keolis.com\/\" target=\"_blank\" rel=\"noopener\">Groupe Keolis<\/a>, leader du transport public de voyageurs en France.<\/strong><\/p>\n<p><em>En quoi consiste votre travail\u00a0?<\/em><\/p>\n<p>Mon travail au sein de Keolis consiste \u00e0 d\u00e9ployer la politique marketing et commerciale du r\u00e9seau (promotion des tarifs et produits, information clients, organisation d\u2019\u00e9v\u00e9nementiel et partenariats), effectuer le suivi et l\u2019analyse des recettes commerciales. L\u2019attrait de ce m\u00e9tier r\u00e9side dans les \u00e9changes avec l\u2019autorit\u00e9 organisatrice sur l\u2019\u00e9volution et l\u2019am\u00e9lioration de l\u2019offre transport mise en place. Le management fait \u00e9galement partie de mon quotidien avec l\u2019encadrement des personnes en agence commerciale. C\u2019est un travail tr\u00e8s enrichissant et motivant par la vari\u00e9t\u00e9 des missions qui me sont confi\u00e9es.<\/p>\n<p><em>Qu\u2019est-ce qui vous passionne dans le m\u00e9tier que vous exercez\u00a0?<\/em><\/p>\n<p>Les m\u00e9tiers du transport sont nombreux. Je me suis sp\u00e9cialis\u00e9e dans le transport de voyageurs, ce qui me permet d\u2019\u00eatre au service des autres et de faire le maximum pour leur offrir le service de transport adapt\u00e9 \u00e0 leurs besoins. Je travaille aussi en partenariat avec les salari\u00e9s de l\u2019entreprise, que ce soit les conducteurs, les agents de ma\u00eetrise pour am\u00e9liorer chaque jour notre offre mais aussi avec l\u2019autorit\u00e9 organisatrice afin de r\u00e9pondre au mieux \u00e0 ses besoins.<\/p>\n<p><em>Comment avez-vous trouv\u00e9 cet emploi\u00a0?<\/em><\/p>\n<p>L\u2019ann\u00e9e de master se conclue par un stage de 6 mois en entreprise. Jai effectu\u00e9 mon stage au sein d\u2019un r\u00e9seau de transport urbain au service Etudes. Cette exp\u00e9rience a \u00e9t\u00e9 essentielle afin de mieux savoir vers quel m\u00e9tier du transport je souhaitais me diriger. Le marketing est arriv\u00e9 en t\u00eate, et l\u2019offre d\u2019emploi \u00e0 Nevers correspondait \u00e0 mon profil. La motivation pour ce poste polyvalent a \u00e9t\u00e9 essentielle et mon exp\u00e9rience en tant que vendeuse en CDI \u00e9tudiant pendant cinq ans a \u00e9t\u00e9 un plus.<\/p>\n<p><em>Avec le recul, quel regard portez-vous sur la formation que vous avez suivie\u00a0?<\/em><\/p>\n<p>Le stage m\u2019a permis de mettre en valeur les comp\u00e9tences acquises lors de ma formation et de d\u00e9velopper l\u2019assurance n\u00e9cessaire pour entrer dans la vie active. Cette formation m\u2019a aussi offert des perspectives d\u2019emploi int\u00e9ressantes dans des domaines vari\u00e9s du transport.<\/p>\n<p><em>Quel conseil donneriez-vous aux jeunes dipl\u00f4m\u00e9s dans leurs d\u00e9marches d\u2019insertion\u00a0?<\/em><\/p>\n<p>J\u2019en donnerais surtout un\u00a0: il faut qu\u2019ils privil\u00e9gient le stage qui leur permettra vraiment de construire une premi\u00e8re exp\u00e9rience professionnelle dans leur domaine d\u2019\u00e9tude\u00a0!<\/p>\n<p><sub>[T\u00e9moignage recueilli par Aur\u00e9lie Ratajski et S\u00e9bastien Pitoizet Master eurom\u00e9dias]<\/sub><\/p>\n<\/div>\n","protected":false},"excerpt":{"rendered":"<p>Retrouver la communaut\u00e9 TMEC sur Linkedin &nbsp; T\u00e9moignage de\u00a0 Cl\u00e9ment Billet qui occupe actuellement un poste d\u2019ing\u00e9nieur territorial au sein de la mairie de Besan\u00e7on. Il est titulaire d\u2019un Master professionnel \u00ab\u00a0Transport, mobilit\u00e9 et environnement\u00a0\u00bb, obtenu en 2005 \u00e0 l\u2019universit\u00e9 de Bourgogne. Pourquoi avoir choisi ce parcours\u00a0? J\u2019ai choisi ce Master parce que c\u2019\u00e9tait dans&hellip;<\/p>\n<p class=\"more-link-p\"><a class=\"btn btn-primary\" href=\"https:\/\/blog.ube.fr\/master-tmec\/temoignages-de-diplomes\/\">Voir plus &rarr;<\/a><\/p>\n","protected":false},"author":41,"featured_media":0,"parent":0,"menu_order":0,"comment_status":"closed","ping_status":"closed","template":"","meta":{"_exactmetrics_skip_tracking":false,"_exactmetrics_sitenote_active":false,"_exactmetrics_sitenote_note":"","_exactmetrics_sitenote_category":0,"footnotes":""},"class_list":["post-111","page","type-page","status-publish","hentry"],"_links":{"self":[{"href":"https:\/\/blog.ube.fr\/master-tmec\/wp-json\/wp\/v2\/pages\/111","targetHints":{"allow":["GET"]}}],"collection":[{"href":"https:\/\/blog.ube.fr\/master-tmec\/wp-json\/wp\/v2\/pages"}],"about":[{"href":"https:\/\/blog.ube.fr\/master-tmec\/wp-json\/wp\/v2\/types\/page"}],"author":[{"embeddable":true,"href":"https:\/\/blog.ube.fr\/master-tmec\/wp-json\/wp\/v2\/users\/41"}],"replies":[{"embeddable":true,"href":"https:\/\/blog.ube.fr\/master-tmec\/wp-json\/wp\/v2\/comments?post=111"}],"version-history":[{"count":10,"href":"https:\/\/blog.ube.fr\/master-tmec\/wp-json\/wp\/v2\/pages\/111\/revisions"}],"predecessor-version":[{"id":419,"href":"https:\/\/blog.ube.fr\/master-tmec\/wp-json\/wp\/v2\/pages\/111\/revisions\/419"}],"wp:attachment":[{"href":"https:\/\/blog.ube.fr\/master-tmec\/wp-json\/wp\/v2\/media?parent=111"}],"curies":[{"name":"wp","href":"https:\/\/api.w.org\/{rel}","templated":true}]}}