{"id":107,"date":"2015-04-16T15:28:46","date_gmt":"2015-04-16T14:28:46","guid":{"rendered":"http:\/\/blog.u-bourgogne.fr\/master-tmec\/?page_id=107"},"modified":"2024-02-20T12:33:28","modified_gmt":"2024-02-20T11:33:28","slug":"stage","status":"publish","type":"page","link":"https:\/\/blog.ube.fr\/master-tmec\/stage\/","title":{"rendered":"Stage et alternance"},"content":{"rendered":"<p><strong>En master 1\u00a0<\/strong>: un stage de 3 mois est effectu\u00e9 en laboratoire (Th\u00e9MA ou Biog\u00e9osciences). Pour les \u00e9tudiants int\u00e9ress\u00e9s par l\u2019alternance, la premi\u00e8re ann\u00e9e est \u00e9galement utilis\u00e9e par la recherche d\u2019un ma\u00eetre de stage.<\/p>\n<p><strong>En master 2 cursus alternance<\/strong> : rythme progressif<\/p>\n<ul>\n<li>Septembre \u00e0 octobre : 2 semaines en formation \/ 1 semaine dans la structure d&#8217;accueil (collectivit\u00e9 ou entreprise)<\/li>\n<li>Novembre \u00e0 mars : 1 semaine \u00e0 l&#8217;universit\u00e9 \/ 1 semaine dans la structure d&#8217;accueil<\/li>\n<li>Mars \u00e0 septembre : 100 % dans la structure d&#8217;accueil<\/li>\n<\/ul>\n<p><strong>En master 2 cursus initial<\/strong> : un stage de 4 \u00e0 6 mois est effectu\u00e9 dans une entreprise ou une collectivit\u00e9 pour le parcours professionnel. Les \u00e9tudiants qui souhaitent s\u2019ouvrir aux m\u00e9tiers de la recherche r\u00e9alisent leur stage dans les laboratoires Th\u00e9MA et Biog\u00e9osciences.<\/p>\n<p><strong>Le m\u00e9moire<\/strong> de fin d\u2019\u00e9tude est d\u00e9fendu lors d\u2019une soutenance devant un jury compos\u00e9 d\u2019enseignants et de professionnels<\/p>\n","protected":false},"excerpt":{"rendered":"<p>En master 1\u00a0: un stage de 3 mois est effectu\u00e9 en laboratoire (Th\u00e9MA ou Biog\u00e9osciences). Pour les \u00e9tudiants int\u00e9ress\u00e9s par l\u2019alternance, la premi\u00e8re ann\u00e9e est \u00e9galement utilis\u00e9e par la recherche d\u2019un ma\u00eetre de stage. En master 2 cursus alternance : rythme progressif Septembre \u00e0 octobre : 2 semaines en formation \/ 1 semaine dans la&hellip;<\/p>\n<p class=\"more-link-p\"><a class=\"btn btn-primary\" href=\"https:\/\/blog.ube.fr\/master-tmec\/stage\/\">Voir plus &rarr;<\/a><\/p>\n","protected":false},"author":41,"featured_media":0,"parent":0,"menu_order":0,"comment_status":"closed","ping_status":"closed","template":"","meta":{"_exactmetrics_skip_tracking":false,"_exactmetrics_sitenote_active":false,"_exactmetrics_sitenote_note":"","_exactmetrics_sitenote_category":0,"footnotes":""},"class_list":["post-107","page","type-page","status-publish","hentry"],"_links":{"self":[{"href":"https:\/\/blog.ube.fr\/master-tmec\/wp-json\/wp\/v2\/pages\/107","targetHints":{"allow":["GET"]}}],"collection":[{"href":"https:\/\/blog.ube.fr\/master-tmec\/wp-json\/wp\/v2\/pages"}],"about":[{"href":"https:\/\/blog.ube.fr\/master-tmec\/wp-json\/wp\/v2\/types\/page"}],"author":[{"embeddable":true,"href":"https:\/\/blog.ube.fr\/master-tmec\/wp-json\/wp\/v2\/users\/41"}],"replies":[{"embeddable":true,"href":"https:\/\/blog.ube.fr\/master-tmec\/wp-json\/wp\/v2\/comments?post=107"}],"version-history":[{"count":19,"href":"https:\/\/blog.ube.fr\/master-tmec\/wp-json\/wp\/v2\/pages\/107\/revisions"}],"predecessor-version":[{"id":450,"href":"https:\/\/blog.ube.fr\/master-tmec\/wp-json\/wp\/v2\/pages\/107\/revisions\/450"}],"wp:attachment":[{"href":"https:\/\/blog.ube.fr\/master-tmec\/wp-json\/wp\/v2\/media?parent=107"}],"curies":[{"name":"wp","href":"https:\/\/api.w.org\/{rel}","templated":true}]}}