{"id":104,"date":"2015-04-16T15:25:05","date_gmt":"2015-04-16T14:25:05","guid":{"rendered":"http:\/\/blog.u-bourgogne.fr\/master-tmec\/?page_id=104"},"modified":"2018-03-27T10:34:10","modified_gmt":"2018-03-27T09:34:10","slug":"competences","status":"publish","type":"page","link":"https:\/\/blog.ube.fr\/master-tmec\/competences\/","title":{"rendered":"Comp\u00e9tences et secteur d&#8217;activit\u00e9"},"content":{"rendered":"<div class=\"wrapper hfeed\">\n<table style=\"width: 1399px\">\n<tbody>\n<tr>\n<td style=\"width: 644.033px\"><strong>Des comp\u00e9tences en ad\u00e9quation&#8230;<br \/>\n<\/strong><\/p>\n<ul>\n<li>Conna\u00eetre les grands enjeux de l\u2019am\u00e9nagement du territoire et concevoir un r\u00e9seau de transport<\/li>\n<li>Mener des \u00e9tudes d\u2019impact environnemental g\u00e9n\u00e9r\u00e9 par les infrastructures et les d\u00e9placements<\/li>\n<li>Conna\u00eetre le fonctionnement des collectivit\u00e9s et des entreprises<\/li>\n<li>Ma\u00eetriser les outils d\u2019aide \u00e0 la planification et l\u2019exploitation des r\u00e9seaux<\/li>\n<li>R\u00e9pondre \u00e0 une commande institutionnelle en travaillant en \u00e9quipe<\/li>\n<\/ul>\n<\/td>\n<td style=\"width: 718.967px\"><strong>&#8230; avec les besoins des professionnels du domaine des transports<br \/>\n<\/strong><\/p>\n<ul>\n<li>administrations de l\u2019\u00c9tat, collectivit\u00e9s territoriales (M\u00e9tropole, Conseil R\u00e9gional et D\u00e9partemental),<\/li>\n<li>syndicats mixtes (SMTC), chambres consulaires (CCI), structures de d\u00e9veloppement local<\/li>\n<li>bureaux d\u2019\u00e9tude et d\u2019expertises, cabinets de consultants<\/li>\n<li>exploitation des r\u00e9seaux de transport ( SNCF, K\u00e9olis, V\u00e9olia, RATP&#8230;)<\/li>\n<li>milieux associatifs ( Association pour la Qualit\u00e9 de l\u2019 Air &#8211; ASQA, agence pour l\u2019environnement &#8211; Alterrre)<\/li>\n<\/ul>\n<\/td>\n<\/tr>\n<\/tbody>\n<\/table>\n<div id=\"content\" class=\"content hentry\"><\/div>\n<\/div>\n","protected":false},"excerpt":{"rendered":"<p>Des comp\u00e9tences en ad\u00e9quation&#8230; Conna\u00eetre les grands enjeux de l\u2019am\u00e9nagement du territoire et concevoir un r\u00e9seau de transport Mener des \u00e9tudes d\u2019impact environnemental g\u00e9n\u00e9r\u00e9 par les infrastructures et les d\u00e9placements Conna\u00eetre le fonctionnement des collectivit\u00e9s et des entreprises Ma\u00eetriser les outils d\u2019aide \u00e0 la planification et l\u2019exploitation des r\u00e9seaux R\u00e9pondre \u00e0 une commande institutionnelle en&hellip;<\/p>\n<p class=\"more-link-p\"><a class=\"btn btn-primary\" href=\"https:\/\/blog.ube.fr\/master-tmec\/competences\/\">Voir plus &rarr;<\/a><\/p>\n","protected":false},"author":41,"featured_media":0,"parent":0,"menu_order":0,"comment_status":"closed","ping_status":"closed","template":"","meta":{"_exactmetrics_skip_tracking":false,"_exactmetrics_sitenote_active":false,"_exactmetrics_sitenote_note":"","_exactmetrics_sitenote_category":0,"footnotes":""},"class_list":["post-104","page","type-page","status-publish","hentry"],"_links":{"self":[{"href":"https:\/\/blog.ube.fr\/master-tmec\/wp-json\/wp\/v2\/pages\/104","targetHints":{"allow":["GET"]}}],"collection":[{"href":"https:\/\/blog.ube.fr\/master-tmec\/wp-json\/wp\/v2\/pages"}],"about":[{"href":"https:\/\/blog.ube.fr\/master-tmec\/wp-json\/wp\/v2\/types\/page"}],"author":[{"embeddable":true,"href":"https:\/\/blog.ube.fr\/master-tmec\/wp-json\/wp\/v2\/users\/41"}],"replies":[{"embeddable":true,"href":"https:\/\/blog.ube.fr\/master-tmec\/wp-json\/wp\/v2\/comments?post=104"}],"version-history":[{"count":26,"href":"https:\/\/blog.ube.fr\/master-tmec\/wp-json\/wp\/v2\/pages\/104\/revisions"}],"predecessor-version":[{"id":297,"href":"https:\/\/blog.ube.fr\/master-tmec\/wp-json\/wp\/v2\/pages\/104\/revisions\/297"}],"wp:attachment":[{"href":"https:\/\/blog.ube.fr\/master-tmec\/wp-json\/wp\/v2\/media?parent=104"}],"curies":[{"name":"wp","href":"https:\/\/api.w.org\/{rel}","templated":true}]}}