{"id":112,"date":"2018-11-25T19:30:25","date_gmt":"2018-11-25T18:30:25","guid":{"rendered":"http:\/\/blog.u-bourgogne.fr\/master-mmhd\/?page_id=112"},"modified":"2019-09-09T22:30:42","modified_gmt":"2019-09-09T20:30:42","slug":"students","status":"publish","type":"page","link":"https:\/\/blog.ube.fr\/master-t2mc\/students\/","title":{"rendered":"M1 Students Lists"},"content":{"rendered":"<p><strong>2019-2020<\/strong><\/p>\n<p>Master 1 (at UBFC Dijon)<\/p>\n<table style=\"border-collapse: collapse;width: 100%\">\n<tbody>\n<tr>\n<td style=\"width: 25%\"><\/td>\n<td style=\"width: 25%\">Student<\/td>\n<td style=\"width: 25%\">Research Project<\/td>\n<td style=\"width: 25%\">Location<\/td>\n<\/tr>\n<tr>\n<td style=\"width: 25%\"><\/td>\n<td style=\"width: 25%\">AROULE Olivier<\/td>\n<td style=\"width: 25%\"><\/td>\n<td style=\"width: 25%\"><\/td>\n<\/tr>\n<tr>\n<td style=\"width: 25%\"><\/td>\n<td style=\"width: 25%\">BESNARD Lo\u00efc<\/td>\n<td style=\"width: 25%\"><\/td>\n<td style=\"width: 25%\"><\/td>\n<\/tr>\n<tr>\n<td style=\"width: 25%\"><\/td>\n<td style=\"width: 25%\">BETTINGER Mathieu<\/td>\n<td style=\"width: 25%\"><\/td>\n<td style=\"width: 25%\"><\/td>\n<\/tr>\n<tr>\n<td style=\"width: 25%\"><\/td>\n<td style=\"width: 25%\">CHARENTON Tom<\/td>\n<td style=\"width: 25%\"><\/td>\n<td style=\"width: 25%\"><\/td>\n<\/tr>\n<tr>\n<td style=\"width: 25%\"><\/td>\n<td style=\"width: 25%\">DUPOUY Baptiste<\/td>\n<td style=\"width: 25%\"><\/td>\n<td style=\"width: 25%\"><\/td>\n<\/tr>\n<tr>\n<td style=\"width: 25%\"><\/td>\n<td style=\"width: 25%\">FERON Michel<\/td>\n<td style=\"width: 25%\"><\/td>\n<td style=\"width: 25%\"><\/td>\n<\/tr>\n<tr>\n<td style=\"width: 25%\"><\/td>\n<td style=\"width: 25%\">LOMBARDI Chloe<\/td>\n<td style=\"width: 25%\"><\/td>\n<td style=\"width: 25%\"><\/td>\n<\/tr>\n<tr>\n<td style=\"width: 25%\"><\/td>\n<td style=\"width: 25%\">MOUTAA Youmna<\/td>\n<td style=\"width: 25%\"><\/td>\n<td style=\"width: 25%\"><\/td>\n<\/tr>\n<tr>\n<td style=\"width: 25%\"><\/td>\n<td style=\"width: 25%\">NOEL Noemie<\/td>\n<td style=\"width: 25%\"><\/td>\n<td style=\"width: 25%\"><\/td>\n<\/tr>\n<\/tbody>\n<\/table>\n<table style=\"border-collapse: collapse;width: 100%\">\n<tbody>\n<tr>\n<td style=\"width: 25%\"><\/td>\n<td style=\"width: 25%\">PAGEARD L\u00e9a<\/td>\n<td style=\"width: 25%\"><\/td>\n<td style=\"width: 25%\"><\/td>\n<\/tr>\n<tr>\n<td style=\"width: 25%\"><\/td>\n<td style=\"width: 25%\">POSADA Henry<\/td>\n<td style=\"width: 25%\"><\/td>\n<td style=\"width: 25%\"><\/td>\n<\/tr>\n<tr>\n<td style=\"width: 25%\"><\/td>\n<td style=\"width: 25%\">SIRE Charline<\/td>\n<td style=\"width: 25%\"><\/td>\n<td style=\"width: 25%\"><\/td>\n<\/tr>\n<tr>\n<td style=\"width: 25%\"><\/td>\n<td style=\"width: 25%\"><\/td>\n<td style=\"width: 25%\"><\/td>\n<td style=\"width: 25%\"><\/td>\n<\/tr>\n<\/tbody>\n<\/table>\n<p>Master 1 (at UCT Prague)<\/p>\n<table style=\"border-collapse: collapse;width: 100%\">\n<tbody>\n<tr>\n<td style=\"width: 25%\"><\/td>\n<td style=\"width: 25%\">GRALL Laura<\/td>\n<td style=\"width: 25%\"><\/td>\n<td style=\"width: 25%\"><\/td>\n<\/tr>\n<tr>\n<td style=\"width: 25%\"><\/td>\n<td style=\"width: 25%\">MOINARD Morgane<\/td>\n<td style=\"width: 25%\"><\/td>\n<td style=\"width: 25%\"><\/td>\n<\/tr>\n<tr>\n<td style=\"width: 25%\"><\/td>\n<td style=\"width: 25%\">SULLIVAN Guy<\/td>\n<td style=\"width: 25%\"><\/td>\n<td style=\"width: 25%\"><\/td>\n<\/tr>\n<\/tbody>\n<\/table>\n<p><strong>2018-2019<\/strong><\/p>\n<p>Master 1 (at UBFC Dijon)<\/p>\n<table style=\"width: 881px\">\n<tbody>\n<tr>\n<td style=\"width: 190px\"><\/td>\n<td style=\"width: 219px\"><strong>Students<\/strong><\/td>\n<td style=\"width: 215px\">\u00a0Research Project<\/td>\n<td style=\"width: 229px\">\u00a0Location<\/td>\n<\/tr>\n<tr>\n<td style=\"width: 190px\">\u00a0<img loading=\"lazy\" decoding=\"async\" class=\"alignnone size-medium wp-image-163\" src=\"http:\/\/blog.ube.fr\/master-mmhd\/wp-content\/uploads\/sites\/75\/2018\/11\/Pierre-BAROUX-290x220.png\" alt=\"\" width=\"290\" height=\"220\" \/><\/td>\n<td style=\"width: 219px\">BAROUX Pierre<\/td>\n<td style=\"width: 215px\"><\/td>\n<td style=\"width: 229px\">Peptlab, University of Florence<\/td>\n<\/tr>\n<tr>\n<td style=\"width: 190px\">\u00a0<img loading=\"lazy\" decoding=\"async\" class=\"alignnone size-medium wp-image-164\" src=\"http:\/\/blog.ube.fr\/master-mmhd\/wp-content\/uploads\/sites\/75\/2018\/11\/Lucile-COLLARD-290x220.png\" alt=\"\" width=\"290\" height=\"220\" \/><\/td>\n<td style=\"width: 219px\">COLLARD Lucile<\/td>\n<td style=\"width: 215px\"><\/td>\n<td style=\"width: 229px\">Cohesives, Dijon, France<\/td>\n<\/tr>\n<tr>\n<td style=\"width: 190px\">\u00a0<img loading=\"lazy\" decoding=\"async\" class=\"alignnone size-medium wp-image-165\" src=\"http:\/\/blog.ube.fr\/master-mmhd\/wp-content\/uploads\/sites\/75\/2018\/11\/Odilon-de-COLIGNY-290x220.png\" alt=\"\" width=\"290\" height=\"220\" \/><\/td>\n<td style=\"width: 219px\">de COLLIGNY Odilon<\/td>\n<td style=\"width: 215px\"><\/td>\n<td style=\"width: 229px\">G. Boudier, Dijon, France<\/td>\n<\/tr>\n<tr>\n<td style=\"width: 190px\">\u00a0<img loading=\"lazy\" decoding=\"async\" class=\"alignnone size-medium wp-image-166\" src=\"http:\/\/blog.ube.fr\/master-mmhd\/wp-content\/uploads\/sites\/75\/2018\/11\/Thibaud-ERTEL-290x220.png\" alt=\"\" width=\"290\" height=\"220\" \/><\/td>\n<td style=\"width: 219px\">ERTEL Thibaud<\/td>\n<td style=\"width: 215px\"><\/td>\n<td style=\"width: 229px\">Laboratoire de Catalyse,<\/p>\n<p>Institut de Chimie Organique<\/p>\n<p>Universit\u00e9 de Li\u00e8ge, Belgique<\/td>\n<\/tr>\n<tr>\n<td style=\"width: 190px\">\u00a0<img loading=\"lazy\" decoding=\"async\" class=\"alignnone wp-image-173\" src=\"http:\/\/blog.ube.fr\/master-mmhd\/wp-content\/uploads\/sites\/75\/2018\/11\/GELIN-Capture-d\u2019e\u0301cran-2019-01-07-a\u0300-11.30.15.png\" alt=\"\" width=\"179\" height=\"193\" \/><\/td>\n<td style=\"width: 219px\">GELIN Loris<\/td>\n<td style=\"width: 215px\"><\/td>\n<td style=\"width: 229px\">Facultad de Ciencias y Techologias Qumicas<\/p>\n<p>Universitad de Castilla la Mancha,<\/p>\n<p>Espagne<\/td>\n<\/tr>\n<tr>\n<td style=\"width: 190px\">\u00a0<img loading=\"lazy\" decoding=\"async\" class=\"alignnone wp-image-174\" src=\"http:\/\/blog.ube.fr\/master-mmhd\/wp-content\/uploads\/sites\/75\/2018\/11\/GRUET-Capture-d\u2019e\u0301cran-2019-01-07-a\u0300-11.30.48.png\" alt=\"\" width=\"178\" height=\"207\" \/><\/td>\n<td style=\"width: 219px\">GRUET Kentin<\/td>\n<td style=\"width: 215px\"><\/td>\n<td style=\"width: 229px\">Chematech, Dijon, France<\/td>\n<\/tr>\n<tr>\n<td style=\"width: 190px\">\u00a0<img loading=\"lazy\" decoding=\"async\" class=\"alignnone size-medium wp-image-167\" src=\"http:\/\/blog.ube.fr\/master-mmhd\/wp-content\/uploads\/sites\/75\/2018\/11\/Pierre-Henri-JOUARD-290x220.png\" alt=\"\" width=\"290\" height=\"220\" \/><\/td>\n<td style=\"width: 219px\">JOUARD Pierre Henri<\/td>\n<td style=\"width: 215px\"><\/td>\n<td style=\"width: 229px\">Laboratoire Bioimagerie et pathologies, Universit\u00e9 de Strasbourg, France<\/td>\n<\/tr>\n<tr>\n<td style=\"width: 190px\">\u00a0<img loading=\"lazy\" decoding=\"async\" class=\"alignnone size-medium wp-image-168\" src=\"http:\/\/blog.ube.fr\/master-mmhd\/wp-content\/uploads\/sites\/75\/2018\/11\/Marine-LABONDE-290x220.png\" alt=\"\" width=\"290\" height=\"220\" \/><\/td>\n<td style=\"width: 219px\">LABONDE Marine<\/td>\n<td style=\"width: 215px\"><\/td>\n<td style=\"width: 229px\">ICMUB, Dijon, France<\/td>\n<\/tr>\n<tr>\n<td style=\"width: 190px\">\u00a0<img loading=\"lazy\" decoding=\"async\" class=\"alignnone size-medium wp-image-169\" src=\"http:\/\/blog.ube.fr\/master-mmhd\/wp-content\/uploads\/sites\/75\/2018\/11\/Benjamin-LARME-290x220.png\" alt=\"\" width=\"290\" height=\"220\" \/><\/td>\n<td style=\"width: 219px\">LARME Benjamin<\/td>\n<td style=\"width: 215px\"><\/td>\n<td style=\"width: 229px\">Department of Chemistry<\/p>\n<p>Universit\u00e9 de Hull, UK<\/td>\n<\/tr>\n<tr>\n<td style=\"width: 190px\">\u00a0<img loading=\"lazy\" decoding=\"async\" class=\"alignnone size-medium wp-image-170\" src=\"http:\/\/blog.ube.fr\/master-mmhd\/wp-content\/uploads\/sites\/75\/2018\/11\/Gracia-LOMA-KIKOBO-290x220.png\" alt=\"\" width=\"290\" height=\"220\" \/><\/td>\n<td style=\"width: 219px\">LOMA KIKOBO Gracia<\/td>\n<td style=\"width: 215px\"><\/td>\n<td style=\"width: 229px\">ICMUB, Dijon, France<\/td>\n<\/tr>\n<tr>\n<td style=\"width: 190px\">\u00a0<img loading=\"lazy\" decoding=\"async\" class=\"alignnone size-medium wp-image-172\" src=\"http:\/\/blog.ube.fr\/master-mmhd\/wp-content\/uploads\/sites\/75\/2018\/11\/Sebastien-SAOU-281x220.png\" alt=\"\" width=\"281\" height=\"220\" \/><\/td>\n<td style=\"width: 219px\">SAOU S\u00e9bastien<\/td>\n<td style=\"width: 215px\"><\/td>\n<td style=\"width: 229px\">IRCELYON, Universit\u00e9 de Lyon 1, France<\/td>\n<\/tr>\n<tr>\n<td style=\"width: 190px\"><\/td>\n<td style=\"width: 219px\"><\/td>\n<td style=\"width: 215px\"><\/td>\n<td style=\"width: 229px\"><\/td>\n<\/tr>\n<tr>\n<td style=\"width: 190px\"><\/td>\n<td style=\"width: 219px\"><\/td>\n<td style=\"width: 215px\"><\/td>\n<td style=\"width: 229px\"><\/td>\n<\/tr>\n<\/tbody>\n<\/table>\n<p>Master 1 (at UCT Prague)<\/p>\n<table style=\"width: 881px\">\n<tbody>\n<tr>\n<td style=\"width: 187px\"><\/td>\n<td style=\"width: 223px\">BAFFROY Oc\u00e9ane<\/td>\n<td style=\"width: 214px\"><\/td>\n<td style=\"width: 229px\"><\/td>\n<\/tr>\n<tr>\n<td style=\"width: 187px\"><\/td>\n<td style=\"width: 223px\">BROCHARD Sol\u00e8ne<\/td>\n<td style=\"width: 214px\"><\/td>\n<td style=\"width: 229px\"><\/td>\n<\/tr>\n<tr>\n<td style=\"width: 187px\"><\/td>\n<td style=\"width: 223px\">TRIBOUT Camille<\/td>\n<td style=\"width: 214px\"><\/td>\n<td style=\"width: 229px\"><\/td>\n<\/tr>\n<tr>\n<td style=\"width: 187px\"><\/td>\n<td style=\"width: 223px\">VIZIER Romane<\/td>\n<td style=\"width: 214px\"><\/td>\n<td style=\"width: 229px\"><\/td>\n<\/tr>\n<\/tbody>\n<\/table>\n<p>&nbsp;<\/p>\n<p><strong>2017-2018<\/strong><\/p>\n<table style=\"width: 880px\">\n<tbody>\n<tr>\n<td style=\"width: 192.533px\"><\/td>\n<td style=\"width: 212.467px\">\u00c9tudiant<\/td>\n<td style=\"width: 214px\">Stage<\/td>\n<td style=\"width: 228px\">Lieu du Stage<\/td>\n<\/tr>\n<tr>\n<td style=\"width: 192.533px\"><img loading=\"lazy\" decoding=\"async\" class=\"alignnone size-medium wp-image-161\" src=\"http:\/\/blog.ube.fr\/master-mmhd\/wp-content\/uploads\/sites\/75\/2018\/11\/renaud_andrieux-290x220.jpg\" alt=\"\" width=\"290\" height=\"220\" \/><\/td>\n<td style=\"width: 212.467px\">ANDRIEUX\u00a0Renaud<\/p>\n<p>&nbsp;<\/td>\n<td style=\"width: 214px\">Synth\u00e8se de d\u00e9riv\u00e9s du calix[4]ar\u00e8ne pour la fonctionnalisation de surface<\/p>\n<p>&nbsp;<\/td>\n<td style=\"width: 228px\">Universit\u00e9 Libre de Bruxelles (Belgique)<\/td>\n<\/tr>\n<tr>\n<td style=\"width: 192.533px\">\u00a0<img loading=\"lazy\" decoding=\"async\" class=\"alignnone size-medium wp-image-160\" src=\"http:\/\/blog.ube.fr\/master-mmhd\/wp-content\/uploads\/sites\/75\/2018\/11\/clement_arcadias-290x220.png\" alt=\"\" width=\"290\" height=\"220\" \/><\/td>\n<td style=\"width: 212.467px\">ARCADIAS\u00a0Cl\u00e9ment<\/p>\n<p>&nbsp;<\/td>\n<td style=\"width: 214px\"><\/td>\n<td style=\"width: 228px\">Etudiant ERASMUS en double-dipl\u00f4me \u00e0 l&#8217;UCT Prague<\/td>\n<\/tr>\n<tr>\n<td style=\"width: 192.533px\"><img loading=\"lazy\" decoding=\"async\" class=\"alignnone size-medium wp-image-153\" src=\"http:\/\/blog.ube.fr\/master-mmhd\/wp-content\/uploads\/sites\/75\/2018\/11\/Thibaud_bailly-290x220.png\" alt=\"\" width=\"290\" height=\"220\" \/><\/td>\n<td style=\"width: 212.467px\">BAILLY Thibaud<\/p>\n<p>&nbsp;<\/td>\n<td style=\"width: 214px\"><\/td>\n<td style=\"width: 228px\">Etudiant ERASMUS en double-dipl\u00f4me \u00e0 l&#8217;UCT Prague<\/td>\n<\/tr>\n<tr>\n<td style=\"width: 192.533px\"><img loading=\"lazy\" decoding=\"async\" class=\"alignnone size-medium wp-image-151\" src=\"http:\/\/blog.ube.fr\/master-mmhd\/wp-content\/uploads\/sites\/75\/2018\/11\/Beauvois-178x220.png\" alt=\"\" width=\"178\" height=\"220\" \/><\/td>\n<td style=\"width: 212.467px\">BEAUVOIS\u00a0Maxime<\/p>\n<p>&nbsp;<\/td>\n<td style=\"width: 214px\">Etude de la r\u00e9activit\u00e9 de 2-diazo-1,3-diones avec des carb\u00e8nes N-h\u00e9t\u00e9rocycliques<\/p>\n<p>&nbsp;<\/td>\n<td style=\"width: 228px\">Universit\u00e9 de Li\u00e8ge (Belgique)<\/p>\n<p>&nbsp;<\/td>\n<\/tr>\n<tr>\n<td style=\"width: 192.533px\">\u00a0<img loading=\"lazy\" decoding=\"async\" class=\"alignnone size-medium wp-image-159\" src=\"http:\/\/blog.ube.fr\/master-mmhd\/wp-content\/uploads\/sites\/75\/2018\/11\/gaspard_bichot-290x220.jpg\" alt=\"\" width=\"290\" height=\"220\" \/><\/td>\n<td style=\"width: 212.467px\">BICHOT\u00a0Gaspard<\/p>\n<p>&nbsp;<\/td>\n<td style=\"width: 214px\">Reaction of acceptor donnor system with allene : Boron catalized reaction of allenes<\/td>\n<td style=\"width: 228px\">Universit\u00e9 de Munster (Allemagne)<\/p>\n<p>&nbsp;<\/td>\n<\/tr>\n<tr>\n<td style=\"width: 192.533px\">\u00a0<img loading=\"lazy\" decoding=\"async\" class=\"alignright wp-image-158 size-medium\" src=\"http:\/\/blog.ube.fr\/master-mmhd\/wp-content\/uploads\/sites\/75\/2018\/11\/thibaut_charbonnier-e1546854233339-290x220.jpg\" alt=\"\" width=\"290\" height=\"220\" \/><\/td>\n<td style=\"width: 212.467px\">CHARBONNIER\u00a0Tibaut<\/p>\n<p>&nbsp;<\/td>\n<td style=\"width: 214px\">Preparation and characterisation of compounds for imaging of chemokine receptors by positron emission tomography (PET).<\/p>\n<p>&nbsp;<\/td>\n<td style=\"width: 228px\"><\/td>\n<\/tr>\n<tr>\n<td style=\"width: 192.533px\"><img loading=\"lazy\" decoding=\"async\" class=\"alignnone size-medium wp-image-157\" src=\"http:\/\/blog.ube.fr\/master-mmhd\/wp-content\/uploads\/sites\/75\/2018\/11\/florent_desroches-290x220.jpg\" alt=\"\" width=\"290\" height=\"220\" \/><\/td>\n<td style=\"width: 212.467px\">DESROCHES\u00a0Florent<\/p>\n<p>&nbsp;<\/td>\n<td style=\"width: 214px\">Etude des propri\u00e9t\u00e9s \u00ab h\u00f4te-invit\u00e9 \u00bb d\u2019un r\u00e9cepteur calix[6]ar\u00e9nique par spectroscopie RMN 1H<\/p>\n<p>&nbsp;<\/td>\n<td style=\"width: 228px\">Universit\u00e9 Libre de Bruxelles (Belgique)<\/p>\n<p>&nbsp;<\/td>\n<\/tr>\n<tr>\n<td style=\"width: 192.533px\">\u00a0<img loading=\"lazy\" decoding=\"async\" class=\"alignnone size-medium wp-image-156\" src=\"http:\/\/blog.ube.fr\/master-mmhd\/wp-content\/uploads\/sites\/75\/2018\/11\/corentin_magnoux-290x220.jpg\" alt=\"\" width=\"290\" height=\"220\" \/><\/td>\n<td style=\"width: 212.467px\">MAGNOUX\u00a0Corentin<\/p>\n<p>&nbsp;<\/td>\n<td style=\"width: 214px\">Synthesis of lanthanide (III)\u2010cyclopentadienyl complexes, for potential single\u2010molecular magnet applications<\/p>\n<p>&nbsp;<\/td>\n<td style=\"width: 228px\">University of Manchester (Royaume-Uni)<\/p>\n<p>&nbsp;<\/td>\n<\/tr>\n<tr>\n<td style=\"width: 192.533px\">\u00a0<img loading=\"lazy\" decoding=\"async\" class=\"alignnone size-medium wp-image-155\" src=\"http:\/\/blog.ube.fr\/master-mmhd\/wp-content\/uploads\/sites\/75\/2018\/11\/Pauline_mornat-290x220.png\" alt=\"\" width=\"290\" height=\"220\" srcset=\"https:\/\/blog.ube.fr\/master-t2mc\/wp-content\/uploads\/sites\/75\/2018\/11\/Pauline_mornat-290x220.png 290w, https:\/\/blog.ube.fr\/master-t2mc\/wp-content\/uploads\/sites\/75\/2018\/11\/Pauline_mornat-403x304.png 403w\" sizes=\"auto, (max-width: 290px) 100vw, 290px\" \/><\/td>\n<td style=\"width: 212.467px\">MORNAT\u00a0Pauline<\/p>\n<p>&nbsp;<\/td>\n<td style=\"width: 214px\"><\/td>\n<td style=\"width: 228px\">Etudiant ERASMUS en double-dipl\u00f4me \u00e0 l&#8217;UCT Prague<\/p>\n<p>&nbsp;<\/td>\n<\/tr>\n<tr>\n<td style=\"width: 192.533px\"><img loading=\"lazy\" decoding=\"async\" class=\"alignnone size-medium wp-image-154\" src=\"http:\/\/blog.ube.fr\/master-mmhd\/wp-content\/uploads\/sites\/75\/2018\/11\/valentin_vaillant-290x220.jpg\" alt=\"\" width=\"290\" height=\"220\" srcset=\"https:\/\/blog.ube.fr\/master-t2mc\/wp-content\/uploads\/sites\/75\/2018\/11\/valentin_vaillant-290x220.jpg 290w, https:\/\/blog.ube.fr\/master-t2mc\/wp-content\/uploads\/sites\/75\/2018\/11\/valentin_vaillant-563x429.jpg 563w\" sizes=\"auto, (max-width: 290px) 100vw, 290px\" \/><\/td>\n<td style=\"width: 212.467px\">VAILLANT-COINDARD\u00a0Valentin<\/p>\n<p>&nbsp;<\/td>\n<td style=\"width: 214px\">Synth\u00e8se et caract\u00e9risation d&#8217;agents ch\u00e9latants<\/p>\n<p>&nbsp;<\/td>\n<td style=\"width: 228px\">CHEMATECH (Qu\u00e9tigny)<\/p>\n<p>&nbsp;<\/td>\n<\/tr>\n<\/tbody>\n<\/table>\n<p>&nbsp;<\/p>\n<p>2016-2017<\/p>\n<p>&nbsp;<\/p>\n<p>2015-2016<\/p>\n<p>&nbsp;<\/p>\n<p>2014-2015<\/p>\n<p>2013-2014<\/p>\n<p>2012-2013<\/p>\n<p>2011-2012<\/p>\n<p>2010-2011<\/p>\n<p>2009-2010<\/p>\n<p>2008-2009<\/p>\n<p>2007-2008<\/p>\n<p>2006-2007<\/p>\n","protected":false},"excerpt":{"rendered":"<p>2019-2020 Master 1 (at UBFC Dijon) Student Research Project Location AROULE Olivier BESNARD Lo\u00efc BETTINGER Mathieu CHARENTON Tom DUPOUY Baptiste FERON Michel LOMBARDI Chloe MOUTAA Youmna NOEL Noemie PAGEARD L\u00e9a POSADA Henry SIRE Charline Master 1 (at UCT Prague) GRALL Laura MOINARD Morgane SULLIVAN Guy 2018-2019 Master 1 (at UBFC Dijon) Students \u00a0Research Project \u00a0Location<\/p>\n<p><a class=\"button\" href=\"https:\/\/blog.ube.fr\/master-t2mc\/students\/\" title=\"More\">  Voir plus \u2192<\/a><\/p>\n","protected":false},"author":407,"featured_media":0,"parent":0,"menu_order":0,"comment_status":"closed","ping_status":"closed","template":"","meta":{"_exactmetrics_skip_tracking":false,"_exactmetrics_sitenote_active":false,"_exactmetrics_sitenote_note":"","_exactmetrics_sitenote_category":0,"footnotes":""},"class_list":["post-112","page","type-page","status-publish","hentry"],"_links":{"self":[{"href":"https:\/\/blog.ube.fr\/master-t2mc\/wp-json\/wp\/v2\/pages\/112","targetHints":{"allow":["GET"]}}],"collection":[{"href":"https:\/\/blog.ube.fr\/master-t2mc\/wp-json\/wp\/v2\/pages"}],"about":[{"href":"https:\/\/blog.ube.fr\/master-t2mc\/wp-json\/wp\/v2\/types\/page"}],"author":[{"embeddable":true,"href":"https:\/\/blog.ube.fr\/master-t2mc\/wp-json\/wp\/v2\/users\/407"}],"replies":[{"embeddable":true,"href":"https:\/\/blog.ube.fr\/master-t2mc\/wp-json\/wp\/v2\/comments?post=112"}],"version-history":[{"count":13,"href":"https:\/\/blog.ube.fr\/master-t2mc\/wp-json\/wp\/v2\/pages\/112\/revisions"}],"predecessor-version":[{"id":205,"href":"https:\/\/blog.ube.fr\/master-t2mc\/wp-json\/wp\/v2\/pages\/112\/revisions\/205"}],"wp:attachment":[{"href":"https:\/\/blog.ube.fr\/master-t2mc\/wp-json\/wp\/v2\/media?parent=112"}],"curies":[{"name":"wp","href":"https:\/\/api.w.org\/{rel}","templated":true}]}}