{"id":104,"date":"2018-11-25T18:36:20","date_gmt":"2018-11-25T17:36:20","guid":{"rendered":"http:\/\/blog.u-bourgogne.fr\/master-mmhd\/?page_id=104"},"modified":"2019-04-08T18:25:37","modified_gmt":"2019-04-08T16:25:37","slug":"french-students-registration","status":"publish","type":"page","link":"https:\/\/blog.ube.fr\/master-t2mc\/french-students-registration\/","title":{"rendered":"French Students Registration"},"content":{"rendered":"<p>1- <span style=\"text-decoration: underline\">La Candidature<\/span><\/p>\n<p>Merci d\u2019envoyer, de pr\u00e9f\u00e9rence, le dossier de candidature <strong>par email<\/strong> (Les contacts sont indiqu\u00e9s sur la <a href=\"http:\/\/blog.ube.fr\/master-mmhd\/wp-content\/uploads\/sites\/75\/2019\/04\/fiche_candidature_2019-2020.pdf\">fiche_candidature_2019-2020<\/a>) ou sur le site <span style=\"text-decoration: underline\"><em>E-candidature<\/em><\/span> (bient\u00f4t disponible).<\/p>\n<p>Le dossier d&#8217;inscription devra \u00eatre constitu\u00e9 des \u00e9l\u00e9ments suivants :<\/p>\n<p>&#8211; de la fiche de candidature d\u00fbment remplie<br \/>\n&#8211; d\u2019une lettre de motivation<br \/>\n&#8211; d\u2019un Curriculum Vitae<br \/>\n&#8211; d\u2019une attestation de r\u00e9ussite du dernier dipl\u00f4me obtenu<br \/>\n&#8211; du ou des relev\u00e9(s) de notes de l&#8217;ann\u00e9e ant\u00e9rieure<\/p>\n<p>&nbsp;<\/p>\n<p>2- <span style=\"text-decoration: underline\">L&#8217;\u00e9ligibilit\u00e9 des inscriptions<\/span><\/p>\n<p><span style=\"text-decoration: underline\">Master 1<\/span><\/p>\n<p>La premi\u00e8re ann\u00e9e de la formation est ouverte de plein droit aux titulaires d\u2019une Licence mention Chimie ou mention Physique-chimie de l&#8217;Universit\u00e9 de Bourgogne.<\/p>\n<p>Cette formation est ouverte sur dossier pour les titulaires d\u2019un dipl\u00f4me \u00e9quivalent de l\u2019Universit\u00e9 de Bourgogne ou d\u2019une autre universit\u00e9 fran\u00e7aise ou \u00e9trang\u00e8re. L\u2019avis est donn\u00e9 par une commission de validation des acquis.<\/p>\n<p><span style=\"text-decoration: underline\">Master 2<\/span><\/p>\n<p>La seconde ann\u00e9e de la formation est ouverte de plein droit aux \u00e9tudiants ayant valid\u00e9 la premi\u00e8re ann\u00e9e du master MMHD de l\u2019Universit\u00e9 de Bourgogne.<\/p>\n<p>La sp\u00e9cialit\u00e9 M2 MMHD est ouverte sur dossier pour les \u00e9tudiants ayant valid\u00e9 une premi\u00e8re ann\u00e9e d\u2019un master de chimie ou d\u2019un dipl\u00f4me \u00e9quivalent, de l\u2019Universit\u00e9 de Bourgogne ou d\u2019une autre universit\u00e9 fran\u00e7aise ou \u00e9trang\u00e8re. L\u2019avis est donn\u00e9 apr\u00e8s examen du dossier de candidature par une commission de validation des acquis. Une formation initiale dans les domaines de la chimie g\u00e9n\u00e9rale, de la chimie organique et de la chimie analytique (spectroscopie, \u00e9lectrochimie) est conseill\u00e9e.<\/p>\n<p>Les candidats ayant un dipl\u00f4me d\u2019Ing\u00e9nieur pourront faire acte de candidature. Un r\u00e9gime sp\u00e9cial existe pour les \u00e9tudiants de troisi\u00e8me ann\u00e9e de l\u2019ESIREM.<\/p>\n<p><strong><span style=\"text-decoration: underline\">Les <\/span><span style=\"text-decoration: underline\">\u00e9tudiants ext\u00e9rieurs \u00e0 l\u2019Universit\u00e9 de Bourgogne<\/span> <\/strong>doivent \u00e9galement compl\u00e9ter et envoyer une \u00ab\u00a0fiche accueil arriv\u00e9e\u00a0\u00bb \u00e0 la scolarit\u00e9 de l\u2019UFR Sciences et Techniques\u00a0: <a href=\"http:\/\/www.u-bourgogne-formation.fr\/-Scolarite-Inscription-.html\">http:\/\/www.u-bourgogne-formation.fr\/-Scolarite-Inscription-.html<\/a><\/p>\n","protected":false},"excerpt":{"rendered":"<p>1- La Candidature Merci d\u2019envoyer, de pr\u00e9f\u00e9rence, le dossier de candidature par email (Les contacts sont indiqu\u00e9s sur la fiche_candidature_2019-2020) ou sur le site E-candidature (bient\u00f4t disponible). Le dossier d&#8217;inscription devra \u00eatre constitu\u00e9 des \u00e9l\u00e9ments suivants : &#8211; de la fiche de candidature d\u00fbment remplie &#8211; d\u2019une lettre de motivation &#8211; d\u2019un Curriculum Vitae &#8211;<\/p>\n<p><a class=\"button\" href=\"https:\/\/blog.ube.fr\/master-t2mc\/french-students-registration\/\" title=\"More\">  Voir plus \u2192<\/a><\/p>\n","protected":false},"author":407,"featured_media":0,"parent":0,"menu_order":0,"comment_status":"closed","ping_status":"closed","template":"","meta":{"_exactmetrics_skip_tracking":false,"_exactmetrics_sitenote_active":false,"_exactmetrics_sitenote_note":"","_exactmetrics_sitenote_category":0,"footnotes":""},"class_list":["post-104","page","type-page","status-publish","hentry"],"_links":{"self":[{"href":"https:\/\/blog.ube.fr\/master-t2mc\/wp-json\/wp\/v2\/pages\/104","targetHints":{"allow":["GET"]}}],"collection":[{"href":"https:\/\/blog.ube.fr\/master-t2mc\/wp-json\/wp\/v2\/pages"}],"about":[{"href":"https:\/\/blog.ube.fr\/master-t2mc\/wp-json\/wp\/v2\/types\/page"}],"author":[{"embeddable":true,"href":"https:\/\/blog.ube.fr\/master-t2mc\/wp-json\/wp\/v2\/users\/407"}],"replies":[{"embeddable":true,"href":"https:\/\/blog.ube.fr\/master-t2mc\/wp-json\/wp\/v2\/comments?post=104"}],"version-history":[{"count":6,"href":"https:\/\/blog.ube.fr\/master-t2mc\/wp-json\/wp\/v2\/pages\/104\/revisions"}],"predecessor-version":[{"id":191,"href":"https:\/\/blog.ube.fr\/master-t2mc\/wp-json\/wp\/v2\/pages\/104\/revisions\/191"}],"wp:attachment":[{"href":"https:\/\/blog.ube.fr\/master-t2mc\/wp-json\/wp\/v2\/media?parent=104"}],"curies":[{"name":"wp","href":"https:\/\/api.w.org\/{rel}","templated":true}]}}