{"id":254,"date":"2019-08-20T16:39:41","date_gmt":"2019-08-20T14:39:41","guid":{"rendered":"http:\/\/blog.u-bourgogne.fr\/master-seme\/?page_id=254"},"modified":"2024-08-23T19:11:29","modified_gmt":"2024-08-23T17:11:29","slug":"formation-continue","status":"publish","type":"page","link":"https:\/\/blog.ube.fr\/master-seme\/admission\/formation-continue\/","title":{"rendered":"Alternance &#038; Formation continue"},"content":{"rendered":"<p>Le Master SEME est \u00e9galement accessible au titre de l&#8217;alternance ou de la formation continue.<\/p>\n<p>Pour tout projet de candidature en alternance ou formation continue, <a href=\"https:\/\/blog.ube.fr\/master-seme\/contact\/nous-contacter\/\">contacter l&#8217;un des responsables de la formation<\/a>.<br \/>\nIl est tr\u00e8s utile, en parall\u00e8le, de contacter le <a href=\"https:\/\/sefca.u-bourgogne.fr\/alternance.html\" target=\"_blank\" rel=\"noopener\">Service commun de Formation Continue et par Alternance (SEFCA)<\/a> de l&#8217;universit\u00e9 de Bourgogne, qui vous accompagnera dans toutes vos d\u00e9marches administratives.<\/p>\n<h3>Alternance (M2)<\/h3>\n<p>La deuxi\u00e8me ann\u00e9e du Master SEME est accessible \u00e0 l&#8217;alternance( en contrat de professionnalisation ou en apprentissage). L&#8217;objectif est de rapprocher les \u00e9tudiants du monde professionnel et ainsi favoriser leur insertion professionnelle. Pour ces \u00e9tudiants, la formation est organis\u00e9e sur une ann\u00e9e universitaire de mi-septembre \u00e0 mi-septembre de l\u2019ann\u00e9e suivante. Pour les alternants, l&#8217;enseignement acad\u00e9mique correspond \u00e0 415 heures de cours, auxquelles s\u2019ajoutent un suivi p\u00e9dagogique effectu\u00e9 tout au long du cursus.<\/p>\n<h3>Formation continue (M1 et M2)<\/h3>\n<p>Vous souhaitez reprendre des \u00e9tudes pour compl\u00e9ter votre formation initiale, obtenir un dipl\u00f4me plus qualifiant ou m\u00eame r\u00e9-orienter votre projet professionnel ? Les responsables de la formation vous accompagnent dans l&#8217;\u00e9laboration de votre projet, v\u00e9rifient avec vous l&#8217;ad\u00e9quation de celui-ci avec les objectifs de la formation, \u00e9valuent les chances de succ\u00e8s&#8230;<\/p>\n","protected":false},"excerpt":{"rendered":"<p>Le Master SEME est \u00e9galement accessible au titre de l&#8217;alternance ou de la formation continue. Pour tout projet de candidature en alternance ou formation continue, contacter l&#8217;un des responsables de la formation. Il est tr\u00e8s utile, en parall\u00e8le, de contacter le Service commun de Formation Continue et par Alternance (SEFCA) de l&#8217;universit\u00e9 de Bourgogne, qui&hellip;<\/p>\n<p class=\"more-link-p\"><a class=\"btn btn-primary\" href=\"https:\/\/blog.ube.fr\/master-seme\/admission\/formation-continue\/\">Voir plus &rarr;<\/a><\/p>\n","protected":false},"author":386,"featured_media":0,"parent":89,"menu_order":2,"comment_status":"closed","ping_status":"closed","template":"","meta":{"_exactmetrics_skip_tracking":false,"_exactmetrics_sitenote_active":false,"_exactmetrics_sitenote_note":"","_exactmetrics_sitenote_category":0,"footnotes":""},"class_list":["post-254","page","type-page","status-publish","hentry"],"_links":{"self":[{"href":"https:\/\/blog.ube.fr\/master-seme\/wp-json\/wp\/v2\/pages\/254","targetHints":{"allow":["GET"]}}],"collection":[{"href":"https:\/\/blog.ube.fr\/master-seme\/wp-json\/wp\/v2\/pages"}],"about":[{"href":"https:\/\/blog.ube.fr\/master-seme\/wp-json\/wp\/v2\/types\/page"}],"author":[{"embeddable":true,"href":"https:\/\/blog.ube.fr\/master-seme\/wp-json\/wp\/v2\/users\/386"}],"replies":[{"embeddable":true,"href":"https:\/\/blog.ube.fr\/master-seme\/wp-json\/wp\/v2\/comments?post=254"}],"version-history":[{"count":10,"href":"https:\/\/blog.ube.fr\/master-seme\/wp-json\/wp\/v2\/pages\/254\/revisions"}],"predecessor-version":[{"id":745,"href":"https:\/\/blog.ube.fr\/master-seme\/wp-json\/wp\/v2\/pages\/254\/revisions\/745"}],"up":[{"embeddable":true,"href":"https:\/\/blog.ube.fr\/master-seme\/wp-json\/wp\/v2\/pages\/89"}],"wp:attachment":[{"href":"https:\/\/blog.ube.fr\/master-seme\/wp-json\/wp\/v2\/media?parent=254"}],"curies":[{"name":"wp","href":"https:\/\/api.w.org\/{rel}","templated":true}]}}