{"id":581,"date":"2017-11-06T18:15:12","date_gmt":"2017-11-06T17:15:12","guid":{"rendered":"http:\/\/blog.u-bourgogne.fr\/master-nutrition-sante\/?page_id=581"},"modified":"2017-12-07T15:38:28","modified_gmt":"2017-12-07T14:38:28","slug":"journee-des-masters","status":"publish","type":"page","link":"https:\/\/blog.ube.fr\/master-nutrition-sante\/journee-des-masters\/","title":{"rendered":"Journ\u00e9e des Masters"},"content":{"rendered":"<h2 style=\"text-align: left\">Le Master Nutrition sant\u00e9 organise la Journ\u00e9e des Masters<\/h2>\n<p>Suite \u00e0 la r\u00e9forme du 19 d\u00e9cembre 2016 (d\u00e9sormais, la s\u00e9lection en Master se fait \u00e0 l\u2019issue de la troisi\u00e8me ann\u00e9e de Licence et non plus entre la premi\u00e8re et la seconde ann\u00e9e de Master) les \u00e9tudiants doivent r\u00e9fl\u00e9chir \u00e0 leur avenir le plus en amont possible. C\u2019est pourquoi, la Journ\u00e9e des Masters rev\u00eat une importance cruciale dans ce contexte.<\/p>\n<p style=\"text-align: center\">Construisons votre avenir ensemble\u00a0!<\/p>\n<p><a href=\"https:\/\/www.facebook.com\/M2.NutriSante\/\"><img loading=\"lazy\" decoding=\"async\" class=\"aligncenter wp-image-585 size-full\" src=\"http:\/\/blog.ube.fr\/master-nutrition-sante\/wp-content\/uploads\/sites\/70\/2017\/11\/22904661_1441281269324193_5982950609385306808_o.png\" alt=\"Programme de la journ\u00e9e des masters - 16 novembre 2017\" width=\"1533\" height=\"1075\" srcset=\"https:\/\/blog.ube.fr\/master-nutrition-sante\/wp-content\/uploads\/sites\/70\/2017\/11\/22904661_1441281269324193_5982950609385306808_o.png 1533w, https:\/\/blog.ube.fr\/master-nutrition-sante\/wp-content\/uploads\/sites\/70\/2017\/11\/22904661_1441281269324193_5982950609385306808_o-300x210.png 300w, https:\/\/blog.ube.fr\/master-nutrition-sante\/wp-content\/uploads\/sites\/70\/2017\/11\/22904661_1441281269324193_5982950609385306808_o-768x539.png 768w, https:\/\/blog.ube.fr\/master-nutrition-sante\/wp-content\/uploads\/sites\/70\/2017\/11\/22904661_1441281269324193_5982950609385306808_o-1024x718.png 1024w\" sizes=\"auto, (max-width: 1533px) 100vw, 1533px\" \/><\/a><\/p>\n<p style=\"text-align: center\">\n","protected":false},"excerpt":{"rendered":"<p>Le Master Nutrition sant\u00e9 organise la Journ\u00e9e des Masters Suite \u00e0 la r\u00e9forme du 19 d\u00e9cembre 2016 (d\u00e9sormais, la s\u00e9lection en Master se fait \u00e0 l\u2019issue de la troisi\u00e8me ann\u00e9e de Licence et non plus entre la premi\u00e8re et la seconde ann\u00e9e de Master) les \u00e9tudiants doivent r\u00e9fl\u00e9chir \u00e0 leur avenir le plus en amont&hellip;<\/p>\n<p class=\"more-link-p\"><a class=\"btn btn-primary\" href=\"https:\/\/blog.ube.fr\/master-nutrition-sante\/journee-des-masters\/\">Voir plus &rarr;<\/a><\/p>\n","protected":false},"author":351,"featured_media":0,"parent":0,"menu_order":0,"comment_status":"closed","ping_status":"closed","template":"","meta":{"_exactmetrics_skip_tracking":false,"_exactmetrics_sitenote_active":false,"_exactmetrics_sitenote_note":"","_exactmetrics_sitenote_category":0,"footnotes":""},"class_list":["post-581","page","type-page","status-publish","hentry"],"_links":{"self":[{"href":"https:\/\/blog.ube.fr\/master-nutrition-sante\/wp-json\/wp\/v2\/pages\/581","targetHints":{"allow":["GET"]}}],"collection":[{"href":"https:\/\/blog.ube.fr\/master-nutrition-sante\/wp-json\/wp\/v2\/pages"}],"about":[{"href":"https:\/\/blog.ube.fr\/master-nutrition-sante\/wp-json\/wp\/v2\/types\/page"}],"author":[{"embeddable":true,"href":"https:\/\/blog.ube.fr\/master-nutrition-sante\/wp-json\/wp\/v2\/users\/351"}],"replies":[{"embeddable":true,"href":"https:\/\/blog.ube.fr\/master-nutrition-sante\/wp-json\/wp\/v2\/comments?post=581"}],"version-history":[{"count":5,"href":"https:\/\/blog.ube.fr\/master-nutrition-sante\/wp-json\/wp\/v2\/pages\/581\/revisions"}],"predecessor-version":[{"id":696,"href":"https:\/\/blog.ube.fr\/master-nutrition-sante\/wp-json\/wp\/v2\/pages\/581\/revisions\/696"}],"wp:attachment":[{"href":"https:\/\/blog.ube.fr\/master-nutrition-sante\/wp-json\/wp\/v2\/media?parent=581"}],"curies":[{"name":"wp","href":"https:\/\/api.w.org\/{rel}","templated":true}]}}

Journée des Masters

<h2 style="text-align: left">Le Master Nutrition santé organise la Journée des Masters</h2>
<p>Suite à la réforme du 19 décembre 2016 (désormais, la sélection en Master se fait à l’issue de la troisième année de Licence et non plus entre la première et la seconde année de Master) les étudiants doivent réfléchir à leur avenir le plus en amont possible. C’est pourquoi, la Journée des Masters revêt une importance cruciale dans ce contexte.</p>
<p style="text-align: center">Construisons votre avenir ensemble !</p>
<p><a href="https://www.facebook.com/M2.NutriSante/"><img loading="lazy" decoding="async" class="aligncenter wp-image-585 size-full" src="http://blog.ube.fr/master-nutrition-sante/wp-content/uploads/sites/70/2017/11/22904661_1441281269324193_5982950609385306808_o.png" alt="Programme de la journée des masters - 16 novembre 2017" width="1533" height="1075" srcset="https://blog.ube.fr/master-nutrition-sante/wp-content/uploads/sites/70/2017/11/22904661_1441281269324193_5982950609385306808_o.png 1533w, https://blog.ube.fr/master-nutrition-sante/wp-content/uploads/sites/70/2017/11/22904661_1441281269324193_5982950609385306808_o-300x210.png 300w, https://blog.ube.fr/master-nutrition-sante/wp-content/uploads/sites/70/2017/11/22904661_1441281269324193_5982950609385306808_o-768x539.png 768w, https://blog.ube.fr/master-nutrition-sante/wp-content/uploads/sites/70/2017/11/22904661_1441281269324193_5982950609385306808_o-1024x718.png 1024w" sizes="auto, (max-width: 1533px) 100vw, 1533px" /></a></p>
<p style="text-align: center">

<p>Le Master Nutrition santé organise la Journée des Masters Suite à la réforme du 19 décembre 2016 (désormais, la sélection en Master se fait à l’issue de la troisième année de Licence et non plus entre la première et la seconde année de Master) les étudiants doivent réfléchir à leur avenir le plus en amont&hellip;</p>
<p class="more-link-p"><a class="btn btn-primary" href="https://blog.ube.fr/master-nutrition-sante/journee-des-masters/">Voir plus &rarr;</a></p>
