{"id":49,"date":"2017-02-02T13:25:11","date_gmt":"2017-02-02T12:25:11","guid":{"rendered":"http:\/\/blog.u-bourgogne.fr\/master-nutrition-sante\/?page_id=49"},"modified":"2025-09-08T13:02:08","modified_gmt":"2025-09-08T11:02:08","slug":"alternance","status":"publish","type":"page","link":"https:\/\/blog.ube.fr\/master-nutrition-sante\/alternance\/","title":{"rendered":"Alternance"},"content":{"rendered":"<h2>Alternance : enfin salari\u00e9 !<\/h2>\n<p>Depuis 2011, il est possible de r\u00e9aliser le M2 NS en alternance sous forme de <strong>Contrat de professionnalisation<\/strong>.<\/p>\n<p>Depuis la rentr\u00e9e 2021 \u2013 2022 le M2 NS reste ouvert au Contrat de Professionnalisation mais il est \u00e9galement ouvert en alternance par <strong>Contrat d\u2019Apprentissage<\/strong> (droit priv\u00e9\/public, professions lib\u00e9rales, associations).<\/p>\n<p>Pour plus d\u2019informations : <a href=\"https:\/\/www.enseignementsup-recherche.gouv.fr\/cid20247\/www.enseignementsup-recherche.gouv.fr\/cid20247\/www.enseignementsup-recherche.gouv.fr\/cid20247\/l-alternance-dans-le-superieur.html\" target=\"_blank\" rel=\"noopener\">ALTERNANCE DANS LE SUPERIEUR<\/a>\u00a0<img loading=\"lazy\" decoding=\"async\" class=\"alignnone\" title=\"alternance\" src=\"http:\/\/blog.ube.fr\/master-nutrition-sante\/wp-content\/uploads\/sites\/70\/2021\/07\/logo-apprentissage_imagelarge-001.jpg\" alt=\"alternance\" width=\"198\" height=\"90\" \/><br \/>\nLa r\u00e9alisation de ce Master en alternance permet de conjuguer l&#8217;acquisition de comp\u00e9tences professionnelles en entreprise et l&#8217;acquisition de connaissances sp\u00e9cifiques en alimentation et nutrition en relation avec la sant\u00e9.<\/p>\n<p><strong>Voici notre calendrier d&#8217;alternance pour cette ann\u00e9e<\/strong> : <a href=\"http:\/\/blog.ube.fr\/master-nutrition-sante\/wp-content\/uploads\/sites\/70\/2025\/09\/APO-10MNM2-APP-524-2025-F029D-Calendrier-de-formation-previsionnel.pdf\" target=\"_blank\" rel=\"noopener\">Calendrier de formation 2025-2026<\/a><\/p>\n<h2><img loading=\"lazy\" decoding=\"async\" class=\"\" src=\"http:\/\/blog.ube.fr\/master-nutrition-sante\/wp-content\/uploads\/sites\/70\/2024\/01\/Image-Alternants.png\" alt=\"\" width=\"799\" height=\"560\" \/><\/h2>\n<p><a href=\"http:\/\/blog.ube.fr\/master-nutrition-sante\/wp-content\/uploads\/sites\/70\/2021\/07\/Alternances-scaled.jpg\"><img loading=\"lazy\" decoding=\"async\" class=\"alignnone\" src=\"http:\/\/blog.ube.fr\/master-nutrition-sante\/wp-content\/uploads\/sites\/70\/2021\/07\/Alternances-scaled.jpg\" alt=\"\" width=\"583\" height=\"328\" \/><\/a><\/p>\n<h2>Vous \u00eates concern\u00e9(e) si :<\/h2>\n<p>Vous avez moins de 26 ans et souhaitez compl\u00e9ter votre formation initiale,<br \/>\nVous \u00eates demandeur d\u2019emploi de 26 ans et plus, inscrit \u00e0 P\u00f4le Emploi,<br \/>\nVous \u00eates b\u00e9n\u00e9ficiaire du RSA, de l\u2019AAH, de l\u2019ASS, d\u2019un CUI ou du RMI,<br \/>\nVous serez inscrit \u00e0 P\u00f4le Emploi apr\u00e8s une mission d\u2019int\u00e9rimaire ou \u00e0 la fin de votre CDD.<\/p>\n<p>Le Service Commun de Formations Continue et par Alternance (<a href=\"http:\/\/sefca.u-bourgogne.fr\/\" target=\"_blank\" rel=\"noopener noreferrer\">SEFCA<\/a>) g\u00e8re les contrats d&#8217;alternance avec l&#8217;entreprise au sein de l&#8217;Universit\u00e9 de Bourgogne.<\/p>\n<h2>Avantages pour le salari\u00e9 :<\/h2>\n<ul style=\"list-style-type: disc;\">\n<li>Formation qualifiante recherch\u00e9e sur le march\u00e9 de l&#8217;emploi<\/li>\n<li>Salaire et cotisation (ch\u00f4mage, retraite&#8230;)<\/li>\n<li>Accompagnement par un salari\u00e9 qualifi\u00e9 de l&#8217;entreprise et un tuteur universitaire durant votre contrat<\/li>\n<li>Optimisation des chances de trouver un emploi \u00e0 l&#8217;issu de la formation<\/li>\n<li>Les frais de formation sont pris en charge par l&#8217;entreprise (\u00e0 l&#8217;exception des droits d&#8217;inscription universitaire)<\/li>\n<\/ul>\n","protected":false},"excerpt":{"rendered":"<p>Alternance : enfin salari\u00e9 ! Depuis 2011, il est possible de r\u00e9aliser le M2 NS en alternance sous forme de Contrat de professionnalisation. Depuis la rentr\u00e9e 2021 \u2013 2022 le M2 NS reste ouvert au Contrat de Professionnalisation mais il est \u00e9galement ouvert en alternance par Contrat d\u2019Apprentissage (droit priv\u00e9\/public, professions lib\u00e9rales, associations). Pour plus&hellip;<\/p>\n<p class=\"more-link-p\"><a class=\"btn btn-primary\" href=\"https:\/\/blog.ube.fr\/master-nutrition-sante\/alternance\/\">Voir plus &rarr;<\/a><\/p>\n","protected":false},"author":305,"featured_media":2555,"parent":0,"menu_order":0,"comment_status":"closed","ping_status":"closed","template":"","meta":{"_exactmetrics_skip_tracking":false,"_exactmetrics_sitenote_active":false,"_exactmetrics_sitenote_note":"","_exactmetrics_sitenote_category":0,"footnotes":""},"class_list":["post-49","page","type-page","status-publish","has-post-thumbnail","hentry"],"_links":{"self":[{"href":"https:\/\/blog.ube.fr\/master-nutrition-sante\/wp-json\/wp\/v2\/pages\/49","targetHints":{"allow":["GET"]}}],"collection":[{"href":"https:\/\/blog.ube.fr\/master-nutrition-sante\/wp-json\/wp\/v2\/pages"}],"about":[{"href":"https:\/\/blog.ube.fr\/master-nutrition-sante\/wp-json\/wp\/v2\/types\/page"}],"author":[{"embeddable":true,"href":"https:\/\/blog.ube.fr\/master-nutrition-sante\/wp-json\/wp\/v2\/users\/305"}],"replies":[{"embeddable":true,"href":"https:\/\/blog.ube.fr\/master-nutrition-sante\/wp-json\/wp\/v2\/comments?post=49"}],"version-history":[{"count":45,"href":"https:\/\/blog.ube.fr\/master-nutrition-sante\/wp-json\/wp\/v2\/pages\/49\/revisions"}],"predecessor-version":[{"id":5030,"href":"https:\/\/blog.ube.fr\/master-nutrition-sante\/wp-json\/wp\/v2\/pages\/49\/revisions\/5030"}],"wp:featuredmedia":[{"embeddable":true,"href":"https:\/\/blog.ube.fr\/master-nutrition-sante\/wp-json\/wp\/v2\/media\/2555"}],"wp:attachment":[{"href":"https:\/\/blog.ube.fr\/master-nutrition-sante\/wp-json\/wp\/v2\/media?parent=49"}],"curies":[{"name":"wp","href":"https:\/\/api.w.org\/{rel}","templated":true}]}}

<h2>Alternance : enfin salarié !</h2>
<p>Depuis 2011, il est possible de réaliser le M2 NS en alternance sous forme de <strong>Contrat de professionnalisation</strong>.</p>
<p>Depuis la rentrée 2021 – 2022 le M2 NS reste ouvert au Contrat de Professionnalisation mais il est également ouvert en alternance par <strong>Contrat d’Apprentissage</strong> (droit privé/public, professions libérales, associations).</p>
<p>Pour plus d’informations : <a href="https://www.enseignementsup-recherche.gouv.fr/cid20247/www.enseignementsup-recherche.gouv.fr/cid20247/www.enseignementsup-recherche.gouv.fr/cid20247/l-alternance-dans-le-superieur.html" target="_blank" rel="noopener">ALTERNANCE DANS LE SUPERIEUR</a> <img loading="lazy" decoding="async" class="alignnone" title="alternance" src="http://blog.ube.fr/master-nutrition-sante/wp-content/uploads/sites/70/2021/07/logo-apprentissage_imagelarge-001.jpg" alt="alternance" width="198" height="90" /><br />
La réalisation de ce Master en alternance permet de conjuguer l&#8217;acquisition de compétences professionnelles en entreprise et l&#8217;acquisition de connaissances spécifiques en alimentation et nutrition en relation avec la santé.</p>
<p><strong>Voici notre calendrier d&#8217;alternance pour cette année</strong> : <a href="http://blog.ube.fr/master-nutrition-sante/wp-content/uploads/sites/70/2025/09/APO-10MNM2-APP-524-2025-F029D-Calendrier-de-formation-previsionnel.pdf" target="_blank" rel="noopener">Calendrier de formation 2025-2026</a></p>
<h2><img loading="lazy" decoding="async" class="" src="http://blog.ube.fr/master-nutrition-sante/wp-content/uploads/sites/70/2024/01/Image-Alternants.png" alt="" width="799" height="560" /></h2>
<p><a href="http://blog.ube.fr/master-nutrition-sante/wp-content/uploads/sites/70/2021/07/Alternances-scaled.jpg"><img loading="lazy" decoding="async" class="alignnone" src="http://blog.ube.fr/master-nutrition-sante/wp-content/uploads/sites/70/2021/07/Alternances-scaled.jpg" alt="" width="583" height="328" /></a></p>
<h2>Vous êtes concerné(e) si :</h2>
<p>Vous avez moins de 26 ans et souhaitez compléter votre formation initiale,<br />
Vous êtes demandeur d’emploi de 26 ans et plus, inscrit à Pôle Emploi,<br />
Vous êtes bénéficiaire du RSA, de l’AAH, de l’ASS, d’un CUI ou du RMI,<br />
Vous serez inscrit à Pôle Emploi après une mission d’intérimaire ou à la fin de votre CDD.</p>
<p>Le Service Commun de Formations Continue et par Alternance (<a href="http://sefca.u-bourgogne.fr/" target="_blank" rel="noopener noreferrer">SEFCA</a>) gère les contrats d&#8217;alternance avec l&#8217;entreprise au sein de l&#8217;Université de Bourgogne.</p>
<h2>Avantages pour le salarié :</h2>
<ul style="list-style-type: disc;">
<li>Formation qualifiante recherchée sur le marché de l&#8217;emploi</li>
<li>Salaire et cotisation (chômage, retraite&#8230;)</li>
<li>Accompagnement par un salarié qualifié de l&#8217;entreprise et un tuteur universitaire durant votre contrat</li>
<li>Optimisation des chances de trouver un emploi à l&#8217;issu de la formation</li>
<li>Les frais de formation sont pris en charge par l&#8217;entreprise (à l&#8217;exception des droits d&#8217;inscription universitaire)</li>
</ul>

<p>Alternance : enfin salarié ! Depuis 2011, il est possible de réaliser le M2 NS en alternance sous forme de Contrat de professionnalisation. Depuis la rentrée 2021 – 2022 le M2 NS reste ouvert au Contrat de Professionnalisation mais il est également ouvert en alternance par Contrat d’Apprentissage (droit privé/public, professions libérales, associations). Pour plus&hellip;</p>
<p class="more-link-p"><a class="btn btn-primary" href="https://blog.ube.fr/master-nutrition-sante/alternance/">Voir plus &rarr;</a></p>
