{"id":28,"date":"2017-01-31T14:57:04","date_gmt":"2017-01-31T13:57:04","guid":{"rendered":"http:\/\/blog.u-bourgogne.fr\/master-nutrition-sante\/?page_id=28"},"modified":"2026-04-08T08:54:56","modified_gmt":"2026-04-08T06:54:56","slug":"contact","status":"publish","type":"page","link":"https:\/\/blog.ube.fr\/master-nutrition-sante\/contact\/","title":{"rendered":"Contacts"},"content":{"rendered":"<h2>Responsable de la formation :<\/h2>\n<p><strong>J\u00e9r\u00f4me BELLENGER<\/strong><br \/>\nUFR Sciences de la Vie de la Terre et de l&#8217;Environnement<br \/>\nFacult\u00e9 des Sciences Gabriel<br \/>\n6, boulevard Gabriel &#8211; 21000 DIJON<br \/>\nRDC aile nord &#8211; Bureau R28<br \/>\nT\u00e9l : 03 80 39 38 57<br \/>\nE-mail<strong> : <a href=\"mailto:jerome.bellenger@u-bourgogne.fr\" target=\"_blank\" rel=\"noopener noreferrer\">jerome.bellenger@u-bourgogne.fr<\/a><\/strong><\/p>\n<h2>Secr\u00e9tariat p\u00e9dagogique et administratif :<\/h2>\n<p><strong>Jean-Marc BLANCHE<\/strong><br \/>\nUFR Sciences de la Vie de la Terre et de l&#8217;Environnement<br \/>\nFacult\u00e9 des Sciences Gabriel<br \/>\n6, boulevard Gabriel &#8211; 21000 DIJON<br \/>\nRDC aile nord &#8211; Bureau R11<br \/>\nT\u00e9l : 03 80 39 63 10<br \/>\nE-Mail<strong> : <a href=\"mailto:jean-marc.blanche@u-bourgogne.fr\" target=\"_blank\" rel=\"noopener noreferrer\">jean-marc.blanche@u-bourgogne.fr<\/a><\/strong><\/p>\n<h2>Scolarit\u00e9 :<\/h2>\n<p><strong>Sandrine TOUSSAINT<\/strong><br \/>\nUFR Sciences de la Vie de la Terre et de l&#8217;Environnement<br \/>\nFacult\u00e9 des Sciences Gabriel<br \/>\n6, boulevard Gabriel &#8211; 21000 DIJON<br \/>\nT\u00e9l : 03 80 39 37 34<br \/>\nE-mail<strong> : <a href=\"mailto:sandrine.toussaint@u-bourgogne.fr\" target=\"_blank\" rel=\"noopener noreferrer\">sandrine.toussaint@u-bourgogne.fr<\/a><\/strong><\/p>\n<h2>Alternance :<\/h2>\n<p><strong>M<sup>mes<\/sup> Yvelise JOSEPH et H\u00e9l\u00e8ne PRETET<\/strong><br \/>\nService commun de Formation Continue et par Alternance &#8211; SEFCA<br \/>\nMaison de l&#8217;universit\u00e9<br \/>\nEsplanade Erasme &#8211; BP 27877<br \/>\n21078 DIJON Cedex<br \/>\nE-mail<strong> : <a href=\"mailto:formation.continue-svte@u-bourgogne.fr\" target=\"_blank\" rel=\"noopener noreferrer\">formation.continue-svte@u-bourgogne.fr<\/a><\/strong><\/p>\n","protected":false},"excerpt":{"rendered":"<p>Responsable de la formation : J\u00e9r\u00f4me BELLENGER UFR Sciences de la Vie de la Terre et de l&#8217;Environnement Facult\u00e9 des Sciences Gabriel 6, boulevard Gabriel &#8211; 21000 DIJON RDC aile nord &#8211; Bureau R28 T\u00e9l : 03 80 39 38 57 E-mail : jerome.bellenger@u-bourgogne.fr Secr\u00e9tariat p\u00e9dagogique et administratif : Jean-Marc BLANCHE UFR Sciences de la&hellip;<\/p>\n<p class=\"more-link-p\"><a class=\"btn btn-primary\" href=\"https:\/\/blog.ube.fr\/master-nutrition-sante\/contact\/\">Voir plus &rarr;<\/a><\/p>\n","protected":false},"author":305,"featured_media":0,"parent":0,"menu_order":0,"comment_status":"closed","ping_status":"closed","template":"","meta":{"_exactmetrics_skip_tracking":false,"_exactmetrics_sitenote_active":false,"_exactmetrics_sitenote_note":"","_exactmetrics_sitenote_category":0,"footnotes":""},"class_list":["post-28","page","type-page","status-publish","hentry"],"_links":{"self":[{"href":"https:\/\/blog.ube.fr\/master-nutrition-sante\/wp-json\/wp\/v2\/pages\/28","targetHints":{"allow":["GET"]}}],"collection":[{"href":"https:\/\/blog.ube.fr\/master-nutrition-sante\/wp-json\/wp\/v2\/pages"}],"about":[{"href":"https:\/\/blog.ube.fr\/master-nutrition-sante\/wp-json\/wp\/v2\/types\/page"}],"author":[{"embeddable":true,"href":"https:\/\/blog.ube.fr\/master-nutrition-sante\/wp-json\/wp\/v2\/users\/305"}],"replies":[{"embeddable":true,"href":"https:\/\/blog.ube.fr\/master-nutrition-sante\/wp-json\/wp\/v2\/comments?post=28"}],"version-history":[{"count":44,"href":"https:\/\/blog.ube.fr\/master-nutrition-sante\/wp-json\/wp\/v2\/pages\/28\/revisions"}],"predecessor-version":[{"id":5480,"href":"https:\/\/blog.ube.fr\/master-nutrition-sante\/wp-json\/wp\/v2\/pages\/28\/revisions\/5480"}],"wp:attachment":[{"href":"https:\/\/blog.ube.fr\/master-nutrition-sante\/wp-json\/wp\/v2\/media?parent=28"}],"curies":[{"name":"wp","href":"https:\/\/api.w.org\/{rel}","templated":true}]}}

<h2>Responsable de la formation :</h2>
<p><strong>Jérôme BELLENGER</strong><br />
UFR Sciences de la Vie de la Terre et de l&#8217;Environnement<br />
Faculté des Sciences Gabriel<br />
6, boulevard Gabriel &#8211; 21000 DIJON<br />
RDC aile nord &#8211; Bureau R28<br />
Tél : 03 80 39 38 57<br />
E-mail<strong> : <a href="mailto:jerome.bellenger@u-bourgogne.fr" target="_blank" rel="noopener noreferrer">jerome.bellenger@u-bourgogne.fr</a></strong></p>
<h2>Secrétariat pédagogique et administratif :</h2>
<p><strong>Jean-Marc BLANCHE</strong><br />
UFR Sciences de la Vie de la Terre et de l&#8217;Environnement<br />
Faculté des Sciences Gabriel<br />
6, boulevard Gabriel &#8211; 21000 DIJON<br />
RDC aile nord &#8211; Bureau R11<br />
Tél : 03 80 39 63 10<br />
E-Mail<strong> : <a href="mailto:jean-marc.blanche@u-bourgogne.fr" target="_blank" rel="noopener noreferrer">jean-marc.blanche@u-bourgogne.fr</a></strong></p>
<h2>Scolarité :</h2>
<p><strong>Sandrine TOUSSAINT</strong><br />
UFR Sciences de la Vie de la Terre et de l&#8217;Environnement<br />
Faculté des Sciences Gabriel<br />
6, boulevard Gabriel &#8211; 21000 DIJON<br />
Tél : 03 80 39 37 34<br />
E-mail<strong> : <a href="mailto:sandrine.toussaint@u-bourgogne.fr" target="_blank" rel="noopener noreferrer">sandrine.toussaint@u-bourgogne.fr</a></strong></p>
<h2>Alternance :</h2>
<p><strong>M<sup>mes</sup> Yvelise JOSEPH et Hélène PRETET</strong><br />
Service commun de Formation Continue et par Alternance &#8211; SEFCA<br />
Maison de l&#8217;université<br />
Esplanade Erasme &#8211; BP 27877<br />
21078 DIJON Cedex<br />
E-mail<strong> : <a href="mailto:formation.continue-svte@u-bourgogne.fr" target="_blank" rel="noopener noreferrer">formation.continue-svte@u-bourgogne.fr</a></strong></p>

<p>Responsable de la formation : Jérôme BELLENGER UFR Sciences de la Vie de la Terre et de l&#8217;Environnement Faculté des Sciences Gabriel 6, boulevard Gabriel &#8211; 21000 DIJON RDC aile nord &#8211; Bureau R28 Tél : 03 80 39 38 57 E-mail : jerome.bellenger@u-bourgogne.fr Secrétariat pédagogique et administratif : Jean-Marc BLANCHE UFR Sciences de la&hellip;</p>
<p class="more-link-p"><a class="btn btn-primary" href="https://blog.ube.fr/master-nutrition-sante/contact/">Voir plus &rarr;</a></p>
