{"id":2238,"date":"2020-12-01T14:31:38","date_gmt":"2020-12-01T13:31:38","guid":{"rendered":"http:\/\/blog.u-bourgogne.fr\/master-nutrition-sante\/?page_id=2238"},"modified":"2025-09-16T09:13:08","modified_gmt":"2025-09-16T07:13:08","slug":"projet-2017","status":"publish","type":"page","link":"https:\/\/blog.ube.fr\/master-nutrition-sante\/projet-2017\/","title":{"rendered":"Projet 2017"},"content":{"rendered":"<h1>Nos projets de terrain<\/h1>\n<p>Lorsque nous ne sommes pas en alternance, diff\u00e9rents projets de terrain nous sont propos\u00e9s.<\/p>\n<h2>Communication :<\/h2>\n<p>Cette ann\u00e9e, Valentin, Ousrat, Antony et Baptiste ont en charge le projet &#8220;Communication du Master&#8221;. L&#8217;objectif de ce projet est de faire la promotion du Master au travers de 3 missions principales :<\/p>\n<ul style=\"list-style-type: disc;\">\n<li>Mise \u00e0 jour du site internet, de la page <a href=\"https:\/\/www.facebook.com\/M2.NutriSante\">Facebook<\/a><\/li>\n<li>Promotion du Master aupr\u00e8s des \u00e9tudiants lors de la &#8220;Journ\u00e9e des Masters de l&#8217;UFR SVTE&#8221; et des &#8220;Journ\u00e9es Portes Ouvertes&#8221;<\/li>\n<li>Demande de la taxe d&#8217;apprentissage aupr\u00e8s des entreprises<\/li>\n<\/ul>\n<h2>Colloque :<\/h2>\n<p>Chaque ann\u00e9e, les \u00e9tudiante du master organisent un colloque se d\u00e9roulant \u00e0 la mi-septembre de l&#8217;ann\u00e9e suivante. Cette ann\u00e9e Manon, Claire, A\u00efssata, et Floriane ont en charge l&#8217;organisation de l&#8217;\u00e9dition 2019, la 11i\u00e8me. Retrouvez le programme, ainsi que toutes les informations concernant le colloque sur <a href=\"https:\/\/www.facebook.com\/ColloqueNutritionSante\/\" target=\"_blank\" rel=\"noopener noreferrer\">la page Facebook.<\/a><\/p>\n<h2>Pr\u00e9vention et \u00e9ducation :<\/h2>\n<p><span style=\"font-size: 16px;\">Ce projet permet aux \u00e9tudiants d&#8217;avoir \u00e0 mener des actions d&#8217;\u00e9ducation et de pr\u00e9vention nutritionnelle aupr\u00e8s de diff\u00e9rents publics.<\/span><\/p>\n<p>Cette ann\u00e9e, une action a \u00e9t\u00e9 men\u00e9e sur le th\u00e8me :<\/p>\n<ul style=\"list-style-type: disc;\">\n<li style=\"text-align: left;\"><span class=\"_5yl5\">Le Projet <a href=\"http:\/\/blog.ube.fr\/master-nutrition-sante\/wp-content\/uploads\/sites\/70\/2017\/04\/Livret-femmes-enceintes.pdf\" target=\"_blank\" rel=\"noopener\">&#8220;Nutrition des femmes enceintes&#8221;<\/a>\u00a0: Marine, Aude, Amandine , \u00c9lodie et Jennifer\u00a0interviennent au sein de la maternit\u00e9 du CHU de Dijon, aupr\u00e8s des femmes enceintes. Elles ont mis en place trois ateliers portant sur les sucres cach\u00e9s, les bienfaits des lipides et une journ\u00e9e \u00e9quilibr\u00e9e. Ces ateliers ont pour objectif principal de sensibiliser les femmes enceintes \u00e0 une alimentation saine, afin d\u2019am\u00e9liorer leur sant\u00e9 ainsi que celle de leurs futurs b\u00e9b\u00e9s via l\u2019alimentation.<\/span><\/li>\n<\/ul>\n<h2>Les Entrepreneuriales :<\/h2>\n<p>Chaque ann\u00e9e, quelques \u00e9tudiants participent aux <a href=\"https:\/\/www.les-entrepreneuriales.fr\/region\/bourgogne\/\" target=\"_blank\" rel=\"noopener noreferrer\">entrepreneuriales<\/a>. C&#8217;est une tr\u00e8s belle exp\u00e9rience leur permettant de d\u00e9couvrir le monde de l&#8217;entreprise via la cr\u00e9ation, en \u00e9quipe, d&#8217;une entreprise avec l&#8217;aide de parrains et de coachs !!<\/p>\n","protected":false},"excerpt":{"rendered":"<p>Nos projets de terrain Lorsque nous ne sommes pas en alternance, diff\u00e9rents projets de terrain nous sont propos\u00e9s. Communication : Cette ann\u00e9e, Valentin, Ousrat, Antony et Baptiste ont en charge le projet &#8220;Communication du Master&#8221;. L&#8217;objectif de ce projet est de faire la promotion du Master au travers de 3 missions principales : Mise \u00e0&hellip;<\/p>\n<p class=\"more-link-p\"><a class=\"btn btn-primary\" href=\"https:\/\/blog.ube.fr\/master-nutrition-sante\/projet-2017\/\">Voir plus &rarr;<\/a><\/p>\n","protected":false},"author":3205,"featured_media":0,"parent":0,"menu_order":0,"comment_status":"closed","ping_status":"closed","template":"","meta":{"_exactmetrics_skip_tracking":false,"_exactmetrics_sitenote_active":false,"_exactmetrics_sitenote_note":"","_exactmetrics_sitenote_category":0,"footnotes":""},"class_list":["post-2238","page","type-page","status-publish","hentry"],"_links":{"self":[{"href":"https:\/\/blog.ube.fr\/master-nutrition-sante\/wp-json\/wp\/v2\/pages\/2238","targetHints":{"allow":["GET"]}}],"collection":[{"href":"https:\/\/blog.ube.fr\/master-nutrition-sante\/wp-json\/wp\/v2\/pages"}],"about":[{"href":"https:\/\/blog.ube.fr\/master-nutrition-sante\/wp-json\/wp\/v2\/types\/page"}],"author":[{"embeddable":true,"href":"https:\/\/blog.ube.fr\/master-nutrition-sante\/wp-json\/wp\/v2\/users\/3205"}],"replies":[{"embeddable":true,"href":"https:\/\/blog.ube.fr\/master-nutrition-sante\/wp-json\/wp\/v2\/comments?post=2238"}],"version-history":[{"count":5,"href":"https:\/\/blog.ube.fr\/master-nutrition-sante\/wp-json\/wp\/v2\/pages\/2238\/revisions"}],"predecessor-version":[{"id":5102,"href":"https:\/\/blog.ube.fr\/master-nutrition-sante\/wp-json\/wp\/v2\/pages\/2238\/revisions\/5102"}],"wp:attachment":[{"href":"https:\/\/blog.ube.fr\/master-nutrition-sante\/wp-json\/wp\/v2\/media?parent=2238"}],"curies":[{"name":"wp","href":"https:\/\/api.w.org\/{rel}","templated":true}]}}

<h1>Nos projets de terrain</h1>
<p>Lorsque nous ne sommes pas en alternance, différents projets de terrain nous sont proposés.</p>
<h2>Communication :</h2>
<p>Cette année, Valentin, Ousrat, Antony et Baptiste ont en charge le projet &#8220;Communication du Master&#8221;. L&#8217;objectif de ce projet est de faire la promotion du Master au travers de 3 missions principales :</p>
<ul style="list-style-type: disc;">
<li>Mise à jour du site internet, de la page <a href="https://www.facebook.com/M2.NutriSante">Facebook</a></li>
<li>Promotion du Master auprès des étudiants lors de la &#8220;Journée des Masters de l&#8217;UFR SVTE&#8221; et des &#8220;Journées Portes Ouvertes&#8221;</li>
<li>Demande de la taxe d&#8217;apprentissage auprès des entreprises</li>
</ul>
<h2>Colloque :</h2>
<p>Chaque année, les étudiante du master organisent un colloque se déroulant à la mi-septembre de l&#8217;année suivante. Cette année Manon, Claire, Aïssata, et Floriane ont en charge l&#8217;organisation de l&#8217;édition 2019, la 11ième. Retrouvez le programme, ainsi que toutes les informations concernant le colloque sur <a href="https://www.facebook.com/ColloqueNutritionSante/" target="_blank" rel="noopener noreferrer">la page Facebook.</a></p>
<h2>Prévention et éducation :</h2>
<p><span style="font-size: 16px;">Ce projet permet aux étudiants d&#8217;avoir à mener des actions d&#8217;éducation et de prévention nutritionnelle auprès de différents publics.</span></p>
<p>Cette année, une action a été menée sur le thème :</p>
<ul style="list-style-type: disc;">
<li style="text-align: left;"><span class="_5yl5">Le Projet <a href="http://blog.ube.fr/master-nutrition-sante/wp-content/uploads/sites/70/2017/04/Livret-femmes-enceintes.pdf" target="_blank" rel="noopener">&#8220;Nutrition des femmes enceintes&#8221;</a> : Marine, Aude, Amandine , Élodie et Jennifer interviennent au sein de la maternité du CHU de Dijon, auprès des femmes enceintes. Elles ont mis en place trois ateliers portant sur les sucres cachés, les bienfaits des lipides et une journée équilibrée. Ces ateliers ont pour objectif principal de sensibiliser les femmes enceintes à une alimentation saine, afin d’améliorer leur santé ainsi que celle de leurs futurs bébés via l’alimentation.</span></li>
</ul>
<h2>Les Entrepreneuriales :</h2>
<p>Chaque année, quelques étudiants participent aux <a href="https://www.les-entrepreneuriales.fr/region/bourgogne/" target="_blank" rel="noopener noreferrer">entrepreneuriales</a>. C&#8217;est une très belle expérience leur permettant de découvrir le monde de l&#8217;entreprise via la création, en équipe, d&#8217;une entreprise avec l&#8217;aide de parrains et de coachs !!</p>

<p>Nos projets de terrain Lorsque nous ne sommes pas en alternance, différents projets de terrain nous sont proposés. Communication : Cette année, Valentin, Ousrat, Antony et Baptiste ont en charge le projet &#8220;Communication du Master&#8221;. L&#8217;objectif de ce projet est de faire la promotion du Master au travers de 3 missions principales : Mise à&hellip;</p>
<p class="more-link-p"><a class="btn btn-primary" href="https://blog.ube.fr/master-nutrition-sante/projet-2017/">Voir plus &rarr;</a></p>
