{"id":208,"date":"2017-03-31T12:20:31","date_gmt":"2017-03-31T10:20:31","guid":{"rendered":"http:\/\/blog.u-bourgogne.fr\/master-nutrition-sante\/?page_id=208"},"modified":"2026-04-08T11:07:31","modified_gmt":"2026-04-08T09:07:31","slug":"professionnels","status":"publish","type":"page","link":"https:\/\/blog.ube.fr\/master-nutrition-sante\/professionnels\/","title":{"rendered":"Professionnels"},"content":{"rendered":"<h1 style=\"text-align: center;\">Vous avez envie de participez et de nous soutenir ?<\/h1>\n<h1 style=\"text-align: center;\">Plusieurs possibilit\u00e9s s&#8217;offrent \u00e0 vous !<\/h1>\n<h2>Intervenez directement au sein du Master:<\/h2>\n<p>Votre exp\u00e9rience nous int\u00e9resse ! Des cours ou conf\u00e9rences peuvent vous \u00eatre confi\u00e9s, afin de pr\u00e9parer au mieux nos \u00e9tudiants au monde professionnel et \u00e0 votre domaine d&#8217;activit\u00e9 plus particuli\u00e8rement.<\/p>\n<h2>Travaillez en partenariat avec nos \u00e9tudiants:<\/h2>\n<p>Chaque ann\u00e9e, nos \u00e9tudiants doivent r\u00e9aliser un projet tuteur\u00e9 ou de terrain (par groupe des 3 \u00e0 4). Ce projet a pour but de placer nos \u00e9tudiants dans des situations concr\u00e8tes qu&#8217;ils seront susceptibles de rencontrer dans leurs parcours professionnels. Ainsi, en leur proposant un projet, vous pourrez \u00e0 la fois participer activement \u00e0 la formation de nos \u00e9tudiants tout en b\u00e9n\u00e9ficiant de leur travail. Ce partenariat est donc b\u00e9n\u00e9fique pour tous.<\/p>\n<h2>Pour toutes informations compl\u00e9mentaires, veuillez nous contacter :<\/h2>\n<p>J\u00e9r\u00f4me BELLENGER &#8211; Responsable de la formation<br \/>\nUFR SVTE<br \/>\n6, boulevard Gabriel<br \/>\n21000 DIJON<br \/>\nT\u00e9l: 03.80.39.38.57<br \/>\nE-mail : <a href=\"mailto:jerome.bellenger@u-bourgogne.fr\" target=\"_blank\" rel=\"noopener noreferrer\">jerome.bellenger@u-bourgogne.fr<\/a><\/p>\n","protected":false},"excerpt":{"rendered":"<p>Vous avez envie de participez et de nous soutenir ? Plusieurs possibilit\u00e9s s&#8217;offrent \u00e0 vous ! Intervenez directement au sein du Master: Votre exp\u00e9rience nous int\u00e9resse ! Des cours ou conf\u00e9rences peuvent vous \u00eatre confi\u00e9s, afin de pr\u00e9parer au mieux nos \u00e9tudiants au monde professionnel et \u00e0 votre domaine d&#8217;activit\u00e9 plus particuli\u00e8rement. Travaillez en partenariat&hellip;<\/p>\n<p class=\"more-link-p\"><a class=\"btn btn-primary\" href=\"https:\/\/blog.ube.fr\/master-nutrition-sante\/professionnels\/\">Voir plus &rarr;<\/a><\/p>\n","protected":false},"author":305,"featured_media":0,"parent":0,"menu_order":0,"comment_status":"closed","ping_status":"closed","template":"","meta":{"_exactmetrics_skip_tracking":false,"_exactmetrics_sitenote_active":false,"_exactmetrics_sitenote_note":"","_exactmetrics_sitenote_category":0,"footnotes":""},"class_list":["post-208","page","type-page","status-publish","hentry"],"_links":{"self":[{"href":"https:\/\/blog.ube.fr\/master-nutrition-sante\/wp-json\/wp\/v2\/pages\/208","targetHints":{"allow":["GET"]}}],"collection":[{"href":"https:\/\/blog.ube.fr\/master-nutrition-sante\/wp-json\/wp\/v2\/pages"}],"about":[{"href":"https:\/\/blog.ube.fr\/master-nutrition-sante\/wp-json\/wp\/v2\/types\/page"}],"author":[{"embeddable":true,"href":"https:\/\/blog.ube.fr\/master-nutrition-sante\/wp-json\/wp\/v2\/users\/305"}],"replies":[{"embeddable":true,"href":"https:\/\/blog.ube.fr\/master-nutrition-sante\/wp-json\/wp\/v2\/comments?post=208"}],"version-history":[{"count":14,"href":"https:\/\/blog.ube.fr\/master-nutrition-sante\/wp-json\/wp\/v2\/pages\/208\/revisions"}],"predecessor-version":[{"id":5486,"href":"https:\/\/blog.ube.fr\/master-nutrition-sante\/wp-json\/wp\/v2\/pages\/208\/revisions\/5486"}],"wp:attachment":[{"href":"https:\/\/blog.ube.fr\/master-nutrition-sante\/wp-json\/wp\/v2\/media?parent=208"}],"curies":[{"name":"wp","href":"https:\/\/api.w.org\/{rel}","templated":true}]}}