{"id":567,"date":"2018-02-05T16:10:30","date_gmt":"2018-02-05T15:10:30","guid":{"rendered":"http:\/\/blog.u-bourgogne.fr\/master-mib\/?page_id=567"},"modified":"2019-01-28T15:07:12","modified_gmt":"2019-01-28T14:07:12","slug":"projet-de-promotion-2017-2018","status":"publish","type":"page","link":"https:\/\/blog.ube.fr\/master-mib\/projet-de-promotion-2017-2018\/","title":{"rendered":"Projet de promotion 2017 &#8211; 2018"},"content":{"rendered":"<p>Le projet de promotion 2017 &#8211; 2018 s&#8217;articulait autour de la maladie de Lyme et de la cr\u00e9ation d&#8217;une nouvelle m\u00e9thode de diagnostic innovante.<\/p>\n<p>La soutenance a eu lieu le 22 janvier 2018 \u00e0 Dijon en pr\u00e9sence des \u00e9tudiants et de l&#8217;\u00e9quipe p\u00e9dagogique du Master\u00a0Biosciences Et Ing\u00e9nierie de la Sant\u00e9, sp\u00e9cialit\u00e9 G\u00e9nie Cellulaire\u00a0 de Nancy.<\/p>\n<p>Quelques photos de la soutenance<\/p>\n<div id=\"metaslider-id-158\" style=\"width: 100%;\" class=\"ml-slider-3-104-0 metaslider metaslider-flex metaslider-158 ml-slider has-dots-nav has-carousel-mode ms-theme-default\" role=\"region\" aria-label=\"Soutenance 2017 2018\" data-height=\"800\" data-width=\"1600\">\n    <div id=\"metaslider_container_158\">\n        <div id=\"metaslider_158\">\n            <ul class='slides'>\n                <li style=\"display: none; width: 100%;\" class=\"slide-575 ms-image \" aria-roledescription=\"slide\" data-date=\"2018-02-05 16:20:59\" data-filename=\"2018-01-22-amphi-soutenance-2-1600x800.jpg\" data-slide-type=\"image\"><img loading=\"lazy\" decoding=\"async\" src=\"https:\/\/blog.ube.fr\/master-mib\/wp-content\/uploads\/sites\/92\/2018\/02\/2018-01-22-amphi-soutenance-2-1600x800.jpg\" height=\"800\" width=\"1600\" alt=\"\" class=\"slider-158 slide-575 msDefaultImage\" \/><div class=\"caption-wrap\"><div class=\"caption\"><p class=\"more-link-p\"><a class=\"btn btn-primary\" href=\"\">Voir plus \u2192<\/a><\/p><\/div><\/div><\/li>\n                <li style=\"display: none; width: 100%;\" class=\"slide-576 ms-image \" aria-roledescription=\"slide\" data-date=\"2018-02-05 16:20:59\" data-filename=\"2018-01-22-amphi-soutenance-1-1600x800.jpg\" data-slide-type=\"image\"><img loading=\"lazy\" decoding=\"async\" src=\"https:\/\/blog.ube.fr\/master-mib\/wp-content\/uploads\/sites\/92\/2018\/02\/2018-01-22-amphi-soutenance-1-1600x800.jpg\" height=\"800\" width=\"1600\" alt=\"\" class=\"slider-158 slide-576 msDefaultImage\" \/><div class=\"caption-wrap\"><div class=\"caption\"><p class=\"more-link-p\"><a class=\"btn btn-primary\" href=\"\">Voir plus \u2192<\/a><\/p><\/div><\/div><\/li>\n                <li style=\"display: none; width: 100%;\" class=\"slide-577 ms-image \" aria-roledescription=\"slide\" data-date=\"2018-02-05 16:20:59\" data-filename=\"2018-01-22-soutenance-MIB-24-1600x800.jpg\" data-slide-type=\"image\"><img loading=\"lazy\" decoding=\"async\" src=\"https:\/\/blog.ube.fr\/master-mib\/wp-content\/uploads\/sites\/92\/2018\/02\/2018-01-22-soutenance-MIB-24-1600x800.jpg\" height=\"800\" width=\"1600\" alt=\"\" class=\"slider-158 slide-577 msDefaultImage\" \/><div class=\"caption-wrap\"><div class=\"caption\"><p class=\"more-link-p\"><a class=\"btn btn-primary\" href=\"\">Voir plus \u2192<\/a><\/p><\/div><\/div><\/li>\n                <li style=\"display: none; width: 100%;\" class=\"slide-578 ms-image \" aria-roledescription=\"slide\" data-date=\"2018-02-05 16:21:00\" data-filename=\"2018-01-22-soutenance-MIB-25-1600x800.jpg\" data-slide-type=\"image\"><img loading=\"lazy\" decoding=\"async\" src=\"https:\/\/blog.ube.fr\/master-mib\/wp-content\/uploads\/sites\/92\/2018\/02\/2018-01-22-soutenance-MIB-25-1600x800.jpg\" height=\"800\" width=\"1600\" alt=\"\" class=\"slider-158 slide-578 msDefaultImage\" \/><div class=\"caption-wrap\"><div class=\"caption\"><p class=\"more-link-p\"><a class=\"btn btn-primary\" href=\"\">Voir plus \u2192<\/a><\/p><\/div><\/div><\/li>\n                <li style=\"display: none; width: 100%;\" class=\"slide-589 ms-image \" aria-roledescription=\"slide\" data-date=\"2018-02-05 16:27:47\" data-filename=\"2018-01-22-soutenance-jurys-3-e1517844455140-1600x800.jpg\" data-slide-type=\"image\"><img loading=\"lazy\" decoding=\"async\" src=\"https:\/\/blog.ube.fr\/master-mib\/wp-content\/uploads\/sites\/92\/2018\/02\/2018-01-22-soutenance-jurys-3-e1517844455140-1600x800.jpg\" height=\"800\" width=\"1600\" alt=\"\" class=\"slider-158 slide-589 msDefaultImage\" \/><div class=\"caption-wrap\"><div class=\"caption\"><p class=\"more-link-p\"><a class=\"btn btn-primary\" href=\"\">Voir plus \u2192<\/a><\/p><\/div><\/div><\/li>\n                <li style=\"display: none; width: 100%;\" class=\"slide-590 ms-image \" aria-roledescription=\"slide\" data-date=\"2018-02-05 16:27:47\" data-filename=\"2018-01-22-soutenance-jurys-2-1600x800.jpg\" data-slide-type=\"image\"><img loading=\"lazy\" decoding=\"async\" src=\"https:\/\/blog.ube.fr\/master-mib\/wp-content\/uploads\/sites\/92\/2018\/02\/2018-01-22-soutenance-jurys-2-1600x800.jpg\" height=\"800\" width=\"1600\" alt=\"\" class=\"slider-158 slide-590 msDefaultImage\" \/><div class=\"caption-wrap\"><div class=\"caption\"><p class=\"more-link-p\"><a class=\"btn btn-primary\" href=\"\">Voir plus \u2192<\/a><\/p><\/div><\/div><\/li>\n                <li style=\"display: none; width: 100%;\" class=\"slide-591 ms-image \" aria-roledescription=\"slide\" data-date=\"2018-02-05 16:27:47\" data-filename=\"2018-01-22-soutenance-jurys-1-1600x800.jpg\" data-slide-type=\"image\"><img loading=\"lazy\" decoding=\"async\" src=\"https:\/\/blog.ube.fr\/master-mib\/wp-content\/uploads\/sites\/92\/2018\/02\/2018-01-22-soutenance-jurys-1-1600x800.jpg\" height=\"800\" width=\"1600\" alt=\"\" class=\"slider-158 slide-591 msDefaultImage\" \/><div class=\"caption-wrap\"><div class=\"caption\"><p class=\"more-link-p\"><a class=\"btn btn-primary\" href=\"\">Voir plus \u2192<\/a><\/p><\/div><\/div><\/li>\n                <li style=\"display: none; width: 100%;\" class=\"slide-592 ms-image \" aria-roledescription=\"slide\" data-date=\"2018-02-05 16:27:48\" data-filename=\"2018-01-22-amphi-soutenance-3-1600x800.jpg\" data-slide-type=\"image\"><img loading=\"lazy\" decoding=\"async\" src=\"https:\/\/blog.ube.fr\/master-mib\/wp-content\/uploads\/sites\/92\/2018\/02\/2018-01-22-amphi-soutenance-3-1600x800.jpg\" height=\"800\" width=\"1600\" alt=\"\" class=\"slider-158 slide-592 msDefaultImage\" \/><div class=\"caption-wrap\"><div class=\"caption\"><p class=\"more-link-p\"><a class=\"btn btn-primary\" href=\"\">Voir plus \u2192<\/a><\/p><\/div><\/div><\/li>\n                <li style=\"display: none; width: 100%;\" class=\"slide-593 ms-image \" aria-roledescription=\"slide\" data-date=\"2018-02-05 16:27:48\" data-filename=\"2018-01-22-soutenance-jurys-4-1600x800.jpg\" data-slide-type=\"image\"><img loading=\"lazy\" decoding=\"async\" src=\"https:\/\/blog.ube.fr\/master-mib\/wp-content\/uploads\/sites\/92\/2018\/02\/2018-01-22-soutenance-jurys-4-1600x800.jpg\" height=\"800\" width=\"1600\" alt=\"\" class=\"slider-158 slide-593 msDefaultImage\" \/><div class=\"caption-wrap\"><div class=\"caption\"><p class=\"more-link-p\"><a class=\"btn btn-primary\" href=\"\">Voir plus \u2192<\/a><\/p><\/div><\/div><\/li>\n                <li style=\"display: none; width: 100%;\" class=\"slide-594 ms-image \" aria-roledescription=\"slide\" data-date=\"2018-02-05 16:27:48\" data-filename=\"2018-01-22-soutenance-jurys-5-e1517844420617-1600x800.jpg\" data-slide-type=\"image\"><img loading=\"lazy\" decoding=\"async\" src=\"https:\/\/blog.ube.fr\/master-mib\/wp-content\/uploads\/sites\/92\/2018\/02\/2018-01-22-soutenance-jurys-5-e1517844420617-1600x800.jpg\" height=\"800\" width=\"1600\" alt=\"\" class=\"slider-158 slide-594 msDefaultImage\" \/><div class=\"caption-wrap\"><div class=\"caption\"><p class=\"more-link-p\"><a class=\"btn btn-primary\" href=\"\">Voir plus \u2192<\/a><\/p><\/div><\/div><\/li>\n            <\/ul>\n        <\/div>\n        \n    <\/div>\n<\/div>\n","protected":false},"excerpt":{"rendered":"<p>Le projet de promotion 2017 &#8211; 2018 s&#8217;articulait autour de la maladie de Lyme et de la cr\u00e9ation d&#8217;une nouvelle m\u00e9thode de diagnostic innovante. La soutenance a eu lieu le 22 janvier 2018 \u00e0 Dijon en pr\u00e9sence des \u00e9tudiants et de l&#8217;\u00e9quipe p\u00e9dagogique du Master\u00a0Biosciences Et Ing\u00e9nierie de la Sant\u00e9, sp\u00e9cialit\u00e9 G\u00e9nie Cellulaire\u00a0 de Nancy.&hellip;<\/p>\n<p class=\"more-link-p\"><a class=\"btn btn-primary\" href=\"https:\/\/blog.ube.fr\/master-mib\/projet-de-promotion-2017-2018\/\">Voir plus &rarr;<\/a><\/p>\n","protected":false},"author":350,"featured_media":0,"parent":0,"menu_order":0,"comment_status":"closed","ping_status":"closed","template":"","meta":{"_acf_changed":false,"_exactmetrics_skip_tracking":false,"_exactmetrics_sitenote_active":false,"_exactmetrics_sitenote_note":"","_exactmetrics_sitenote_category":0,"footnotes":""},"class_list":["post-567","page","type-page","status-publish","hentry"],"acf":[],"_links":{"self":[{"href":"https:\/\/blog.ube.fr\/master-mib\/wp-json\/wp\/v2\/pages\/567","targetHints":{"allow":["GET"]}}],"collection":[{"href":"https:\/\/blog.ube.fr\/master-mib\/wp-json\/wp\/v2\/pages"}],"about":[{"href":"https:\/\/blog.ube.fr\/master-mib\/wp-json\/wp\/v2\/types\/page"}],"author":[{"embeddable":true,"href":"https:\/\/blog.ube.fr\/master-mib\/wp-json\/wp\/v2\/users\/350"}],"replies":[{"embeddable":true,"href":"https:\/\/blog.ube.fr\/master-mib\/wp-json\/wp\/v2\/comments?post=567"}],"version-history":[{"count":4,"href":"https:\/\/blog.ube.fr\/master-mib\/wp-json\/wp\/v2\/pages\/567\/revisions"}],"predecessor-version":[{"id":582,"href":"https:\/\/blog.ube.fr\/master-mib\/wp-json\/wp\/v2\/pages\/567\/revisions\/582"}],"wp:attachment":[{"href":"https:\/\/blog.ube.fr\/master-mib\/wp-json\/wp\/v2\/media?parent=567"}],"curies":[{"name":"wp","href":"https:\/\/api.w.org\/{rel}","templated":true}]}}