{"id":535,"date":"2017-11-02T21:41:54","date_gmt":"2017-11-02T20:41:54","guid":{"rendered":"http:\/\/blog.u-bourgogne.fr\/master-mib\/?page_id=535"},"modified":"2024-06-03T21:20:04","modified_gmt":"2024-06-03T20:20:04","slug":"modalites-des-stages","status":"publish","type":"page","link":"https:\/\/blog.ube.fr\/master-mib\/formation\/modalites-des-stages\/","title":{"rendered":"Le stage"},"content":{"rendered":"<p style=\"text-align: justify;\">L&#8217;UE4 consiste en un stage en environnement professionnel et repr\u00e9sente une \u00e9tape fondamentale de la formation. Il a pour objectif d&#8217;\u00eatre en accord avec les projets professionnel et personnel qui ont \u00e9t\u00e9 formalis\u00e9s en premier semestre (UE2).<\/p>\n<p style=\"text-align: justify;\">Le stage se d\u00e9roule au second semestre de l&#8217;ann\u00e9e universitaire entre le premier f\u00e9vrier et le 30 septembre pour une dur\u00e9e minimale de 5 mois.<\/p>\n<p style=\"text-align: justify;\">En fonction du projet professionnel de l&#8217;\u00e9tudiant, le stage se r\u00e9alise soit en entreprise (recherche, d\u00e9veloppement, marketing,&#8230;) soit au sein de laboratoires de recherche publics.<\/p>\n<p style=\"text-align: justify;\">Il donne lieu \u00e0 la r\u00e9daction d&#8217;un compte-rendu interm\u00e9diaire et d&#8217;un rapport final, et\u00a0 \u00e0 une soutenance orale courant septembre.<\/p>\n<p style=\"text-align: justify;\">Un entretien entre le tuteur universitaire et le ma\u00eetre de stage est organis\u00e9 par l&#8217;\u00e9tudiant \u00e0 mi-parcours.<\/p>\n<p style=\"text-align: justify;\"><strong><span style=\"color: #000080;\">Exemples de lieu de stage:<\/span><\/strong><\/p>\n<ul>\n<li>\u00a0<em style=\"font-size: 16px; text-align: justify;\"><span style=\"color: #800080;\">Acad\u00e9miques fran\u00e7ais\u00a0<\/span><\/em><\/li>\n<\/ul>\n<p style=\"text-align: justify;\">CHU de Dijon, DRCI\/CHRU Brest, CHU de Grenoble, SATT Nord (Reims), Centre d&#8217;Investigation Clinique (Besan\u00e7on, Dijon), Centre George Fran\u00e7ois Leclerc (CGFL) \/ Centre de Recherche Clinique (Dijon),\u00a0INRA (Dijon, Toulouse\/Toxalim, Rennes) &#8211; UMR CSGA (Dijon),\u00a0Laboratoire de pharmacognosie (Dijon), CHU Nantes, IUVV (Dijon),\u00a0Centre de Culture Scientifique Technique et Industrielle de Grenoble, Unit\u00e9 mixte de recherche (UMR) INSERM 1093 CAPS (Cognition, Action et Plasticit\u00e9 Sensorimotrice), Agence R\u00e9gionale Auvergne-Rh\u00f4ne-Alpes (Lyon), Centre M\u00e9moire Ressources et Recherche (Dijon)<\/p>\n<ul style=\"text-align: justify;\">\n<li><em><span style=\"color: #800080;\">Acad\u00e9miques \u00e9trangers<\/span><\/em><\/li>\n<\/ul>\n<p style=\"text-align: justify;\">ADECAL Technopole (Noum\u00e9a)<\/p>\n<ul style=\"text-align: justify;\">\n<li><em><span style=\"color: #800080;\">Industriels fran\u00e7ais<\/span><\/em><\/li>\n<\/ul>\n<p style=\"text-align: justify;\">Crossject (Dijon), ICTA Project Management (Fontaine les Dijon), Biom\u00e9rieux (La Balme Les Grottes), Inventiva Pharma (Daix), Armor Prot\u00e9ines (Loud\u00e9ac), NVH Medicinal (Dijon), BASF BCS (Lyon), Fromagerie Bel (Vend\u00f4me),\u00a0IDEXX (Montpellier),\u00a0Proteogenix (Schiltigheim), Axenis (Paris), Pierre Fabre (Saint-Julien en Genevois), Cellectis (Paris), Sanofi Genzyme (Lyon), RD-Biotech (Besan\u00e7on), EA Pharma (Vallauris 06), Polyplus-transfection (Illkirch-Graffenstaden), Astra Zeneca (Rueil Malmaison), Universal Medica (Saint Cloud), Bioman\u00e9o (Dijon), Novolyze (Daix), Institut \u0152nologique de Champagne (Epernay), EDF, Sanofi Pasteur (Marcy l&#8217;Etoile, Lyon), GNT Group (Lyon), Laboratoire BIO-EC (Longjumeau), GMG Sant\u00e9 (Paris), Mauna Kea Technologies (Paris), Transg\u00e8ne (Illkirch-Graffenstaden)<\/p>\n<ul style=\"text-align: justify;\">\n<li><em><span style=\"color: #800080;\">Industriels \u00e9trangers<\/span><\/em><\/li>\n<\/ul>\n<p style=\"text-align: justify;\">Novartis (Suisse, Bale), UCB Pharma (Angleterre, Londres), Promethera Biosciences SA (Belgique, Mont Saint Guibert), Lallemand (Canada, filiales fran\u00e7aises)<\/p>\n<p><strong><span style=\"color: #000080;\">Bourses de stage<\/span><\/strong><\/p>\n<ul>\n<li><span style=\"color: #800080;\">les bourses AMOPA :<\/span><\/li>\n<\/ul>\n<p><a href=\"http:\/\/www.amopa.asso.fr\/bourses_nationales.htm\">http:\/\/www.amopa.asso.fr\/bourses_nationales.htm<\/a><\/p>\n<p>Pour toutes informations, vous pouvez contacter Norbert Latruffe, Professeur,\u00a0Responsable des bourses\u00a0AMOPA\u00a0pour l&#8217;universit\u00e9 de Bourgogne &#8211;\u00a0Laboratoire BioPeroxIL &#8211;\u00a0UFR SVTE, 6 bd Gabriel &#8211;\u00a021000 Dijon &#8211;\u00a0tel: 03 80 39 62 37 &#8211;\u00a0e.mail &#8220;<a href=\"mailto:latruffe@u-bourgogne.fr\">latruffe@u-bourgogne.fr<\/a><\/p>\n<ul>\n<li><span style=\"color: #800080;\">les bourses ERASMUS Stage<\/span><\/li>\n<\/ul>\n<p><a href=\"http:\/\/ub-link.u-bourgogne.fr\/ma-formation\/etudier-et-faire-un-stage-a-l-etranger\/aides-financieres.html#bourse-erasmus-stage\">http:\/\/ub-link.u-bourgogne.fr\/ma-formation\/etudier-et-faire-un-stage-a-l-etranger\/aides-financieres.html#bourse-erasmus-stage<\/a><\/p>\n<ul>\n<li><span style=\"color: #800080;\">la bourse de l&#8217;association Nutrition M\u00e9diterran\u00e9enne et Sant\u00e9 (NMS)<\/span><\/li>\n<\/ul>\n<p>Les bourses, d\u2019un montant de 500 \u20ac chacunes, sont destin\u00e9e \u00e0 contribuer \u00e0 couvrir les frais d\u2019un s\u00e9jour de recherche ou de pr\u00e9senter ses r\u00e9sultats \u00e0 un congr\u00e8s (poster ou<br \/>\ncommunication orale) en 2020 en France ou \u00e0 l\u2019\u00e9tranger. Le th\u00e8me couvert devra concerner <strong>la nutrition (notamment, mais pas seulement, m\u00e9diterran\u00e9enne) en relation avec la sant\u00e9 et le d\u00e9veloppement durable<\/strong>. Il inclut aussi le vin et ses composants et les ingr\u00e9dients d\u2019une cuisine saine et de qualit\u00e9. Les aspects relevant des sciences exactes, mais aussi des sciences humaines, \u00e9conomiques et sociales seront consid\u00e9r\u00e9s. Le dossier de candidature devra \u00eatre envoy\u00e9 <span style=\"text-decoration: underline;\">avant le 20 d\u00e9cembre 2019. <\/span>La notification des bourses aura lieu au printemps 2020.<br \/>\nLe dossier devra comprendre :<br \/>\n&#8211; Le CV (1 page)<br \/>\n&#8211; Pour un congr\u00e8s, une copie du r\u00e9sum\u00e9 (1 page) et l\u2019acceptation du comit\u00e9 d\u2019organisation-<br \/>\n&#8211; Pour un s\u00e9jour de recherche, le projet de recherche (1 page), les dates de s\u00e9jour, l\u2019adresse et l\u2019accord de l\u2019organisme d\u2019accueil.<br \/>\nLe dossier est \u00e0 envoyer en version \u00e9lectronique au Pr\u00e9sident de l\u2019Association NMS,<br \/>\nProfesseur Norbert Latruffe, Universit\u00e9 de Bourgogne, Laboratoire Bio-PeroxIL, 6, Bd Gabriel, F-21000 Dijon, France<br \/>\n&lt;norbert.latruffe@u-bourgogne.fr&gt;<\/p>\n<p>Site NMS : &lt;&lt;http:\/\/anms.e-monsite.com\/pages\/les-actions.html&gt;&gt;<\/p>\n","protected":false},"excerpt":{"rendered":"<p>L&#8217;UE4 consiste en un stage en environnement professionnel et repr\u00e9sente une \u00e9tape fondamentale de la formation. Il a pour objectif d&#8217;\u00eatre en accord avec les projets professionnel et personnel qui ont \u00e9t\u00e9 formalis\u00e9s en premier semestre (UE2). Le stage se d\u00e9roule au second semestre de l&#8217;ann\u00e9e universitaire entre le premier f\u00e9vrier et le 30 septembre&hellip;<\/p>\n<p class=\"more-link-p\"><a class=\"btn btn-primary\" href=\"https:\/\/blog.ube.fr\/master-mib\/formation\/modalites-des-stages\/\">Voir plus &rarr;<\/a><\/p>\n","protected":false},"author":350,"featured_media":0,"parent":520,"menu_order":3,"comment_status":"closed","ping_status":"closed","template":"","meta":{"_acf_changed":false,"_exactmetrics_skip_tracking":false,"_exactmetrics_sitenote_active":false,"_exactmetrics_sitenote_note":"","_exactmetrics_sitenote_category":0,"footnotes":""},"class_list":["post-535","page","type-page","status-publish","hentry"],"acf":[],"_links":{"self":[{"href":"https:\/\/blog.ube.fr\/master-mib\/wp-json\/wp\/v2\/pages\/535","targetHints":{"allow":["GET"]}}],"collection":[{"href":"https:\/\/blog.ube.fr\/master-mib\/wp-json\/wp\/v2\/pages"}],"about":[{"href":"https:\/\/blog.ube.fr\/master-mib\/wp-json\/wp\/v2\/types\/page"}],"author":[{"embeddable":true,"href":"https:\/\/blog.ube.fr\/master-mib\/wp-json\/wp\/v2\/users\/350"}],"replies":[{"embeddable":true,"href":"https:\/\/blog.ube.fr\/master-mib\/wp-json\/wp\/v2\/comments?post=535"}],"version-history":[{"count":21,"href":"https:\/\/blog.ube.fr\/master-mib\/wp-json\/wp\/v2\/pages\/535\/revisions"}],"predecessor-version":[{"id":1994,"href":"https:\/\/blog.ube.fr\/master-mib\/wp-json\/wp\/v2\/pages\/535\/revisions\/1994"}],"up":[{"embeddable":true,"href":"https:\/\/blog.ube.fr\/master-mib\/wp-json\/wp\/v2\/pages\/520"}],"wp:attachment":[{"href":"https:\/\/blog.ube.fr\/master-mib\/wp-json\/wp\/v2\/media?parent=535"}],"curies":[{"name":"wp","href":"https:\/\/api.w.org\/{rel}","templated":true}]}}