{"id":532,"date":"2017-11-02T21:38:57","date_gmt":"2017-11-02T20:38:57","guid":{"rendered":"http:\/\/blog.u-bourgogne.fr\/master-mib\/?page_id=532"},"modified":"2018-02-14T11:30:29","modified_gmt":"2018-02-14T10:30:29","slug":"les-enseignements","status":"publish","type":"page","link":"https:\/\/blog.ube.fr\/master-mib\/formation\/les-enseignements\/","title":{"rendered":"Les enseignements"},"content":{"rendered":"<p>Les cours et expos\u00e9s sont donn\u00e9s par des enseignants issus de l&#8217;Universit\u00e9 en collaboration directe avec les professionnels concern\u00e9s (agro-alimentaire, pharmacie, start-up des biotechnologies, r\u00e9seaux de distribution&#8230;). Les \u00e9tudiants sont sollicit\u00e9s pour participer de mani\u00e8re active \u00e0 la vie du groupe (un projet tuteur\u00e9 pour l&#8217;ensemble de la promotion, vie associative au sein de BioChallenge, invitation et accueil de conf\u00e9renciers, contacts avec les entreprises\u2026). Les notions de gestion par projet sont particuli\u00e8rement d\u00e9velopp\u00e9es. L&#8217;insertion en milieu professionnel s&#8217;effectue au cours d&#8217;un stage en entreprise ou en laboratoire d&#8217;une dur\u00e9e de 5 mois minimum.<\/p>\n<h3 style=\"text-align: justify\"><strong>D\u00e9roulement de la formation<\/strong><\/h3>\n<p>La formation est prise en charge par les enseignants universitaires sp\u00e9cialistes des diff\u00e9rents domaines abord\u00e9s avec la participation d&#8217;industriels d&#8217;horizons divers.<\/p>\n<p>Les enseignements se d\u00e9rouleront \u00e0 l&#8217;UFR des Sciences de la Vie, de la Terre et de l&#8217;Environnement de Dijon de d\u00e9but septembre jusqu&#8217;\u00e0 fin janvier et le stage en entreprise pourra d\u00e9but \u00e0 partir de f\u00e9vrier (maximum fin septembre).<\/p>\n<p>Validation : La note moyenne \u00e9gale ou sup\u00e9rieure \u00e0 10 permet l\u2019obtention du dipl\u00f4me.<\/p>\n<h3 style=\"text-align: justify\"><strong>Programme de la formation<\/strong><\/h3>\n<p>Quatre unit\u00e9s d\u2019enseignement (UE), r\u00e9parties en 3 UE au premier semestre et 1 UE au deuxi\u00e8me semestre, composent la formation. Il faut prendre conscience que les contenus pr\u00e9cis de chaque module sont modifi\u00e9s et adapt\u00e9s de mani\u00e8re constante au fil des ann\u00e9es en raison de l&#8217;\u00e9volution des sciences des techniques et des besoins du march\u00e9.<\/p>\n<p>Le contenu de chaque module est donc donn\u00e9 \u00e0 titre d&#8217;information:<\/p>\n<ul style=\"text-align: justify\">\n<li style=\"list-style-type: none\">\n<ul>\n<li>\n<h3>UE1 : Biotechnologies Innovantes (75h &#8211; 7 ECTS).<\/h3>\n<\/li>\n<\/ul>\n<\/li>\n<\/ul>\n<p>En cours commun avec d&#8217;autres Master pro ou sous forme de TD ou TP selon les th\u00e8mes trait\u00e9s. L\u2019objectif est de donner dans 3 domaines prioritaires les bases th\u00e9oriques et m\u00e9thodologiques permettant d\u2019analyser et mettre en place les projets innovants propos\u00e9s \u00e0 la r\u00e9flexion.<\/p>\n<p><span style=\"font-family: 'Times New Roman';font-size: 16px;font-style: normal;font-weight: 400\"><strong>Domaine 1<\/strong> : Concepts \u00e9mergents en th\u00e9rapeutique ;\u00a0 La recherche clinique : d\u00e9finition et acteurs ;\u00a0Canc\u00e9rogen\u00e8se et pharmacologie antitumorale ;\u00a0Cellules souches et bioth\u00e9rapie ;\u00a0Transporteurs ABC ;\u00a0Transg\u00e9n\u00e8se et clonage chez les animaux d&#8217;\u00e9levage ;\u00a0Th\u00e9rapie g\u00e9nique-th\u00e9rapie cellulaire ;\u00a0Th\u00e9rapie cellulaire-bio\u00e9thique ;\u00a0Les anticorps th\u00e9rapeutiques<br \/>\nS\u00e9minaires de cr\u00e9ateurs d\u2019entreprises (ex: Crossject, DRCI, CIC)<\/span><\/p>\n<p><span style=\"font-size: 16px\"><strong>Domaine 2<\/strong> : Nouveaux outils de diagnostic de pathologies ; les techniques de multiplexages seront d\u00e9velopp\u00e9es.\u00a0Outils cytom\u00e9triques en pharmacotoxicologie ;\u00a0Nouvelle g\u00e9n\u00e9ration de s\u00e9quenceurs ;\u00a0Les nouveaux d\u00e9fis de la prot\u00e9omique : outils et m\u00e9thodes ;\u00a0La PCR quantitative : applications en recherche m\u00e9dicale, clinique et\u00a0agroalimentaire ;\u00a0Signalisation calcique : r\u00f4les cl\u00e9s pour l&#8217;activit\u00e9 cellulaire ;\u00a0R\u00e9gulation g\u00e9nique &#8211; approche m\u00e9thodologique ;\u00a0L&#8217;outil anticorps<br \/>\nS\u00e9minaires de cr\u00e9ateurs d\u2019entreprises (ex: SkinExigence, SATT Grand EST, CIC, etc.)<\/span><\/p>\n<p><span style=\"font-size: 16px\"><strong>Domaine 3<\/strong> : Innovations en Nutraceutique ; la participation d\u2019universitaires et d\u2019entreprises permettra d\u2019avoir une vision d\u2019ensemble sur les \u00e9tapes de recherche, caract\u00e9risation, production et d\u00e9monstration d\u2019all\u00e9gation sant\u00e9 des produits \u00e0 vis\u00e9e sant\u00e9 humaine.Certains cours et participation d\u2019entreprises seront r\u00e9alis\u00e9s en commun avec le M2 SCM, NS et P2IPME.\u00a0Le resveratrol comme nutraceutique ;\u00a0R\u00e9cepteurs du gout et mol\u00e9cules sucr\u00e9es ;\u00a0Risques \u00e9mergents en alimentation ;\u00a0Pollution Chimique industrielle: cytotoxicit\u00e9 et g\u00e9notoxicit\u00e9 cellulaire ;\u00a0Molecular Farming ;\u00a0S\u00e9minaires de cr\u00e9ateurs d\u2019entreprises (BASF, etc.)<\/span><\/p>\n<p>&nbsp;<\/p>\n<ul style=\"text-align: justify\">\n<li style=\"list-style-type: none\">\n<ul>\n<li>\n<h3>UE2 : Communication, management et gestion de projet (50h &#8211; 7 EC).<\/h3>\n<\/li>\n<\/ul>\n<\/li>\n<\/ul>\n<p>En cours commun avec d&#8217;autres Master pro ou sous forme de TD ou TP selon les th\u00e8mes trait\u00e9s; bilan de comp\u00e9tences et recherche de stages, anglais, gestion de projets, management et travail en groupe, communication, cr\u00e9ation d\u2019entreprises, l\u2019organisation des entreprises, entreprises innovantes, intelligence comp\u00e9titive, protection industrielle, droit des affaires, fonction achat, marketing et gestion de production).<\/p>\n<p>&nbsp;<\/p>\n<ul style=\"text-align: justify\">\n<li style=\"list-style-type: none\">\n<ul>\n<li>\n<h3>UE3 : Formalisation de projets innovants (100h &#8211; 16 EC).<\/h3>\n<\/li>\n<\/ul>\n<\/li>\n<\/ul>\n<p>Projet commun \u00e0 l&#8217;ensemble de la promotion visant \u00e0 cr\u00e9er une entreprise virtuelle de type &#8220;start-up&#8221; en biotechnologie. Le domaine d&#8217;activit\u00e9 de cette entreprise virtuelle est choisi chaque ann\u00e9e en fonction des innovations technologiques qui apparaissent.<\/p>\n<p>&nbsp;<\/p>\n<ul style=\"text-align: justify\">\n<li style=\"list-style-type: none\">\n<ul>\n<li>\n<h3>UE4 : Stage en entreprise (30 ECTS, r\u00e9alis\u00e9e au deuxi\u00e8me semestre, en fonction des projets professionnels et des disponibilit\u00e9s en stages en entreprises ou laboratoires).<\/h3>\n<\/li>\n<\/ul>\n<\/li>\n<\/ul>\n<p>Au cours de ce stage, une visite sur site ou une visioconf\u00e9rence sera r\u00e9alis\u00e9e par un membre de l\u2019\u00e9quipe p\u00e9dagogique, un rapport interm\u00e9diaire d\u2019avancement du projet sera r\u00e9dig\u00e9 par le stagiaire et une appr\u00e9ciation et une notation seront demand\u00e9es au tuteur industriel.<\/p>\n<p>&nbsp;<\/p>\n","protected":false},"excerpt":{"rendered":"<p>Les cours et expos\u00e9s sont donn\u00e9s par des enseignants issus de l&#8217;Universit\u00e9 en collaboration directe avec les professionnels concern\u00e9s (agro-alimentaire, pharmacie, start-up des biotechnologies, r\u00e9seaux de distribution&#8230;). Les \u00e9tudiants sont sollicit\u00e9s pour participer de mani\u00e8re active \u00e0 la vie du groupe (un projet tuteur\u00e9 pour l&#8217;ensemble de la promotion, vie associative au sein de BioChallenge,&hellip;<\/p>\n<p class=\"more-link-p\"><a class=\"btn btn-primary\" href=\"https:\/\/blog.ube.fr\/master-mib\/formation\/les-enseignements\/\">Voir plus &rarr;<\/a><\/p>\n","protected":false},"author":350,"featured_media":0,"parent":520,"menu_order":2,"comment_status":"closed","ping_status":"closed","template":"","meta":{"_acf_changed":false,"_exactmetrics_skip_tracking":false,"_exactmetrics_sitenote_active":false,"_exactmetrics_sitenote_note":"","_exactmetrics_sitenote_category":0,"footnotes":""},"class_list":["post-532","page","type-page","status-publish","hentry"],"acf":[],"_links":{"self":[{"href":"https:\/\/blog.ube.fr\/master-mib\/wp-json\/wp\/v2\/pages\/532","targetHints":{"allow":["GET"]}}],"collection":[{"href":"https:\/\/blog.ube.fr\/master-mib\/wp-json\/wp\/v2\/pages"}],"about":[{"href":"https:\/\/blog.ube.fr\/master-mib\/wp-json\/wp\/v2\/types\/page"}],"author":[{"embeddable":true,"href":"https:\/\/blog.ube.fr\/master-mib\/wp-json\/wp\/v2\/users\/350"}],"replies":[{"embeddable":true,"href":"https:\/\/blog.ube.fr\/master-mib\/wp-json\/wp\/v2\/comments?post=532"}],"version-history":[{"count":3,"href":"https:\/\/blog.ube.fr\/master-mib\/wp-json\/wp\/v2\/pages\/532\/revisions"}],"predecessor-version":[{"id":897,"href":"https:\/\/blog.ube.fr\/master-mib\/wp-json\/wp\/v2\/pages\/532\/revisions\/897"}],"up":[{"embeddable":true,"href":"https:\/\/blog.ube.fr\/master-mib\/wp-json\/wp\/v2\/pages\/520"}],"wp:attachment":[{"href":"https:\/\/blog.ube.fr\/master-mib\/wp-json\/wp\/v2\/media?parent=532"}],"curies":[{"name":"wp","href":"https:\/\/api.w.org\/{rel}","templated":true}]}}