{"id":490,"date":"2017-11-02T19:38:54","date_gmt":"2017-11-02T18:38:54","guid":{"rendered":"http:\/\/blog.u-bourgogne.fr\/master-mib\/?page_id=490"},"modified":"2018-11-05T18:06:34","modified_gmt":"2018-11-05T17:06:34","slug":"le-concept-mib","status":"publish","type":"page","link":"https:\/\/blog.ube.fr\/master-mib\/le-concept-mib\/","title":{"rendered":"Le concept MIB"},"content":{"rendered":"<h2 style=\"text-align: center\"><strong>La d\u00e9marche de la formation MIB<\/strong><\/h2>\n<dl class=\"article-info clearfix\"><\/dl>\n<p style=\"text-align: justify\">L&#8217;approche MIB vise \u00e0 mettre l&#8217;\u00e9tudiant et ses projets professionnel et personnel au centre de la formation.<\/p>\n<p style=\"text-align: justify\">Au cours du premier semestre l&#8217;\u00e9tudiant r\u00e9alisera un v\u00e9ritable bilan de comp\u00e9tences, puis formalisera son projet de vie en int\u00e9grant les aspects professionnels et personnels. Sa recherche de stage sera construite \u00e0 partir de ce bilan et de ce projet.<\/p>\n<p><a href=\"http:\/\/blog.ube.fr\/master-mib\/wp-content\/uploads\/sites\/92\/2018\/11\/Philosophie-MIB.jpg\"><img loading=\"lazy\" decoding=\"async\" class=\"size-medium wp-image-989 aligncenter\" src=\"http:\/\/blog.ube.fr\/master-mib\/wp-content\/uploads\/sites\/92\/2018\/11\/Philosophie-MIB-300x225.jpg\" alt=\"\" width=\"300\" height=\"225\" srcset=\"https:\/\/blog.ube.fr\/master-mib\/wp-content\/uploads\/sites\/92\/2018\/11\/Philosophie-MIB-300x225.jpg 300w, https:\/\/blog.ube.fr\/master-mib\/wp-content\/uploads\/sites\/92\/2018\/11\/Philosophie-MIB.jpg 450w\" sizes=\"auto, (max-width: 300px) 100vw, 300px\" \/><\/a><\/p>\n","protected":false},"excerpt":{"rendered":"<p>La d\u00e9marche de la formation MIB L&#8217;approche MIB vise \u00e0 mettre l&#8217;\u00e9tudiant et ses projets professionnel et personnel au centre de la formation. Au cours du premier semestre l&#8217;\u00e9tudiant r\u00e9alisera un v\u00e9ritable bilan de comp\u00e9tences, puis formalisera son projet de vie en int\u00e9grant les aspects professionnels et personnels. Sa recherche de stage sera construite \u00e0&hellip;<\/p>\n<p class=\"more-link-p\"><a class=\"btn btn-primary\" href=\"https:\/\/blog.ube.fr\/master-mib\/le-concept-mib\/\">Voir plus &rarr;<\/a><\/p>\n","protected":false},"author":350,"featured_media":0,"parent":0,"menu_order":0,"comment_status":"closed","ping_status":"closed","template":"","meta":{"_acf_changed":false,"_exactmetrics_skip_tracking":false,"_exactmetrics_sitenote_active":false,"_exactmetrics_sitenote_note":"","_exactmetrics_sitenote_category":0,"footnotes":""},"class_list":["post-490","page","type-page","status-publish","hentry"],"acf":[],"_links":{"self":[{"href":"https:\/\/blog.ube.fr\/master-mib\/wp-json\/wp\/v2\/pages\/490","targetHints":{"allow":["GET"]}}],"collection":[{"href":"https:\/\/blog.ube.fr\/master-mib\/wp-json\/wp\/v2\/pages"}],"about":[{"href":"https:\/\/blog.ube.fr\/master-mib\/wp-json\/wp\/v2\/types\/page"}],"author":[{"embeddable":true,"href":"https:\/\/blog.ube.fr\/master-mib\/wp-json\/wp\/v2\/users\/350"}],"replies":[{"embeddable":true,"href":"https:\/\/blog.ube.fr\/master-mib\/wp-json\/wp\/v2\/comments?post=490"}],"version-history":[{"count":3,"href":"https:\/\/blog.ube.fr\/master-mib\/wp-json\/wp\/v2\/pages\/490\/revisions"}],"predecessor-version":[{"id":998,"href":"https:\/\/blog.ube.fr\/master-mib\/wp-json\/wp\/v2\/pages\/490\/revisions\/998"}],"wp:attachment":[{"href":"https:\/\/blog.ube.fr\/master-mib\/wp-json\/wp\/v2\/media?parent=490"}],"curies":[{"name":"wp","href":"https:\/\/api.w.org\/{rel}","templated":true}]}}