{"id":1629,"date":"2020-06-10T10:45:41","date_gmt":"2020-06-10T09:45:41","guid":{"rendered":"http:\/\/blog.u-bourgogne.fr\/master-mib\/?page_id=1629"},"modified":"2025-09-24T10:51:22","modified_gmt":"2025-09-24T09:51:22","slug":"le-master-mib-en-alternance","status":"publish","type":"page","link":"https:\/\/blog.ube.fr\/master-mib\/le-master-mib-en-alternance\/","title":{"rendered":"Le Master MIB en alternance"},"content":{"rendered":"<p><section class=\"kc-elm kc-css-531931 kc_row\"><div class=\"kc-row-container  kc-container\"><div class=\"kc-wrap-columns\"><div class=\"kc-elm kc-css-380772 kc_col-sm-12 kc_column kc_col-sm-12\"><div class=\"kc-col-container\"><div class=\"kc-elm kc-css-564463 kc_text_block\"><\/p>\n<h1 style=\"text-align: center;\">\u00a0En contrat de Professionnalisation ou d&#8217;Apprentissage<\/h1>\n<p>\n<\/div><div class=\"kc-elm kc-css-521977\" style=\"height: 20px; clear: both; width:100%;\"><\/div><\/div><\/div><\/div><\/div><\/section><section class=\"kc-elm kc-css-479725 kc_row\"><div class=\"kc-row-container  kc-container\"><div class=\"kc-wrap-columns\"><div class=\"kc-elm kc-css-147837 kc_col-sm-6 kc_column kc_col-sm-6\"><div class=\"kc-col-container\"><div class=\"kc-elm kc-css-687621 kc_text_block\"><\/p>\n<p style=\"text-align: justify;\">Depuis la rentr\u00e9e universitaire 2021, le Master MIB est pass\u00e9 \u00e0 l&#8217;alternance en contrat de professionnalisation (entreprises et structures de droit priv\u00e9) et en alternance par contrat d&#8217;apprentissage (droit priv\u00e9\/public, professions lib\u00e9rales, associations).<\/p>\n<p style=\"text-align: justify;\">Contact formation : <a href=\"mailto:pierre.andreoletti@u-bourgogne.fr\">Pierre ANDREOLETTI\u00a0\u00a0<\/a><\/p>\n<p style=\"text-align: justify;\">Contact administratif : SEFCA Universit\u00e9 de Bourgogne\u00a0 <a href=\"mailto:formation.continue-svte@u-bourgogne.fr\">Formation continue-SVTE<\/a><\/p>\n<p>\n<\/div><\/div><\/div><div class=\"kc-elm kc-css-615539 kc_col-sm-6 kc_column kc_col-sm-6\"><div class=\"kc-col-container\"><div class=\"kc-elm kc-css-856213 kc_text_block\"><\/p>\n<p>\n<a href=\"http:\/\/blog.ube.fr\/master-mib\/wp-content\/uploads\/sites\/92\/2021\/07\/MIB-SOLUTIONS-ALTERNANCE-2021.pdf\" target=\"_blank\" rel=\"noopener\"><img loading=\"lazy\" decoding=\"async\" class=\"aligncenter\" src=\"http:\/\/blog.ube.fr\/master-mib\/wp-content\/uploads\/sites\/92\/2021\/07\/MIB-SOLUTIONS-ALTERNANCE-2021-page-1-small.jpg\" alt=\"\" width=\"250\" height=\"329\" \/><\/a><\/p>\n<p>\n<\/div><\/div><\/div><\/div><\/div><\/section><section class=\"kc-elm kc-css-848861 kc_row\"><div class=\"kc-row-container  kc-container\"><div class=\"kc-wrap-columns\"><div class=\"kc-elm kc-css-701589 kc_col-sm-12 kc_column kc_col-sm-12\"><div class=\"kc-col-container\">\n<div class=\"kc-elm kc-css-378771 divider_line\">\n\t<div class=\"divider_inner divider_line1\">\n\t\t\t<\/div>\n<\/div>\n<\/div><\/div><\/div><\/div><\/section><section class=\"kc-elm kc-css-523881 kc_row\"><div class=\"kc-row-container  kc-container\"><div class=\"kc-wrap-columns\"><div class=\"kc-elm kc-css-941254 kc_col-sm-4 kc_column kc_col-sm-4\"><div class=\"kc-col-container\"><div class=\"kc-elm kc-css-464327 kc_shortcode kc_single_image\">\n\n        <a  href=\"http:\/\/blog.ube.fr\/master-mib\/wp-content\/uploads\/sites\/92\/2025\/09\/F029D-Calendrier-de-formation-2025-2026-Avec-Semaines_UBE.pdf\" title=\"Calendrier alternance MIB 2022-2023\" target=\"_blank\">\n        <img decoding=\"async\" src=\"https:\/\/blog.ube.fr\/master-mib\/wp-content\/uploads\/sites\/92\/2025\/09\/F029D-Calendrier-de-formation-2025-2026-Avec-Semaines_UBE.png\" class=\"\" alt=\"\" \/>    <\/a>\n    <\/div>\n<div class=\"kc-elm kc-css-103232 kc_text_block\"><p><\/p>\n<\/div><\/div><\/div><div class=\"kc-elm kc-css-346059 kc_col-sm-1 kc_column kc_col-sm-1\"><div class=\"kc-col-container\"><\/div><\/div><div class=\"kc-elm kc-css-297257 kc_col-sm-7 kc_column kc_col-sm-7\"><div class=\"kc-col-container\"><div class=\"kc-elm kc-css-528416\" style=\"height: 60px; clear: both; width:100%;\"><\/div><div class=\"kc-elm kc-css-162794 kc_text_block\"><\/p>\n<p><b><i>Le contrat d\u00e9bute au plus t\u00f4t le 1er jour de la p\u00e9riode en entreprise et au plus tard le 1er jour de cours (rentr\u00e9e).<\/i><\/b><\/p>\n<p><b><i>La dur\u00e9e du contrat est ajust\u00e9e en fin de formation selon la date de d\u00e9but de contrat sur la base de 365 jours.<\/i><\/b><\/p>\n<p><b><i>434 heures de cours sont prises en charge. L\u2019examens du 19 janvier 2026 est pris en charge. Les suivis p\u00e9dagogiques des 06 mars 2026, 03 avril 2026, 07 mai 2026 et 05 juin 2026, ainsi que la soutenance du 07 septembre 2026 ne sont pas prises en charge.<\/i><\/b><\/p>\n<div><\/div>\n<p class=\"MsoNormal\" style=\"text-align: justify; line-height: 115%; margin: 6.0pt 7.1pt .0001pt 7.1pt;\">\n<\/div><\/div><\/div><\/div><\/div><\/section><section class=\"kc-elm kc-css-887994 kc_row\"><div class=\"kc-row-container  kc-container\"><div class=\"kc-wrap-columns\"><div class=\"kc-elm kc-css-200663 kc_col-sm-12 kc_column kc_col-sm-12\"><div class=\"kc-col-container\">\n<div class=\"kc-elm kc-css-400799 divider_line\">\n\t<div class=\"divider_inner divider_line1\">\n\t\t\t<\/div>\n<\/div>\n<\/div><\/div><\/div><\/div><\/section><section class=\"kc-elm kc-css-220229 kc_row\"><div class=\"kc-row-container  kc-container\"><div class=\"kc-wrap-columns\"><div class=\"kc-elm kc-css-430736 kc_col-sm-12 kc_column kc_col-sm-12\"><div class=\"kc-col-container\"><div class=\"kc-elm kc-css-535716\" style=\"height: 10px; clear: both; width:100%;\"><\/div><\/div><\/div><\/div><\/div><\/section><section class=\"kc-elm kc-css-918691 kc_row\"><div class=\"kc-row-container  kc-container\"><div class=\"kc-wrap-columns\"><div class=\"kc-elm kc-css-392997 kc_col-sm-6 kc_column kc_col-sm-6\"><div class=\"kc-col-container\"><div class=\"kc-elm kc-css-228790 kc_text_block\"><\/p>\n<h2 style=\"text-align: center;\"><strong>Contrat d&#8217;apprentissage<\/strong><\/h2>\n<p class=\"MsoNormal\"><strong>Entreprises concern\u00e9es<\/strong><\/p>\n<p class=\"MsoNormal\">Toutes les entreprises du secteur priv\u00e9 et toutes les personnes morales du secteur public (r\u00e8gles sp\u00e9cifiques)<\/p>\n<p class=\"MsoNormal\"><strong>Salari\u00e9s concern\u00e9s<\/strong><\/p>\n<p class=\"MsoNormal\">Etudiants \u00e2g\u00e9s de 16 \u00e0 moins de 30 ans<\/p>\n<p class=\"MsoNormal\">Sans limitation d\u2019\u00e2ge (travailleurs handicap\u00e9s, \u00e0 la suite d\u2019un pr\u00e9c\u00e9dent contrat d\u2019apprentissage, rupture de contrat pour des causes ind\u00e9pendantes de la volont\u00e9 des apprentis, personne souhaitant cr\u00e9er ou reprendre une entreprise, sportifs de haut niveau)<\/p>\n<p class=\"MsoNormal\"><strong style=\"font-size: 16px;\">Contrat<\/strong><\/p>\n<p class=\"MsoNormal\">CDI comprenant la p\u00e9riode d\u2019apprentissage ou CDD de 6 mois \u00e0 3 ans<\/p>\n<p class=\"MsoNormal\">Temps plein (exception personnes handicap\u00e9es et sportifs de haut niveau)<\/p>\n<p class=\"MsoNormal\"><strong>Dur\u00e9e de la formation universitaire<\/strong><\/p>\n<p class=\"MsoNormal\">Egale ou sup\u00e9rieure \u00e0 25% de la dur\u00e9e du contrat ou de la p\u00e9riode d\u2019apprentissage.<\/p>\n<p class=\"MsoNormal\"><strong>Contrat de travail<\/strong><\/p>\n<p class=\"MsoNormal\">La formation th\u00e9orique peut d\u00e9buter au maximum 3 mois avant le d\u00e9but d\u2019ex\u00e9cution du contrat de travail.<\/p>\n<p class=\"MsoNormal\">Le contrat peut prendre fin 2 mois maximum apr\u00e8s la fin du cycle de formation ou de l\u2019examen.<\/p>\n<p><strong>Salaires<\/strong><\/p>\n<p>co\u00fbt national de la mention du dipl\u00f4me, r\u00e9f\u00e9rentiel de France Comp\u00e9tences, niveau de prise en charge selon la branche professionnelle de laquelle d\u00e9pend la structure d&#8217;accueil (en fonction de l&#8217;IDCC (IDentifiant de la Convention Collective<strong>) <\/strong>de l&#8217;entreprise)<\/p>\n<p class=\"MsoNormal\"><strong>Modalit\u00e9s en entreprise<\/strong><\/p>\n<p class=\"MsoNormal\">Ma\u00eetre d\u2019apprentissage \u00e0 d\u00e9signer qui doit \u00eatre un salari\u00e9 qualifi\u00e9 de l\u2019entreprise, volontaire, majeur, justifiant d\u2019un dipl\u00f4me \u00e9quivalent \u00e0 celui de l\u2019apprenti avec une exp\u00e9rience professionnelle d\u2019au moins 1 an ou justifiant d\u2019au moins 2 ans d\u2019exp\u00e9rience professionnelle en rapport avec le dipl\u00f4me pr\u00e9par\u00e9.<\/p>\n<p>\n<\/div><\/div><\/div><div class=\"kc-elm kc-css-461974 kc_col-sm-6 kc_column kc_col-sm-6\"><div class=\"kc-col-container\"><div class=\"kc-elm kc-css-635481 kc_text_block\"><\/p>\n<h2 style=\"text-align: center;\"><strong>Contrat de Professionnalisation<\/strong><\/h2>\n<p class=\"MsoNormal\"><strong>Entreprises concern\u00e9es<\/strong><\/p>\n<p class=\"MsoNormal\">Toutes les entreprises du secteur priv\u00e9, les \u00e9tablissements publics \u00e0 caract\u00e8re industriel et commercial (EPIC, EPCC comme la RATP, SNCF, Office National des For\u00eats), les entreprises de travail temporaire, les structures d\u2019insertion par l\u2019activit\u00e9 \u00e9conomique (SIAE).<\/p>\n<p class=\"MsoNormal\"><strong>Salari\u00e9s concern\u00e9s<\/strong><\/p>\n<p class=\"MsoNormal\">Etudiants \u00e2g\u00e9s de 16 \u00e0 moins de 26 ans, demandeurs d\u2019emplois inscrits \u00e0 P\u00f4le emploi \u00e2g\u00e9s de 26 ans et plus, b\u00e9n\u00e9ficiaires du RSA, de l&#8217;allocation de solidarit\u00e9 sp\u00e9cifique (ASS), ou de l&#8217;allocation aux adultes handicap\u00e9s (AAH), personnes ayant b\u00e9n\u00e9fici\u00e9 d&#8217;un contrat aid\u00e9 (contrat unique d&#8217;insertion &#8211; CUI).<\/p>\n<p class=\"MsoNormal\"><strong>Contrat<\/strong><\/p>\n<p class=\"MsoNormal\">CDI d\u00e9butant par la p\u00e9riode de professionnalisation ou CDD de 6 \u00e0 12 mois<\/p>\n<p class=\"MsoNormal\">Temps plein ou temps partiel (si cela permet l\u2019acquisition de la qualification vis\u00e9e)<\/p>\n<p class=\"MsoNormal\"><strong>Dur\u00e9e de la formation universitaire<\/strong><\/p>\n<p class=\"MsoNormal\">Entre 15% et 25% de la dur\u00e9e totale du contrat, sans \u00eatre inf\u00e9rieur \u00e0 150h<\/p>\n<p class=\"MsoNormal\"><strong>Contrat de travail<\/strong><\/p>\n<p class=\"MsoNormal\">La formation th\u00e9orique doit d\u00e9buter au maximum 2 mois apr\u00e8s le d\u00e9but d\u2019ex\u00e9cution du contrat de travail.<\/p>\n<p class=\"MsoNormal\">Le contrat peut prendre fin 2 mois maximum apr\u00e8s la fin du cycle de formation ou de l\u2019examen.<\/p>\n<p><strong>Salaires<\/strong><\/p>\n<p>12 euros\/h pour 434h de formation soit 5028 euros<\/p>\n<p class=\"MsoNormal\"><strong>Modalit\u00e9s en entreprise<\/strong><\/p>\n<p class=\"MsoNormal\">Tuteur \u00e0 d\u00e9signer qui doit \u00eatre un salari\u00e9 qualifi\u00e9 de l\u2019entreprise, volontaire, majeur, justifiant d\u2019au moins 2 ans d\u2019exp\u00e9rience professionnelle en rapport avec le dipl\u00f4me pr\u00e9par\u00e9<\/p>\n<p>\n<\/div><\/div><\/div><\/div><\/div><\/section><section class=\"kc-elm kc-css-38154 kc_row\"><div class=\"kc-row-container  kc-container\"><div class=\"kc-wrap-columns\"><div class=\"kc-elm kc-css-991802 kc_col-sm-12 kc_column kc_col-sm-12\"><div class=\"kc-col-container\"><div class=\"kc-elm kc-css-893538 kc_text_block\"><\/p>\n<p style=\"text-align: center;\"><strong>Universit\u00e9<\/strong><\/p>\n<p style=\"text-align: center;\">Mise en \u0153uvre du dipl\u00f4me de l&#8217;UB : UFR SVTE\/Equipe p\u00e9dagogique Master MIB<\/p>\n<p style=\"text-align: center;\">Administratif : <a href=\"mailto: anne.jorrot-debeaufort@u-bourgogne.fr\">SEFCA Universit\u00e9 de Bourgogne\/Anne\u00a0\u00a0JORROT-DEBEAUFORT<\/a><\/p>\n<p style=\"text-align: center;\">Plus d&#8217;infos sur le <a href=\"https:\/\/travail-emploi.gouv.fr\/formation-professionnelle\/formation-en-alternance-10751\/contrat-de-professionnalisation\" target=\"_blank\" rel=\"noopener\">contrat de professionnalisation<\/a>, <a href=\"https:\/\/travail-emploi.gouv.fr\/formation-professionnelle\/formation-en-alternance-10751\/apprentissage\/\" target=\"_blank\" rel=\"noopener\">le contrat d&#8217;apprentissage<\/a> et <a href=\"https:\/\/www.alternance.emploi.gouv.fr\/portail_alternance\/\">simulateur aides, salaires, r\u00e9mun\u00e9rations\u00a0<\/a><\/p>\n<p>\n<\/div><\/div><\/div><\/div><\/div><\/section><\/p>\n","protected":false},"excerpt":{"rendered":"<p class=\"more-link-p\"><a class=\"btn btn-primary\" href=\"https:\/\/blog.ube.fr\/master-mib\/le-master-mib-en-alternance\/\">Voir plus &rarr;<\/a><\/p>\n","protected":false},"author":331,"featured_media":0,"parent":0,"menu_order":0,"comment_status":"closed","ping_status":"closed","template":"","meta":{"_acf_changed":false,"_exactmetrics_skip_tracking":false,"_exactmetrics_sitenote_active":false,"_exactmetrics_sitenote_note":"","_exactmetrics_sitenote_category":0,"footnotes":""},"class_list":["post-1629","page","type-page","status-publish","hentry"],"acf":[],"_links":{"self":[{"href":"https:\/\/blog.ube.fr\/master-mib\/wp-json\/wp\/v2\/pages\/1629","targetHints":{"allow":["GET"]}}],"collection":[{"href":"https:\/\/blog.ube.fr\/master-mib\/wp-json\/wp\/v2\/pages"}],"about":[{"href":"https:\/\/blog.ube.fr\/master-mib\/wp-json\/wp\/v2\/types\/page"}],"author":[{"embeddable":true,"href":"https:\/\/blog.ube.fr\/master-mib\/wp-json\/wp\/v2\/users\/331"}],"replies":[{"embeddable":true,"href":"https:\/\/blog.ube.fr\/master-mib\/wp-json\/wp\/v2\/comments?post=1629"}],"version-history":[{"count":76,"href":"https:\/\/blog.ube.fr\/master-mib\/wp-json\/wp\/v2\/pages\/1629\/revisions"}],"predecessor-version":[{"id":2029,"href":"https:\/\/blog.ube.fr\/master-mib\/wp-json\/wp\/v2\/pages\/1629\/revisions\/2029"}],"wp:attachment":[{"href":"https:\/\/blog.ube.fr\/master-mib\/wp-json\/wp\/v2\/media?parent=1629"}],"curies":[{"name":"wp","href":"https:\/\/api.w.org\/{rel}","templated":true}]}}