{"id":44,"date":"2024-01-09T11:27:02","date_gmt":"2024-01-09T10:27:02","guid":{"rendered":"https:\/\/blog.u-bourgogne.fr\/master-journalisme\/?page_id=44"},"modified":"2026-01-07T19:25:56","modified_gmt":"2026-01-07T18:25:56","slug":"les-partenaires","status":"publish","type":"page","link":"https:\/\/blog.ube.fr\/master-journalisme\/les-partenaires\/","title":{"rendered":"Les partenaires"},"content":{"rendered":"<div class=\"encadre fond\">\n<div class=\"article_anywhere\">\n<p>&nbsp;<\/p>\n<ul>\n<li><span style=\"font-family: helvetica, arial, sans-serif;\"><a href=\"https:\/\/www.aparr.org\/\"><span style=\"color: #ff6600;\">Aparr<\/span><\/a><\/span><\/li>\n<li><span style=\"font-family: helvetica, arial, sans-serif;\"><em><strong>Alternatives \u00c9conomiques<\/strong><\/em> <a href=\"https:\/\/journeeseconomieautrement.fr\/evenement\/alerte-medias-peut-on-encore-sauver-le-pluralisme\/\">(Journ\u00e9es de l&#8217;\u00c9conomie Autrement<\/a>)<\/span><\/li>\n<li><span style=\"font-family: helvetica, arial, sans-serif; color: #ff6600;\"><a style=\"color: #ff6600;\" href=\"https:\/\/www.interclassup.fr\/\">Interclass&#8217; \/ France inter<\/a><\/span><\/li>\n<li><span style=\"color: #ff6600;\"><a style=\"color: #ff6600;\" href=\"https:\/\/www.lesecransdelaventure.com\/\"><span style=\"font-family: helvetica, arial, sans-serif;\">Festival Les Ecrans de l&#8217;Aventure<\/span><\/a><\/span><\/li>\n<li><span style=\"font-family: helvetica, arial, sans-serif; color: #ff6600;\"><a style=\"color: #ff6600;\" href=\"https:\/\/www.festivalchefsop.fr\/\">Festival Chefs&#8217; Op en Lumi\u00e8re<\/a><\/span><\/li>\n<li><span style=\"font-family: helvetica, arial, sans-serif; color: #ff6600;\"><a style=\"color: #ff6600;\" href=\"http:\/\/clemi.ac-dijon.fr\/\">CLemi Dijon<\/a><\/span><\/li>\n<li><span style=\"font-family: helvetica, arial, sans-serif; color: #ff6600;\"><a style=\"color: #ff6600;\" href=\"https:\/\/www.metoomedia.org\/\">#Metoomedia<\/a><\/span><\/li>\n<li><span style=\"font-family: helvetica, arial, sans-serif;\">L&#8217;association des \u00e9tudiants de masters Info-Com (UFR Lettres &amp; Philosophie), <strong>Com&#8217;M\u00e9dias<\/strong> &#8211; contact : <span style=\"color: #333399;\"><a style=\"color: #333399;\" href=\"mailto:asso.commedias@gmail.com\">asso.commedias@gmail.com<\/a><\/span><\/span><\/li>\n<\/ul>\n<p>&nbsp;<\/p>\n<\/div>\n<\/div>\n","protected":false},"excerpt":{"rendered":"<p>&nbsp; Aparr Alternatives \u00c9conomiques (Journ\u00e9es de l&#8217;\u00c9conomie Autrement) Interclass&#8217; \/ France inter Festival Les Ecrans de l&#8217;Aventure Festival Chefs&#8217; Op en Lumi\u00e8re CLemi Dijon #Metoomedia L&#8217;association des \u00e9tudiants de masters Info-Com (UFR Lettres &amp; Philosophie), Com&#8217;M\u00e9dias &#8211; contact : asso.commedias@gmail.com &nbsp;<\/p>\n<p class=\"more-link-p\"><a class=\"btn btn-primary\" href=\"https:\/\/blog.ube.fr\/master-journalisme\/les-partenaires\/\">Voir plus &rarr;<\/a><\/p>\n","protected":false},"author":5570,"featured_media":0,"parent":0,"menu_order":0,"comment_status":"closed","ping_status":"closed","template":"","meta":{"footnotes":""},"class_list":["post-44","page","type-page","status-publish","hentry"],"_links":{"self":[{"href":"https:\/\/blog.ube.fr\/master-journalisme\/wp-json\/wp\/v2\/pages\/44","targetHints":{"allow":["GET"]}}],"collection":[{"href":"https:\/\/blog.ube.fr\/master-journalisme\/wp-json\/wp\/v2\/pages"}],"about":[{"href":"https:\/\/blog.ube.fr\/master-journalisme\/wp-json\/wp\/v2\/types\/page"}],"author":[{"embeddable":true,"href":"https:\/\/blog.ube.fr\/master-journalisme\/wp-json\/wp\/v2\/users\/5570"}],"replies":[{"embeddable":true,"href":"https:\/\/blog.ube.fr\/master-journalisme\/wp-json\/wp\/v2\/comments?post=44"}],"version-history":[{"count":12,"href":"https:\/\/blog.ube.fr\/master-journalisme\/wp-json\/wp\/v2\/pages\/44\/revisions"}],"predecessor-version":[{"id":692,"href":"https:\/\/blog.ube.fr\/master-journalisme\/wp-json\/wp\/v2\/pages\/44\/revisions\/692"}],"wp:attachment":[{"href":"https:\/\/blog.ube.fr\/master-journalisme\/wp-json\/wp\/v2\/media?parent=44"}],"curies":[{"name":"wp","href":"https:\/\/api.w.org\/{rel}","templated":true}]}}