{"id":158,"date":"2018-02-14T17:40:28","date_gmt":"2018-02-14T16:40:28","guid":{"rendered":"http:\/\/blog.u-bourgogne.fr\/master-cdm\/?page_id=158"},"modified":"2023-06-21T15:13:40","modified_gmt":"2023-06-21T13:13:40","slug":"equipe-pedagogique","status":"publish","type":"page","link":"https:\/\/blog.ube.fr\/master-cdm\/equipe-pedagogique\/","title":{"rendered":"\u00c9quipe p\u00e9gagogique"},"content":{"rendered":"<table style=\"height: 1078px; width: 100%;\" width=\"100%\">\n<tbody>\n<tr style=\"height: 22px;\">\n<td style=\"height: 22px; width: 21.3009%;\" width=\"212\"><span style=\"font-family: arial, helvetica, sans-serif;\">NOM<\/span><\/td>\n<td style=\"height: 22px; width: 27.2337%;\" width=\"276\"><span style=\"font-family: arial, helvetica, sans-serif;\">EMAIL<\/span><\/td>\n<td style=\"height: 22px; width: 51.4653%;\" width=\"537\"><span style=\"font-family: arial, helvetica, sans-serif;\">DISCIPLINE<\/span><\/td>\n<\/tr>\n<tr style=\"height: 22px;\">\n<td style=\"text-align: center; height: 22px; width: 99.9999%;\" colspan=\"3\"><span style=\"font-family: arial, helvetica, sans-serif;\">ENSEIGNANTS M1<\/span><\/td>\n<\/tr>\n<tr style=\"height: 22px;\">\n<td style=\"height: 22px; width: 21.3009%;\"><span style=\"font-family: arial, helvetica, sans-serif;\">ARMADEIL R\u00e9gine<\/span><\/td>\n<td style=\"height: 22px; width: 27.2337%;\"><span style=\"font-family: arial, helvetica, sans-serif;\"><a href=\"mailto:regine.armadeil@u-bourgogne.fr\">regine.armadeil@u-bourgogne.fr<\/a><\/span><\/td>\n<td style=\"height: 22px; width: 51.4653%;\"><span style=\"font-family: arial, helvetica, sans-serif;\">Polymers<\/span><\/td>\n<\/tr>\n<tr style=\"height: 22px;\">\n<td style=\"height: 22px; width: 21.3009%;\"><span style=\"font-family: arial, helvetica, sans-serif;\">BAO David<\/span><\/td>\n<td style=\"height: 22px; width: 27.2337%;\"><span style=\"font-family: arial, helvetica, sans-serif;\"><a href=\"mailto:david.bao@u-bourgogne.fr\">david.bao@u-bourgogne.fr<\/a><\/span><\/td>\n<td style=\"height: 22px; width: 51.4653%;\"><span style=\"font-family: arial, helvetica, sans-serif;\">English<\/span><\/td>\n<\/tr>\n<tr style=\"height: 22px;\">\n<td style=\"height: 22px; width: 21.3009%;\"><span style=\"font-family: arial, helvetica, sans-serif;\">BLEUZE Alexandre<\/span><\/td>\n<td style=\"height: 22px; width: 27.2337%;\"><span style=\"font-family: arial, helvetica, sans-serif;\">\u00a0<\/span><\/td>\n<td style=\"height: 22px; width: 51.4653%;\"><span style=\"font-family: arial, helvetica, sans-serif;\">Contr\u00f4le non destructif<br \/>\n<\/span><\/td>\n<\/tr>\n<tr style=\"height: 22px;\">\n<td style=\"height: 22px; width: 21.3009%;\"><span style=\"font-family: arial, helvetica, sans-serif;\">BRACHAIS Claire-H\u00e9l\u00e8ne<\/span><\/td>\n<td style=\"height: 22px; width: 27.2337%;\"><span style=\"font-family: arial, helvetica, sans-serif;\"><a href=\"mailto:claire-helene.brachais@u-bourgogne.fr\">claire-helene.brachais@u-bourgogne.fr<\/a><\/span><\/td>\n<td style=\"height: 22px; width: 51.4653%;\"><span style=\"font-family: arial, helvetica, sans-serif;\">Polym\u00e8res<\/span><\/td>\n<\/tr>\n<tr style=\"height: 22px;\">\n<td style=\"height: 22px; width: 21.3009%;\"><span style=\"font-family: arial, helvetica, sans-serif;\">CABOCHE Gilles<\/span><\/td>\n<td style=\"height: 22px; width: 27.2337%;\"><span style=\"font-family: arial, helvetica, sans-serif;\"><a href=\"mailto:gilles.caboche@u-bourgogne.fr\">gilles.caboche@u-bourgogne.fr<\/a><\/span><\/td>\n<td style=\"height: 22px; width: 51.4653%;\"><span style=\"font-family: arial, helvetica, sans-serif;\">Caract\u00e9risation morphologique et structurale des mat\u00e9riaux<\/span><\/td>\n<\/tr>\n<tr style=\"height: 22px;\">\n<td style=\"height: 22px; width: 21.3009%;\"><span style=\"font-family: arial, helvetica, sans-serif;\">CHAUMONT Denis<\/span><\/td>\n<td style=\"height: 22px; width: 27.2337%;\"><span style=\"font-family: arial, helvetica, sans-serif;\"><a href=\"mailto:denis.chaumont@u-bourgogne.fr\">denis.chaumont@u-bourgogne.fr<\/a><\/span><\/td>\n<td style=\"width: 51.4653%; height: 22px;\"><span style=\"font-family: arial, helvetica, sans-serif;\">Caract\u00e9risation morphologique et structurale des mat\u00e9riaux &#8211; Inorganic chemistry<br \/>\n<\/span><\/td>\n<\/tr>\n<tr style=\"height: 22px;\">\n<td style=\"height: 22px; width: 21.3009%;\"><span style=\"font-family: arial, helvetica, sans-serif;\">DECREAU Richard<\/span><\/td>\n<td style=\"height: 22px; width: 27.2337%;\"><span style=\"font-family: arial, helvetica, sans-serif;\"><a href=\"mailto:richard.decreau@u-bourgogne.fr\">richard.decreau@u-bourgogne.fr<\/a><\/span><\/td>\n<td style=\"height: 22px; width: 51.4653%;\"><span style=\"font-family: arial, helvetica, sans-serif;\">NMR Spectroscopy<\/span><\/td>\n<\/tr>\n<tr style=\"height: 22px;\">\n<td style=\"width: 21.3009%; height: 22px;\"><span style=\"font-family: arial, helvetica, sans-serif;\">DEVILLERS Charles<br \/>\n<\/span><\/td>\n<td style=\"width: 27.2337%; height: 22px;\"><span style=\"font-family: arial, helvetica, sans-serif;\"><a href=\"mailto:charles.devillers@u-bourgogne.fr\">charles.devillers@u-bourgogne.fr<\/a><\/span><\/td>\n<td style=\"width: 51.4653%; height: 22px;\"><span style=\"font-family: arial, helvetica, sans-serif;\">Electrochemistry<\/span><\/td>\n<\/tr>\n<tr style=\"height: 22px;\">\n<td style=\"height: 22px; width: 21.3009%;\"><span style=\"font-family: arial, helvetica, sans-serif;\">DOMENICHINI Bruno<\/span><\/td>\n<td style=\"height: 22px; width: 27.2337%;\"><span style=\"font-family: arial, helvetica, sans-serif;\"><a href=\"mailto:bruno.domenichini@u-bourgogne.fr\">bruno.domenichini@u-bourgogne.fr<\/a><\/span><\/td>\n<td style=\"height: 22px; width: 51.4653%;\"><span style=\"font-family: arial, helvetica, sans-serif;\">Caract\u00e9risation spectroscopique des mat\u00e9riaux<br \/>\n<\/span><\/td>\n<\/tr>\n<tr style=\"height: 22px;\">\n<td style=\"width: 21.3009%; height: 22px;\"><span style=\"font-family: arial, helvetica, sans-serif;\">FLEURAT-LESSARD Paul<\/span><span style=\"font-family: arial, helvetica, sans-serif;\"><br \/>\n<\/span><\/td>\n<td style=\"width: 27.2337%; height: 22px;\"><span style=\"font-family: arial, helvetica, sans-serif;\"><a href=\"mailto:Paul.Fleurat-Lessard@u-bourgogne.fr\">paul.fleurat-lessard@u-bourgogne.fr<\/a><\/span><\/td>\n<td style=\"width: 51.4653%; height: 22px;\"><span style=\"font-family: arial, helvetica, sans-serif;\">Optical spectroscopy<\/span><\/td>\n<\/tr>\n<tr style=\"height: 22px;\">\n<td style=\"height: 22px; width: 21.3009%;\"><span style=\"font-family: arial, helvetica, sans-serif;\">GROS Claude<\/span><\/td>\n<td style=\"height: 22px; width: 27.2337%;\"><span style=\"font-family: arial, helvetica, sans-serif;\"><a href=\"mailto:claude.gros@u-bourgogne.fr\">claude.gros@u-bourgogne.fr<\/a><\/span><\/td>\n<td style=\"height: 22px; width: 51.4653%;\"><span style=\"font-family: arial, helvetica, sans-serif;\">NMR spectroscopy<\/span><\/td>\n<\/tr>\n<tr style=\"height: 22px;\">\n<td style=\"height: 22px; width: 21.3009%;\"><span style=\"font-family: arial, helvetica, sans-serif;\">KNEIP Jean-Christophe<\/span><\/td>\n<td style=\"height: 22px; width: 27.2337%;\"><a href=\"mailto:jean-christophe.kneip@u-bourgogne.fr\"><span style=\"font-family: arial, helvetica, sans-serif;\">jean-christophe.kneip@u-bourgogne.fr<\/span><\/a><\/td>\n<td style=\"height: 22px; width: 51.4653%;\"><span style=\"font-family: arial, helvetica, sans-serif;\">Contr\u00f4le non destructif<\/span><\/td>\n<\/tr>\n<tr style=\"height: 22px;\">\n<td style=\"height: 22px; width: 21.3009%;\"><span style=\"font-family: arial, helvetica, sans-serif;\">LOPEZ-MARIN Isidoro<\/span><\/td>\n<td style=\"height: 22px; width: 27.2337%;\"><span style=\"font-family: arial, helvetica, sans-serif;\"><a href=\"mailto:Isidoro.Lopez-Marin@u-bourgogne.fr\">isidoro.lopez-marin@u-bourgogne.fr<\/a><\/span><\/td>\n<td style=\"height: 22px; width: 51.4653%;\"><span style=\"font-family: arial, helvetica, sans-serif;\">Caract\u00e9risation spectroscopique des mat\u00e9riaux &#8211; \u00c9lectrochimie<\/span><\/td>\n<\/tr>\n<tr style=\"height: 22px;\">\n<td style=\"height: 22px; width: 21.3009%;\"><span style=\"font-family: arial, helvetica, sans-serif;\">LUCAS Dominique<\/span><\/td>\n<td style=\"height: 22px; width: 27.2337%;\"><span style=\"font-family: arial, helvetica, sans-serif;\"><a href=\"mailto:dominique.lucas@u-bourgogne.fr\">dominique.lucas@u-bourgogne.fr<\/a><\/span><\/td>\n<td style=\"height: 22px; width: 51.4653%;\"><span style=\"font-family: arial, helvetica, sans-serif;\">Electrochemistry<\/span><\/td>\n<\/tr>\n<tr style=\"height: 22px;\">\n<td style=\"height: 22px; width: 21.3009%;\"><span style=\"font-family: arial, helvetica, sans-serif;\">MARCO DE LUCAS Carmen<\/span><\/td>\n<td style=\"height: 22px; width: 27.2337%;\"><span style=\"font-family: arial, helvetica, sans-serif;\"><a href=\"mailto:carmen.marco-de-lucas@u-bourgogne.fr\">carmen.marco-de-lucas@u-bourgogne.fr<\/a><\/span><\/td>\n<td style=\"height: 22px; width: 51.4653%;\"><span style=\"font-family: arial, helvetica, sans-serif;\">Spectroscopie Raman<br \/>\n<\/span><\/td>\n<\/tr>\n<tr style=\"height: 22px;\">\n<td style=\"height: 22px; width: 21.3009%;\"><span style=\"font-family: arial, helvetica, sans-serif;\">PIRIO Nadine<\/span><\/td>\n<td style=\"height: 22px; width: 27.2337%;\"><span style=\"font-family: arial, helvetica, sans-serif;\"><a href=\"mailto:nadine.pirio@u-bourgogne.fr\">nadine.pirio@u-bourgogne.fr<\/a><\/span><\/td>\n<td style=\"height: 22px; width: 51.4653%;\"><span style=\"font-family: arial, helvetica, sans-serif;\">Polymers<\/span><\/td>\n<\/tr>\n<tr style=\"height: 22px;\">\n<td style=\"height: 22px; width: 21.3009%;\"><span style=\"font-family: arial, helvetica, sans-serif;\">POTIN Val\u00e9rie<\/span><\/td>\n<td style=\"height: 22px; width: 27.2337%;\"><span style=\"font-family: arial, helvetica, sans-serif;\"><a href=\"mailto:valerie.potin@u-bourgogne.fr\">valerie.potin@u-bourgogne.fr<\/a><\/span><\/td>\n<td style=\"height: 22px; width: 51.4653%;\"><span style=\"font-family: arial, helvetica, sans-serif;\">Caract\u00e9risation spectroscopique, morphologique et structurale des mat\u00e9riaux<\/span><\/td>\n<\/tr>\n<tr style=\"height: 22px;\">\n<td style=\"height: 22px; width: 21.3009%;\"><span style=\"font-family: arial, helvetica, sans-serif;\">ROMIEU Anthony<\/span><\/td>\n<td style=\"height: 22px; width: 27.2337%;\"><span style=\"font-family: arial, helvetica, sans-serif;\"><a href=\"mailto:anthony.romieu@u-bourgogne.fr\">anthony.romieu@u-bourgogne.fr<\/a><\/span><\/td>\n<td style=\"height: 22px; width: 51.4653%;\"><span style=\"font-family: arial, helvetica, sans-serif;\">Polymers &#8211; Bibliography<\/span><\/td>\n<\/tr>\n<tr style=\"height: 22px;\">\n<td style=\"height: 22px; width: 21.3009%;\"><span style=\"font-family: arial, helvetica, sans-serif;\">SCHWARTZ Christophe<\/span><\/td>\n<td style=\"height: 22px; width: 27.2337%;\"><span style=\"font-family: arial, helvetica, sans-serif;\">\u00a0<\/span><\/td>\n<td style=\"height: 22px; width: 51.4653%;\"><span style=\"font-family: arial, helvetica, sans-serif;\">Contr\u00f4le non destructif<\/span><\/td>\n<\/tr>\n<tr style=\"height: 22px;\">\n<td style=\"height: 22px; width: 21.3009%;\"><span style=\"font-family: arial, helvetica, sans-serif;\">STUERGA Didier<\/span><\/td>\n<td style=\"height: 22px; width: 27.2337%;\"><span style=\"font-family: arial, helvetica, sans-serif;\"><a href=\"mailto:didier.stuerga@u-bourgogne.fr\">didier.stuerga@u-bourgogne.fr<\/a><\/span><\/td>\n<td style=\"height: 22px; width: 51.4653%;\"><span style=\"font-family: arial, helvetica, sans-serif;\">Inorganic chemistry &#8211; Physicochimie des mat\u00e9riaux<br \/>\n<\/span><\/td>\n<\/tr>\n<tr style=\"height: 22px;\">\n<td style=\"height: 22px; width: 21.3009%;\"><span style=\"font-family: arial, helvetica, sans-serif;\">VERDIN Serge<\/span><\/td>\n<td style=\"height: 22px; width: 27.2337%;\"><span style=\"font-family: arial, helvetica, sans-serif;\">\u00a0<\/span><\/td>\n<td style=\"height: 22px; width: 51.4653%;\"><span style=\"font-family: arial, helvetica, sans-serif;\">Contr\u00f4le non destructif<\/span><\/td>\n<\/tr>\n<tr style=\"height: 22px;\">\n<td style=\"height: 22px; width: 21.3009%;\"><span style=\"font-family: arial, helvetica, sans-serif;\">VUILLEMIN Bruno<\/span><\/td>\n<td style=\"height: 22px; width: 27.2337%;\"><span style=\"font-family: arial, helvetica, sans-serif;\"><a href=\"mailto:bruno.vuillemin@u-bourgogne.fr\">bruno.vuillemin@u-bourgogne.fr<\/a><\/span><\/td>\n<td style=\"height: 22px; width: 51.4653%;\"><span style=\"font-family: arial, helvetica, sans-serif;\">\u00c9lectrochimie<\/span><\/td>\n<\/tr>\n<tr style=\"height: 22px;\">\n<td style=\"height: 22px; width: 21.3009%;\"><span style=\"font-family: arial, helvetica, sans-serif;\">\u00a0<\/span><\/td>\n<td style=\"height: 22px; width: 27.2337%;\"><span style=\"font-family: arial, helvetica, sans-serif;\">\u00a0<\/span><\/td>\n<td style=\"height: 22px; width: 51.4653%;\"><span style=\"font-family: arial, helvetica, sans-serif;\">\u00a0<\/span><\/td>\n<\/tr>\n<tr style=\"height: 22px;\">\n<td style=\"height: 22px; width: 21.3009%;\"><span style=\"font-family: arial, helvetica, sans-serif;\">\u00a0<\/span><\/td>\n<td style=\"height: 22px; width: 27.2337%;\"><span style=\"font-family: arial, helvetica, sans-serif;\">\u00a0<\/span><\/td>\n<td style=\"height: 22px; width: 51.4653%;\"><span style=\"font-family: arial, helvetica, sans-serif;\">\u00a0<\/span><\/td>\n<\/tr>\n<tr style=\"height: 22px;\">\n<td style=\"text-align: center; height: 22px; width: 99.9999%;\" colspan=\"3\"><span style=\"font-family: arial, helvetica, sans-serif;\">TEACHERS M2 CDM<\/span><\/td>\n<\/tr>\n<tr style=\"height: 22px;\">\n<td style=\"height: 22px; width: 21.3009%;\"><span style=\"font-family: arial, helvetica, sans-serif;\">\u00a0<\/span><\/td>\n<td style=\"height: 22px; width: 27.2337%;\"><span style=\"font-family: arial, helvetica, sans-serif;\">\u00a0<\/span><\/td>\n<td style=\"height: 22px; width: 51.4653%;\"><span style=\"font-family: arial, helvetica, sans-serif;\">\u00a0<\/span><\/td>\n<\/tr>\n<tr style=\"height: 22px;\">\n<td style=\"height: 22px; width: 21.3009%;\"><span style=\"font-family: arial, helvetica, sans-serif;\">BELLAT Jean-Pierre<\/span><\/td>\n<td style=\"height: 22px; width: 27.2337%;\"><span style=\"font-family: arial, helvetica, sans-serif;\"><a href=\"mailto:jean-pierre.bellat@u-bourgogne.fr\">jean-pierre.bellat@u-bourgogne.fr<\/a><\/span><\/td>\n<td style=\"height: 22px; width: 51.4653%;\"><span style=\"font-family: arial, helvetica, sans-serif;\">Nanomaterials<\/span><\/td>\n<\/tr>\n<tr style=\"height: 22px;\">\n<td style=\"height: 22px; width: 21.3009%;\"><span style=\"font-family: arial, helvetica, sans-serif;\">BERNARD Fr\u00e9d\u00e9ric<\/span><\/td>\n<td style=\"height: 22px; width: 27.2337%;\"><span style=\"font-family: arial, helvetica, sans-serif;\"><a href=\"mailto:fbernard@u-bourgogne.fr\">fbernard@u-bourgogne.fr<\/a><\/span><\/td>\n<td style=\"height: 22px; width: 51.4653%;\"><span style=\"font-family: arial, helvetica, sans-serif;\">Nanomaterials<\/span><\/td>\n<\/tr>\n<tr style=\"height: 22px;\">\n<td style=\"height: 22px; width: 21.3009%;\"><span style=\"font-family: arial, helvetica, sans-serif;\">BERTIN Charles<\/span><\/td>\n<td style=\"height: 22px; width: 27.2337%;\"><span style=\"font-family: arial, helvetica, sans-serif;\"><a href=\"mailto:charles.bertin@u-bourgogne.fr\">charles.bertin@u-bourgogne.fr<\/a><\/span><\/td>\n<td style=\"height: 22px; width: 51.4653%;\"><span style=\"font-family: arial, helvetica, sans-serif;\">English<\/span><\/td>\n<\/tr>\n<tr style=\"height: 22px;\">\n<td style=\"height: 22px; width: 21.3009%;\"><span style=\"font-family: arial, helvetica, sans-serif;\">CHAUMONT Denis<\/span><\/td>\n<td style=\"height: 22px; width: 27.2337%;\"><span style=\"font-family: arial, helvetica, sans-serif;\"><a href=\"mailto:denis.chaumont@u-bourgogne.fr\">denis.chaumont@u-bourgogne.fr<\/a><\/span><\/td>\n<td style=\"height: 22px; width: 51.4653%;\"><span style=\"font-family: arial, helvetica, sans-serif;\">Material functionality and reactivity<\/span><\/td>\n<\/tr>\n<tr style=\"height: 22px;\">\n<td style=\"height: 22px; width: 21.3009%;\"><span style=\"font-family: arial, helvetica, sans-serif;\">CHEVALIER S\u00e9bastien<\/span><\/td>\n<td style=\"height: 22px; width: 27.2337%;\"><span style=\"font-family: arial, helvetica, sans-serif;\"><a href=\"mailto:sebastien.chevalier@u-bourgogne.fr\">sebastien.chevalier@u-bourgogne.fr<\/a><\/span><\/td>\n<td style=\"height: 22px; width: 51.4653%;\"><span style=\"font-family: arial, helvetica, sans-serif;\">Reactivity of solids<\/span><\/td>\n<\/tr>\n<tr style=\"height: 22px;\">\n<td style=\"height: 22px; width: 21.3009%;\"><span style=\"font-family: arial, helvetica, sans-serif;\">DAVID Thierry<\/span><\/td>\n<td style=\"height: 22px; width: 27.2337%;\"><span style=\"font-family: arial, helvetica, sans-serif;\"><a href=\"mailto:thierry.david@u-bourgogne.fr\">thierry.david@u-bourgogne.fr<\/a><\/span><\/td>\n<td style=\"height: 22px; width: 51.4653%;\"><span style=\"font-family: arial, helvetica, sans-serif;\">Industrial environment and advanced techniques<\/span><\/td>\n<\/tr>\n<tr style=\"height: 22px;\">\n<td style=\"height: 22px; width: 21.3009%;\"><span style=\"font-family: arial, helvetica, sans-serif;\">DOMENICHINI Bruno<\/span><\/td>\n<td style=\"height: 22px; width: 27.2337%;\"><span style=\"font-family: arial, helvetica, sans-serif;\"><a href=\"mailto:bruno.domenichini@u-bourgogne.fr\">bruno.domenichini@u-bourgogne.fr<\/a><\/span><\/td>\n<td style=\"height: 22px; width: 51.4653%;\"><span style=\"font-family: arial, helvetica, sans-serif;\">Nanomaterials &#8211; Industrial environment and advanced techniques<\/span><\/td>\n<\/tr>\n<tr style=\"height: 22px;\">\n<td style=\"height: 22px; width: 21.3009%;\"><span style=\"font-family: arial, helvetica, sans-serif;\">DUMAS Jean-Renaud<\/span><\/td>\n<td style=\"height: 22px; width: 27.2337%;\"><span style=\"font-family: arial, helvetica, sans-serif;\"><a href=\"mailto:jr.dumas@senseen.fr\">jr.dumas@senseen.fr<\/a><\/span><\/td>\n<td style=\"height: 22px; width: 51.4653%;\"><span style=\"font-family: arial, helvetica, sans-serif;\">Inovation<\/span><\/td>\n<\/tr>\n<tr style=\"height: 22px;\">\n<td style=\"height: 22px; width: 21.3009%;\"><span style=\"font-family: arial, helvetica, sans-serif;\">GAUFFINET Sandrine<\/span><\/td>\n<td style=\"height: 22px; width: 27.2337%;\"><span style=\"font-family: arial, helvetica, sans-serif;\"><a href=\"mailto:sandrine.gauffinet@u-bourgogne.fr\">sandrine.gauffinet@u-bourgogne.fr<\/a><\/span><\/td>\n<td style=\"height: 22px; width: 51.4653%;\"><span style=\"font-family: arial, helvetica, sans-serif;\">Reactivity of solids<\/span><\/td>\n<\/tr>\n<tr style=\"height: 22px;\">\n<td style=\"height: 22px; width: 21.3009%;\"><span style=\"font-family: arial, helvetica, sans-serif;\">IMHOFF Luc<\/span><\/td>\n<td style=\"height: 22px; width: 27.2337%;\"><span style=\"font-family: arial, helvetica, sans-serif;\"><a href=\"mailto:luc.imhoff@u-bourgogne.fr\">luc.imhoff@u-bourgogne.fr<\/a><\/span><\/td>\n<td style=\"height: 22px; width: 51.4653%;\"><span style=\"font-family: arial, helvetica, sans-serif;\">Material functionality and reactivity<\/span><\/td>\n<\/tr>\n<tr style=\"height: 22px;\">\n<td style=\"height: 22px; width: 21.3009%;\"><span style=\"font-family: arial, helvetica, sans-serif;\">LE GALLET Sophie<\/span><\/td>\n<td style=\"height: 22px; width: 27.2337%;\"><span style=\"font-family: arial, helvetica, sans-serif;\"><a href=\"mailto:sophie.le-gallet@u-bourgogne.fr\">sophie.le-gallet@u-bourgogne.fr<\/a><\/span><\/td>\n<td style=\"height: 22px; width: 51.4653%;\"><span style=\"font-family: arial, helvetica, sans-serif;\">Material functionality and reactivity<\/span><\/td>\n<\/tr>\n<tr style=\"height: 22px;\">\n<td style=\"height: 22px; width: 21.3009%;\"><span style=\"font-family: arial, helvetica, sans-serif;\">MILLOT Nadine<\/span><\/td>\n<td style=\"height: 22px; width: 27.2337%;\"><span style=\"font-family: arial, helvetica, sans-serif;\"><a href=\"mailto:nadine.millot@u-bourgogne.fr\">nadine.millot@u-bourgogne.fr<\/a><\/span><\/td>\n<td style=\"height: 22px; width: 51.4653%;\"><span style=\"font-family: arial, helvetica, sans-serif;\">Nanomaterials<\/span><\/td>\n<\/tr>\n<tr style=\"height: 22px;\">\n<td style=\"height: 22px; width: 21.3009%;\"><span style=\"font-family: arial, helvetica, sans-serif;\">POLITANO Olivier<\/span><\/td>\n<td style=\"height: 22px; width: 27.2337%;\"><span style=\"font-family: arial, helvetica, sans-serif;\"><a href=\"mailto:olivier.politano@u-bourgogne.fr\">olivier.politano@u-bourgogne.fr<\/a><\/span><\/td>\n<td style=\"height: 22px; width: 51.4653%;\"><span style=\"font-family: arial, helvetica, sans-serif;\">Reactivity of solids<\/span><\/td>\n<\/tr>\n<tr style=\"height: 22px;\">\n<td style=\"height: 22px; width: 21.3009%;\"><span style=\"font-family: arial, helvetica, sans-serif;\">POPA Ioana<\/span><\/td>\n<td style=\"height: 22px; width: 27.2337%;\"><span style=\"font-family: arial, helvetica, sans-serif;\"><a href=\"mailto:ioana.popa@u-bourgogne.fr\">ioana.popa@u-bourgogne.fr<\/a><\/span><\/td>\n<td style=\"height: 22px; width: 51.4653%;\"><span style=\"font-family: arial, helvetica, sans-serif;\">Industrial environment and advanced techniques<\/span><\/td>\n<\/tr>\n<tr style=\"height: 22px;\">\n<td style=\"width: 21.3009%; height: 22px;\"><span style=\"font-family: arial, helvetica, sans-serif;\">POTIN Val\u00e9rie<br \/>\n<\/span><\/td>\n<td style=\"width: 27.2337%;\"><a href=\"mailto:valerie.potin@u-bourgogne.fr\">valerie.potin@u-bourgogne.fr<\/a><\/td>\n<td style=\"width: 51.4653%; height: 22px;\"><span style=\"font-family: arial, helvetica, sans-serif;\">Electron microscopy techniques<br \/>\n<\/span><\/td>\n<\/tr>\n<tr style=\"height: 22px;\">\n<td style=\"height: 22px; width: 21.3009%;\"><span style=\"font-family: arial, helvetica, sans-serif;\">SALAUN Sophie<\/span><\/td>\n<td style=\"height: 22px; width: 27.2337%;\"><span style=\"font-family: arial, helvetica, sans-serif;\"><a href=\"mailto:sophie.salaun@u-bourgogne.fr\">sophie.salaun@u-bourgogne.fr<\/a><\/span><\/td>\n<td style=\"height: 22px; width: 51.4653%;\"><span style=\"font-family: arial, helvetica, sans-serif;\">Industrial environment and advanced techniques<\/span><\/td>\n<\/tr>\n<tr style=\"height: 22px;\">\n<td style=\"height: 22px; width: 21.3009%;\"><span style=\"font-family: arial, helvetica, sans-serif;\">SENET Patrick<\/span><\/td>\n<td style=\"height: 22px; width: 27.2337%;\"><span style=\"font-family: arial, helvetica, sans-serif;\"><a href=\"mailto:patrick.senet@u-bourgogne.fr\">patrick.senet@u-bourgogne.fr<\/a><\/span><\/td>\n<td style=\"height: 22px; width: 51.4653%;\"><span style=\"font-family: arial, helvetica, sans-serif;\">Reactivity of solids<\/span><\/td>\n<\/tr>\n<tr style=\"height: 22px;\">\n<td style=\"height: 22px; width: 21.3009%;\"><span style=\"font-family: arial, helvetica, sans-serif;\">SIMON Jean-Marc<\/span><\/td>\n<td style=\"height: 22px; width: 27.2337%;\"><span style=\"font-family: arial, helvetica, sans-serif;\"><a href=\"mailto:jean-marc.simon@u-bourgogne.fr\">jean-marc.simon@u-bourgogne.fr<\/a><\/span><\/td>\n<td style=\"height: 22px; width: 51.4653%;\"><span style=\"font-family: arial, helvetica, sans-serif;\">Reactivity of solids<\/span><\/td>\n<\/tr>\n<tr style=\"height: 22px;\">\n<td style=\"height: 22px; width: 21.3009%;\"><span style=\"font-family: arial, helvetica, sans-serif;\">STUERGA Didier<\/span><\/td>\n<td style=\"height: 22px; width: 27.2337%;\"><span style=\"font-family: arial, helvetica, sans-serif;\"><a href=\"mailto:didier.stuerga@u-bourgogne.fr\">didier.stuerga@u-bourgogne.fr<\/a><\/span><\/td>\n<td style=\"height: 22px; width: 51.4653%;\"><span style=\"font-family: arial, helvetica, sans-serif;\">Nanomaterials<\/span><\/td>\n<\/tr>\n<tr style=\"height: 22px;\">\n<td style=\"height: 22px; width: 21.3009%;\"><span style=\"font-family: arial, helvetica, sans-serif;\">SUREAU Julien<\/span><\/td>\n<td style=\"height: 22px; width: 27.2337%;\"><span style=\"font-family: arial, helvetica, sans-serif;\"><a href=\"mailto:julien.sureau@u-bourgogne.fr\">julien.sureau@u-bourgogne.fr<\/a><\/span><\/td>\n<td style=\"height: 22px; width: 51.4653%;\"><span style=\"font-family: arial, helvetica, sans-serif;\">Inovation<\/span><\/td>\n<\/tr>\n<tr style=\"height: 22px;\">\n<td style=\"height: 22px; width: 21.3009%;\"><span style=\"font-family: arial, helvetica, sans-serif;\">ZIMMER Alexandre<\/span><\/td>\n<td style=\"height: 22px; width: 27.2337%;\"><span style=\"font-family: arial, helvetica, sans-serif;\"><a href=\"mailto:alexandre.zimmer@u-bourgogne.fr\">alexandre.zimmer@u-bourgogne.fr<\/a><\/span><\/td>\n<td style=\"height: 22px; width: 51.4653%;\"><span style=\"font-family: arial, helvetica, sans-serif;\">Material functionality and reactivity<\/span><\/td>\n<\/tr>\n<\/tbody>\n<\/table>\n<p>&nbsp;<\/p>\n","protected":false},"excerpt":{"rendered":"<p>NOM EMAIL DISCIPLINE ENSEIGNANTS M1 ARMADEIL R\u00e9gine regine.armadeil@u-bourgogne.fr Polymers BAO David david.bao@u-bourgogne.fr English BLEUZE Alexandre \u00a0 Contr\u00f4le non destructif BRACHAIS Claire-H\u00e9l\u00e8ne claire-helene.brachais@u-bourgogne.fr Polym\u00e8res CABOCHE Gilles gilles.caboche@u-bourgogne.fr Caract\u00e9risation morphologique et structurale des mat\u00e9riaux CHAUMONT Denis denis.chaumont@u-bourgogne.fr Caract\u00e9risation morphologique et structurale des mat\u00e9riaux &#8211; Inorganic chemistry DECREAU Richard richard.decreau@u-bourgogne.fr NMR Spectroscopy DEVILLERS Charles charles.devillers@u-bourgogne.fr Electrochemistry DOMENICHINI Bruno&hellip;<\/p>\n<p class=\"more-link-p\"><a class=\"btn btn-primary\" href=\"https:\/\/blog.ube.fr\/master-cdm\/equipe-pedagogique\/\">Voir plus &rarr;<\/a><\/p>\n","protected":false},"author":360,"featured_media":0,"parent":0,"menu_order":0,"comment_status":"closed","ping_status":"closed","template":"","meta":{"footnotes":""},"class_list":["post-158","page","type-page","status-publish","hentry"],"_links":{"self":[{"href":"https:\/\/blog.ube.fr\/master-cdm\/wp-json\/wp\/v2\/pages\/158","targetHints":{"allow":["GET"]}}],"collection":[{"href":"https:\/\/blog.ube.fr\/master-cdm\/wp-json\/wp\/v2\/pages"}],"about":[{"href":"https:\/\/blog.ube.fr\/master-cdm\/wp-json\/wp\/v2\/types\/page"}],"author":[{"embeddable":true,"href":"https:\/\/blog.ube.fr\/master-cdm\/wp-json\/wp\/v2\/users\/360"}],"replies":[{"embeddable":true,"href":"https:\/\/blog.ube.fr\/master-cdm\/wp-json\/wp\/v2\/comments?post=158"}],"version-history":[{"count":6,"href":"https:\/\/blog.ube.fr\/master-cdm\/wp-json\/wp\/v2\/pages\/158\/revisions"}],"predecessor-version":[{"id":521,"href":"https:\/\/blog.ube.fr\/master-cdm\/wp-json\/wp\/v2\/pages\/158\/revisions\/521"}],"wp:attachment":[{"href":"https:\/\/blog.ube.fr\/master-cdm\/wp-json\/wp\/v2\/media?parent=158"}],"curies":[{"name":"wp","href":"https:\/\/api.w.org\/{rel}","templated":true}]}}