{"id":53,"date":"2018-05-29T09:22:27","date_gmt":"2018-05-29T07:22:27","guid":{"rendered":"http:\/\/blog.u-bourgogne.fr\/master-cac\/?page_id=53"},"modified":"2025-06-11T09:49:30","modified_gmt":"2025-06-11T07:49:30","slug":"programmes","status":"publish","type":"page","link":"https:\/\/blog.ube.fr\/master-cac\/contenu\/programmes\/","title":{"rendered":"Programmes"},"content":{"rendered":"<ol>\n<li><a href=\"#programmes.organisation\">Organisation g\u00e9n\u00e9rale<\/a><img loading=\"lazy\" decoding=\"async\" class=\"size-medium wp-image-624 alignright\" src=\"http:\/\/blog.ube.fr\/master-cac\/wp-content\/uploads\/sites\/115\/2018\/05\/organisation_generale-300x275.png\" alt=\"\" width=\"300\" height=\"275\" srcset=\"https:\/\/blog.ube.fr\/master-cac\/wp-content\/uploads\/sites\/115\/2018\/05\/organisation_generale-300x275.png 300w, https:\/\/blog.ube.fr\/master-cac\/wp-content\/uploads\/sites\/115\/2018\/05\/organisation_generale.png 610w\" sizes=\"auto, (max-width: 300px) 100vw, 300px\" \/><\/li>\n<li><a href=\"#programmes.m1\">Programme M1<\/a><\/li>\n<li><a href=\"#programmes.m2alt\">Programme M2<\/a><\/li>\n<\/ol>\n<p>&nbsp;<\/p>\n<h2>\u00a0<a id=\"programmes.organisation\"><\/a><\/h2>\n<hr \/>\n<h2>Organisation g\u00e9n\u00e9rale<\/h2>\n<p>L\u2019enseignement des deux ann\u00e9es d\u2019\u00e9tude est assur\u00e9 par des\u00a0<strong>enseignants-chercheurs<\/strong>\u00a0et des\u00a0<strong>intervenants professionnels<\/strong>.<\/p>\n<p>Il comporte\u00a0:<\/p>\n<ul>\n<li>La chimie<strong>\u00a0th\u00e9orique et fondamentale<\/strong> : analytique, organique, inorganique, environnementale, chimiom\u00e9trie, &#8230;<\/li>\n<li>Des connaissances th\u00e9oriques et\u00a0<strong>pratiques<\/strong> des m\u00e9thodes physico-chimiques d\u2019analyse : s\u00e9paratives, spectrom\u00e9triques, spectroscopiques, \u00e9lectrochimiques, capteurs, &#8230;<\/li>\n<li>Une\u00a0<strong>formation g\u00e9n\u00e9rale<\/strong>, ax\u00e9e en particulier sur le monde de l\u2019entreprise : qualit\u00e9, s\u00e9curit\u00e9, \u00e9conomie, management, communication, droit du travail, recherche documentaire, anglais &#8230;<\/li>\n<li><strong>L\u2019analyse sp\u00e9cialis\u00e9e<\/strong>\u00a0aux domaines de la pharmacie, de l\u2019agroalimentaire et des mat\u00e9riaux.<\/li>\n<\/ul>\n<p><strong>Deux stages<\/strong> en entreprise sont obligatoires (3 mois minimum en 1re ann\u00e9e ; 4 mois minimum en 2de ann\u00e9e), possibilit\u00e9 d&#8217;<strong>alternance<\/strong> en 2de ann\u00e9e avec 8 mois cumul\u00e9s en entreprise.<\/p>\n<h2>\u00a0<a id=\"programmes.m1\"><\/a><\/h2>\n<hr \/>\n<h2>Programme M1<\/h2>\n<p><strong>La premi\u00e8re ann\u00e9e<\/strong>\u00a0est s\u00e9par\u00e9e en deux semestres.<\/p>\n<p>Le premier semestre est commun \u00e0 la formation &#8220;Qualit\u00e9, S\u00e9curit\u00e9, Environnement dans les Industries et les Services&#8221; (QESIS). Il est consacr\u00e9 \u00e0 des <strong>apports de connaissances<\/strong>\u00a0pour se pr\u00e9parer \u00e0 son futur environnement de travail avec notamment toutes les notions fondamentales de bonnes pratiques de laboratoire, qualit\u00e9, risques chimiques, mesures et incertitudes.<\/p>\n<p>Une introduction des\u00a0<strong>m\u00e9thodes fondamentales<\/strong>\u00a0utilis\u00e9es en chimie analytique est enseign\u00e9e avec les m\u00e9thodes chromatographiques et les analyses environnementales. Elle sera compl\u00e9t\u00e9e au second semestre par la\u00a0<strong>ma\u00eetrise de techniques d\u2019analyses<\/strong>\u00a0telles que les m\u00e9thodes \u00e9lectrochimiques analytiques, les m\u00e9thodes spectroscopiques et les techniques spectrochimiques d\u2019analyse.<\/p>\n<p>Un <strong>stage<\/strong>\u00a0de 13 semaines minimum obligatoire et gratifi\u00e9 compl\u00e9tera la formation et permettra la mise en application de l\u2019enseignement et l\u2019ouverture au milieu professionnel.<\/p>\n<p>Pour des<strong>\u00a0informations plus d\u00e9taill\u00e9es<\/strong>, veuillez consulter ces documents :<\/p>\n<table style=\"border-collapse: collapse; width: 100%; height: 44px;\">\n<tbody>\n<tr style=\"height: 22px;\">\n<td style=\"width: 50%; height: 22px; text-align: center;\"><a href=\"http:\/\/blog.ube.fr\/master-cac\/wp-content\/uploads\/sites\/115\/2025\/05\/APO-7CACM1-407-2025-Presentation.pdf\">Pr\u00e9sentation M1 CAC<\/a><\/td>\n<td style=\"width: 50%; height: 22px; text-align: center;\"><a href=\"http:\/\/blog.ube.fr\/master-cac\/wp-content\/uploads\/sites\/115\/2025\/05\/APO-7CACM1-407-2025-Calendrier_FI.pdf\">Calendrier M1 CAC<\/a><\/td>\n<\/tr>\n<tr style=\"height: 22px;\">\n<td style=\"width: 50%; height: 22px; text-align: center;\"><a href=\"http:\/\/blog.ube.fr\/master-cac\/wp-content\/uploads\/sites\/115\/2025\/05\/APO-7CACM1-407-2025-Programme.pdf\">Programme M1 CAC<\/a><\/td>\n<td style=\"width: 50%; height: 22px; text-align: center;\"><a href=\"http:\/\/blog.ube.fr\/master-cac\/wp-content\/uploads\/sites\/115\/2025\/03\/FF_M1CAC_2024-28_vf.pdf\">Fiche Fili\u00e8re M1 CAC<\/a><\/td>\n<\/tr>\n<\/tbody>\n<\/table>\n<h2>\u00a0<a id=\"programmes.m2alt\"><\/a><\/h2>\n<hr \/>\n<h2>Programme M2 &#8211; alternance ou formation initiale<\/h2>\n<p>La seconde ann\u00e9e de la formation est r\u00e9alis\u00e9e en <strong>alternance<\/strong>, elle peut \u00e9galement \u00eatre r\u00e9alis\u00e9e en <strong>formation initiale<\/strong>. Le master est aussi accessible en formation professionnelle, continue ou en validation d&#8217;acquis (renseignements aupr\u00e8s du service de formation continue et par alternance (via le service du <a href=\"http:\/\/sefca.u-bourgogne.fr\/\">SEFCA<\/a>)<\/p>\n<p><strong>La\u00a0seconde ann\u00e9e<\/strong>\u00a0est s\u00e9par\u00e9e en deux semestres :<\/p>\n<ul>\n<li>Les enseignements du\u00a0<strong>premier semestre<\/strong>\u00a0sont consacr\u00e9s \u00e0 la pratique des m\u00e9thodes instrumentales d\u2019analyse, aux techniques d\u2019analyse du solide, \u00e0 la chimie organique appliqu\u00e9e, ainsi qu\u2019au montage et \u00e0 la r\u00e9alisation d\u2019un projet en lien avec le milieu professionnel.<\/li>\n<li>Les enseignements du\u00a0<strong>second semestre<\/strong>\u00a0concernent\u00a0l\u2019analyse en ligne, la chimie analytique et nucl\u00e9aire.<\/li>\n<\/ul>\n<p>1 <strong>option<\/strong> \u00e0 choisir parmi 2 : option 1, analyse et qualit\u00e9 des produits de sant\u00e9 et chimie des aliments : structure et m\u00e9thodes d&#8217;analyse\u00a0; ou option 2, analyse et qualit\u00e9 des produits de sant\u00e9 et caract\u00e9risation morphologique et structurale des solides.<\/p>\n<p>Les enseignements \u00e0 l\u2019Universit\u00e9 se compl\u00e8tent d\u2019une\u00a0<strong>formation en entreprise<\/strong>. La dur\u00e9e de pr\u00e9sence en entreprise est comprise entre 4 et 6 mois pour les \u00e9tudiants en formation initiale (stage de fin d\u2019\u00e9tude) et 8 mois pour les \u00e9tudiants en contrat de professionnalisation.<\/p>\n<p>&nbsp;<\/p>\n<p>Pour des<strong>\u00a0informations plus d\u00e9taill\u00e9es<\/strong>, veuillez consulter ces documents :<\/p>\n<table>\n<tbody>\n<tr>\n<td style=\"text-align: center;\"><a href=\"http:\/\/blog.ube.fr\/master-cac\/wp-content\/uploads\/sites\/115\/2025\/06\/APO-7CACM2-507-APU-2025-Presentation_Vfinale.pdf\">Pr\u00e9sentation M2 CAC<\/a><\/td>\n<td style=\"text-align: center;\"><a href=\"http:\/\/blog.ube.fr\/master-cac\/wp-content\/uploads\/sites\/115\/2025\/06\/APO-7CACM2-507-APU-2025-Programme_Vfinale.pdf\">Programme M2 CAC (Alt)\u00a0<\/a><\/td>\n<td style=\"text-align: center;\"><a href=\"http:\/\/blog.ube.fr\/master-cac\/wp-content\/uploads\/sites\/115\/2025\/06\/APO-7CACM2-507-APU-2025-Calendrier_Vfinale.pdf\">Calendrier M2 CAC (Alt)<\/a><\/td>\n<\/tr>\n<tr>\n<td style=\"text-align: center;\"><\/td>\n<td style=\"text-align: center;\">Programme M2 CAC (FP)<\/td>\n<td style=\"text-align: center;\">Calendrier M2 CAC (FP)<\/td>\n<\/tr>\n<\/tbody>\n<\/table>\n<p>&nbsp;<\/p>\n<p>Les\u00a0<strong>avantages pour l\u2019\u00e9tudiant en alterance<\/strong> sont d\u2019une part de b\u00e9n\u00e9ficier\u00a0<strong>du statut de salari\u00e9<\/strong> et d\u2019autre part, de disposer <strong>de plus d\u2019exp\u00e9rience professionnelle<\/strong>\u00a0\u00e0 son entr\u00e9e sur le march\u00e9 du travail.<\/p>\n<p>Cette formule\u00a0<strong>permet de conjuguer l\u2019acquisition de comp\u00e9tences professionnelles en entreprise et l\u2019acquisition de connaissances, techniques et m\u00e9thodes<\/strong><strong>.<\/strong><\/p>\n<table border=\"1\" cellspacing=\"0\" cellpadding=\"0\">\n<tbody>\n<tr>\n<td colspan=\"4\" valign=\"top\" width=\"642\">\n<p align=\"center\"><strong>R\u00e9mun\u00e9ration du\u00a0 salari\u00e9 en contrat de professionnalisation<\/strong><\/p>\n<\/td>\n<\/tr>\n<tr>\n<td rowspan=\"2\" width=\"127\">\n<p align=\"center\">Salaire minimum l\u00e9gal*<\/p>\n<\/td>\n<td valign=\"top\" width=\"180\">\u00a0&#8211; de 21 ans<\/td>\n<td valign=\"top\" width=\"167\">\u00a0Entre 21 et 26 ans<\/td>\n<td valign=\"top\" width=\"168\">\u00a0+ de 26 ans<\/td>\n<\/tr>\n<tr>\n<td valign=\"top\" width=\"180\">\u00a065%<\/td>\n<td valign=\"top\" width=\"167\">\u00a080%<\/td>\n<td valign=\"top\" width=\"168\">100%<\/td>\n<\/tr>\n<tr>\n<td colspan=\"4\" valign=\"top\" width=\"642\">\n<p align=\"center\"><em>*en pourcentage du SMIC ou du minimum conventionnel de branche s\u2019il est plus avantageux<\/em><\/p>\n<\/td>\n<\/tr>\n<\/tbody>\n<\/table>\n<p>&nbsp;<\/p>\n<p><strong>La dur\u00e9e de la formation<\/strong>\u00a0est d\u2019une ann\u00e9e pleine, se distribuant entre<strong> 4 mois \u00e0 l\u2019universit\u00e9 et 8 mois en entreprise.<\/strong><\/p>\n<p><strong>Le rythme de la formation<\/strong>\u00a0correspond initialement \u00e0 des p\u00e9riodes altern\u00e9es de 2 \u00e0 4 semaines \u00e0 l\u2019Universit\u00e9 et en entreprise, puis en fin de contrat, \u00e0 une p\u00e9riode prolong\u00e9e en entreprise.<br \/>\n<a href=\"http:\/\/blog.ube.fr\/master-cac\/wp-content\/uploads\/sites\/115\/2018\/06\/alternanceschema.png\"><img decoding=\"async\" class=\"aligncenter\" src=\"http:\/\/blog.ube.fr\/master-cac\/wp-content\/uploads\/sites\/115\/2018\/06\/alternanceschema.png\" alt=\"\" \/><\/a><\/p>\n<p>Pour 2018-2019, la moiti\u00e9 de la promotion est en contrat d&#8217;alternance (10 \u00e9tudiants) au sein d&#8217;entreprises partenaires de la formation, 9 \u00e9tudiants sont en formation initiale et 1 en formation continu.<\/p>\n<p><a href=\"http:\/\/blog.ube.fr\/master-cac\/wp-content\/uploads\/sites\/115\/2019\/07\/statut\u00e9tudiantM2-e1563521350111.jpg\"><img loading=\"lazy\" decoding=\"async\" class=\"aligncenter\" src=\"http:\/\/blog.ube.fr\/master-cac\/wp-content\/uploads\/sites\/115\/2019\/07\/statut\u00e9tudiantM2-e1563521350111.jpg\" alt=\"\" width=\"379\" height=\"287\" \/><\/a><\/p>\n","protected":false},"excerpt":{"rendered":"<p>Organisation g\u00e9n\u00e9rale Programme M1 Programme M2 &nbsp; \u00a0 Organisation g\u00e9n\u00e9rale L\u2019enseignement des deux ann\u00e9es d\u2019\u00e9tude est assur\u00e9 par des\u00a0enseignants-chercheurs\u00a0et des\u00a0intervenants professionnels. Il comporte\u00a0: La chimie\u00a0th\u00e9orique et fondamentale : analytique, organique, inorganique, environnementale, chimiom\u00e9trie, &#8230; Des connaissances th\u00e9oriques et\u00a0pratiques des m\u00e9thodes physico-chimiques d\u2019analyse : s\u00e9paratives, spectrom\u00e9triques, spectroscopiques, \u00e9lectrochimiques, capteurs, &#8230; Une\u00a0formation g\u00e9n\u00e9rale, ax\u00e9e en particulier sur&hellip;<\/p>\n<p class=\"more-link-p\"><a class=\"btn btn-primary\" href=\"https:\/\/blog.ube.fr\/master-cac\/contenu\/programmes\/\">Voir plus &rarr;<\/a><\/p>\n","protected":false},"author":374,"featured_media":0,"parent":59,"menu_order":1,"comment_status":"closed","ping_status":"closed","template":"","meta":{"footnotes":""},"class_list":["post-53","page","type-page","status-publish","hentry"],"_links":{"self":[{"href":"https:\/\/blog.ube.fr\/master-cac\/wp-json\/wp\/v2\/pages\/53","targetHints":{"allow":["GET"]}}],"collection":[{"href":"https:\/\/blog.ube.fr\/master-cac\/wp-json\/wp\/v2\/pages"}],"about":[{"href":"https:\/\/blog.ube.fr\/master-cac\/wp-json\/wp\/v2\/types\/page"}],"author":[{"embeddable":true,"href":"https:\/\/blog.ube.fr\/master-cac\/wp-json\/wp\/v2\/users\/374"}],"replies":[{"embeddable":true,"href":"https:\/\/blog.ube.fr\/master-cac\/wp-json\/wp\/v2\/comments?post=53"}],"version-history":[{"count":76,"href":"https:\/\/blog.ube.fr\/master-cac\/wp-json\/wp\/v2\/pages\/53\/revisions"}],"predecessor-version":[{"id":1596,"href":"https:\/\/blog.ube.fr\/master-cac\/wp-json\/wp\/v2\/pages\/53\/revisions\/1596"}],"up":[{"embeddable":true,"href":"https:\/\/blog.ube.fr\/master-cac\/wp-json\/wp\/v2\/pages\/59"}],"wp:attachment":[{"href":"https:\/\/blog.ube.fr\/master-cac\/wp-json\/wp\/v2\/media?parent=53"}],"curies":[{"name":"wp","href":"https:\/\/api.w.org\/{rel}","templated":true}]}}